{"id":28712,"date":"2026-05-02T17:27:14","date_gmt":"2026-05-02T17:27:14","guid":{"rendered":"https:\/\/ateliervae.fr\/?product=antivol-u-kryptonite-keeper-12-avec-cable-kryptoflex"},"modified":"2026-05-04T21:29:58","modified_gmt":"2026-05-04T21:29:58","slug":"antivol-velo-haute-protection-kryptonite-securite-maximale","status":"publish","type":"product","link":"https:\/\/ateliervae.fr\/?product=antivol-velo-haute-protection-kryptonite-securite-maximale","title":{"rendered":"Antivol pour v\u00e9lo Kryptonite U  Keeper 12 avec c\u00e2ble KryptoFlex"},"content":{"rendered":"<section class=\"text-token-text-primary w-full focus:outline-none [--shadow-height:45px] has-data-writing-block:pointer-events-none has-data-writing-block:-mt-(--shadow-height) has-data-writing-block:pt-(--shadow-height) [&amp;:has([data-writing-block])&gt;*]:pointer-events-auto [content-visibility:auto] supports-[content-visibility:auto]:[contain-intrinsic-size:auto_100lvh] R6Vx5W_threadScrollVars scroll-mb-[calc(var(--scroll-root-safe-area-inset-bottom,0px)+var(--thread-response-height))] scroll-mt-[calc(var(--header-height)+min(200px,max(70px,20svh)))]\" dir=\"auto\" data-turn-id=\"request-WEB:ee1c77aa-c974-4238-bf8e-4b10a1b68db7-31\" data-testid=\"conversation-turn-2\" data-scroll-anchor=\"false\" data-turn=\"assistant\">\n<div class=\"text-base my-auto mx-auto pb-10 [--thread-content-margin:var(--thread-content-margin-xs,calc(var(--spacing)*4))] @w-sm\/main:[--thread-content-margin:var(--thread-content-margin-sm,calc(var(--spacing)*6))] @w-lg\/main:[--thread-content-margin:var(--thread-content-margin-lg,calc(var(--spacing)*16))] px-(--thread-content-margin)\">\n<div class=\"[--thread-content-max-width:40rem] @w-lg\/main:[--thread-content-max-width:48rem] mx-auto max-w-(--thread-content-max-width) flex-1 group\/turn-messages focus-visible:outline-hidden relative flex w-full min-w-0 flex-col agent-turn\">\n<div class=\"flex max-w-full flex-col gap-4 grow\">\n<div class=\"min-h-8 text-message relative flex w-full flex-col items-end gap-2 text-start break-words whitespace-normal outline-none keyboard-focused:focus-ring [.text-message+&amp;]:mt-1\" dir=\"auto\" tabindex=\"0\" data-message-author-role=\"assistant\" data-message-id=\"e250585c-aa7e-4be0-840f-d4e79fe1d96b\" data-message-model-slug=\"gpt-5-3\" data-turn-start-message=\"true\">\n<div class=\"flex w-full flex-col gap-1 empty:hidden\">\n<div class=\"markdown prose dark:prose-invert w-full wrap-break-word light markdown-new-styling\">\n<h2 data-start=\"542\" data-end=\"852\">DESCRIPTION PRODUIT<\/h2>\n<p data-start=\"542\" data-end=\"852\"><br data-start=\"561\" data-end=\"564\" \/>L\u2019antivol Kryptonite Keeper 12 avec c\u00e2ble KryptoFlex est con\u00e7u pour offrir une protection fiable contre le vol, tout en restant simple \u00e0 utiliser au quotidien. Il s\u2019adresse aux cyclistes urbains, aux utilisateurs r\u00e9guliers et \u00e0 tous ceux qui souhaitent s\u00e9curiser leur v\u00e9lo sans compromis.<\/p>\n<p data-start=\"854\" data-end=\"1112\">Gr\u00e2ce \u00e0 son anse en acier tremp\u00e9 de haute r\u00e9sistance, cet antivol r\u00e9siste efficacement aux tentatives de coupe et de levier. Le c\u00e2ble KryptoFlex inclus permet de s\u00e9curiser les roues ou accessoires suppl\u00e9mentaires, augmentant ainsi votre niveau de protection.<\/p>\n<p data-start=\"1114\" data-end=\"1371\">Que vous stationniez en ville, devant votre bureau ou dans un espace public, cet antivol vous apporte une solution robuste et pratique. Son design compact facilite le transport et son syst\u00e8me de verrouillage est rapide \u00e0 utiliser, m\u00eame en situation press\u00e9e.<\/p>\n<p data-start=\"1373\" data-end=\"1410\">\n<p data-start=\"1412\" data-end=\"1428\"><strong>AVANTAGES CL\u00c9S<\/strong><\/p>\n<p data-start=\"1430\" data-end=\"1655\">\u2705 Protection \u00e9lev\u00e9e contre le vol en milieu urbain<br data-start=\"1480\" data-end=\"1483\" \/>\u2705 Utilisation simple et rapide au quotidien<br data-start=\"1526\" data-end=\"1529\" \/>\u2705 Double s\u00e9curit\u00e9 avec c\u00e2ble inclus<br data-start=\"1564\" data-end=\"1567\" \/>\u2705 Structure robuste pour une durabilit\u00e9 maximale<br data-start=\"1615\" data-end=\"1618\" \/>\u2705 Marque reconnue pour sa fiabilit\u00e9<\/p>\n<p data-start=\"1657\" data-end=\"1686\"><strong>CARACT\u00c9RISTIQUES TECHNIQUES<\/strong><\/p>\n<p data-start=\"1688\" data-end=\"1972\">Anse en acier tremp\u00e9 \u2192 r\u00e9sistance renforc\u00e9e aux attaques<br data-start=\"1744\" data-end=\"1747\" \/>C\u00e2ble KryptoFlex \u2192 protection suppl\u00e9mentaire des roues<br data-start=\"1801\" data-end=\"1804\" \/>Serrure \u00e0 cl\u00e9 s\u00e9curis\u00e9e \u2192 r\u00e9duction des risques d\u2019effraction<br data-start=\"1864\" data-end=\"1867\" \/>Rev\u00eatement vinyle \u2192 prot\u00e8ge le cadre du v\u00e9lo des rayures<br data-start=\"1923\" data-end=\"1926\" \/>Format compact \u2192 transport facile et discret<\/p>\n<p data-start=\"1974\" data-end=\"1993\"><strong>TABLEAU TECHNIQUE<\/strong><\/p>\n<p data-start=\"1995\" data-end=\"2685\">Marque : Kryptonite<br data-start=\"2014\" data-end=\"2017\" \/>Type : Antivol en U avec c\u00e2ble<br data-start=\"2047\" data-end=\"2050\" \/>Dimensions : Anse 12 mm d\u2019\u00e9paisseur, longueur standard adapt\u00e9e aux points fixes<br data-start=\"2129\" data-end=\"2132\" \/>Poids : Environ 1,3 kg pour un bon \u00e9quilibre entre s\u00e9curit\u00e9 et transport<br data-start=\"2204\" data-end=\"2207\" \/>Mat\u00e9riaux : Acier tremp\u00e9 haute r\u00e9sistance + c\u00e2ble acier tress\u00e9<br data-start=\"2269\" data-end=\"2272\" \/>Technologie : Syst\u00e8me de verrouillage s\u00e9curis\u00e9 avec double ancrage<br data-start=\"2338\" data-end=\"2341\" \/>Performance : Niveau de s\u00e9curit\u00e9 \u00e9lev\u00e9 pour zones urbaines \u00e0 risque mod\u00e9r\u00e9<br data-start=\"2415\" data-end=\"2418\" \/>Compatibilit\u00e9 : V\u00e9los de ville, VTT, v\u00e9los \u00e9lectriques<br data-start=\"2472\" data-end=\"2475\" \/>Utilisation : Stationnement ext\u00e9rieur, urbain et quotidien<br data-start=\"2533\" data-end=\"2536\" \/>Garantie : Garantie constructeur + programme antivol Kryptonite<br data-start=\"2599\" data-end=\"2602\" \/>Normes \/ s\u00e9curit\u00e9 : Certification de r\u00e9sistance aux tentatives de coupe et levier<\/p>\n<p data-start=\"2687\" data-end=\"2704\">\n<p data-start=\"2706\" data-end=\"2726\"><strong>TABLEAU COMPARATIF<\/strong><\/p>\n<p data-start=\"2728\" data-end=\"2970\">Mod\u00e8le : Kryptonite Keeper 12<br data-start=\"2757\" data-end=\"2760\" \/>Caract\u00e9ristiques : Antivol U + c\u00e2ble, acier tremp\u00e9, serrure s\u00e9curis\u00e9e<br data-start=\"2829\" data-end=\"2832\" \/>Performance : Haute protection urbaine<br data-start=\"2870\" data-end=\"2873\" \/>Avantages : Excellent rapport qualit\u00e9\/prix, c\u00e2ble inclus, marque reconnue<br data-start=\"2946\" data-end=\"2949\" \/>Prix : Environ 45 \u20ac<\/p>\n<p data-start=\"2972\" data-end=\"3142\">Mod\u00e8le : Abus Facilo 32<br data-start=\"2995\" data-end=\"2998\" \/>Caract\u00e9ristiques : Antivol U simple, acier standard<br data-start=\"3049\" data-end=\"3052\" \/>Performance : Protection moyenne<br data-start=\"3084\" data-end=\"3087\" \/>Avantages : L\u00e9ger et \u00e9conomique<br data-start=\"3118\" data-end=\"3121\" \/>Prix : Environ 30 \u20ac<\/p>\n<p data-start=\"3144\" data-end=\"3320\">Mod\u00e8le : OnGuard Bulldog<br data-start=\"3168\" data-end=\"3171\" \/>Caract\u00e9ristiques : Antivol U renforc\u00e9, sans c\u00e2ble<br data-start=\"3220\" data-end=\"3223\" \/>Performance : Bonne protection<br data-start=\"3253\" data-end=\"3256\" \/>Avantages : Solide mais moins polyvalent<br data-start=\"3296\" data-end=\"3299\" \/>Prix : Environ 55 \u20ac<\/p>\n<p data-start=\"4018\" data-end=\"4111\">\n<p data-start=\"4113\" data-end=\"4118\"><strong>FAQ<\/strong><\/p>\n<p data-start=\"4120\" data-end=\"4265\">Cet antivol est-il adapt\u00e9 aux v\u00e9los \u00e9lectriques ?<br data-start=\"4169\" data-end=\"4172\" \/>Oui, il est parfaitement compatible avec les v\u00e9los \u00e9lectriques et offre une s\u00e9curit\u00e9 adapt\u00e9e.<\/p>\n<p data-start=\"4267\" data-end=\"4392\">Le c\u00e2ble est-il suffisamment solide ?<br data-start=\"4304\" data-end=\"4307\" \/>Il permet de s\u00e9curiser les roues et accessoires en compl\u00e9ment de l\u2019antivol principal.<\/p>\n<p data-start=\"4394\" data-end=\"4515\">Peut-on le transporter facilement ?<br data-start=\"4429\" data-end=\"4432\" \/>Oui, son format compact permet de le fixer au cadre ou de le transporter sans g\u00eane.<\/p>\n<p data-start=\"4517\" data-end=\"4636\">R\u00e9siste-t-il aux outils de coupe ?<br data-start=\"4551\" data-end=\"4554\" \/>L\u2019acier tremp\u00e9 offre une excellente r\u00e9sistance aux tentatives de coupe classiques.<\/p>\n<p data-start=\"4638\" data-end=\"4731\">Combien de cl\u00e9s sont fournies ?<br data-start=\"4669\" data-end=\"4672\" \/>G\u00e9n\u00e9ralement deux cl\u00e9s sont incluses pour plus de s\u00e9curit\u00e9.<\/p>\n<p data-start=\"4733\" data-end=\"4847\">Est-il adapt\u00e9 \u00e0 une utilisation quotidienne ?<br data-start=\"4778\" data-end=\"4781\" \/>Oui, il est con\u00e7u pour une utilisation r\u00e9guli\u00e8re en milieu urbain.<\/p>\n<p data-start=\"4849\" data-end=\"4968\">Quelle est la dur\u00e9e de vie du produit ?<br data-start=\"4888\" data-end=\"4891\" \/>Avec un usage normal, il peut durer plusieurs ann\u00e9es sans perte d\u2019efficacit\u00e9.<\/p>\n<p data-start=\"4970\" data-end=\"4999\"><strong>CONCLUSION<\/strong><\/p>\n<p data-start=\"5001\" data-end=\"5231\">L\u2019antivol v\u00e9lo haute protection Kryptonite Keeper 12 est un choix fiable pour s\u00e9curiser votre v\u00e9lo efficacement. Sa robustesse, sa simplicit\u00e9 d\u2019utilisation et son c\u00e2ble inclus en font une solution compl\u00e8te face aux risques de vol.<\/p>\n<p data-start=\"5233\" data-end=\"5359\" data-is-last-node=\"\" data-is-only-node=\"\">Ne prenez plus de risques inutiles. Commandez d\u00e8s maintenant et prot\u00e9gez votre v\u00e9lo avec une solution reconnue et performante.<\/p>\n<\/div>\n<\/div>\n<\/div>\n<\/div>\n<\/div>\n<\/div>\n<\/section>\n<div class=\"pointer-events-none -mt-px h-px translate-y-[calc(var(--scroll-root-safe-area-inset-bottom)-14*var(--spacing))]\" aria-hidden=\"true\"><\/div>\n","protected":false},"excerpt":{"rendered":"<p data-start=\"3367\" data-end=\"3393\"><strong>R\u00c9DUCTION DES OBJECTIONS<\/strong><\/p>\n<p data-start=\"3395\" data-end=\"3775\">Fiabilit\u00e9 : Kryptonite est une r\u00e9f\u00e9rence mondiale en s\u00e9curit\u00e9 v\u00e9lo, test\u00e9e et approuv\u00e9e par des millions d\u2019utilisateurs.<br data-start=\"3515\" data-end=\"3518\" \/>Compatibilit\u00e9 : Convient \u00e0 la majorit\u00e9 des v\u00e9los, y compris \u00e9lectriques.<br data-start=\"3590\" data-end=\"3593\" \/>Durabilit\u00e9 : Con\u00e7u en acier tremp\u00e9, il r\u00e9siste aux conditions ext\u00e9rieures et \u00e0 l\u2019usure.<br data-start=\"3680\" data-end=\"3683\" \/>Facilit\u00e9 d\u2019utilisation : Syst\u00e8me simple, rapide et pratique au quotidien, sans complexit\u00e9.<\/p>\n<p data-start=\"3777\" data-end=\"3799\"><strong>PREUVE \/ CR\u00c9DIBILIT\u00c9<\/strong><\/p>\n<p data-start=\"3801\" data-end=\"4016\">Note moyenne : 4,6 \/ 5<br data-start=\"3823\" data-end=\"3826\" \/>Avis clients :<br data-start=\"3840\" data-end=\"3843\" \/>\u201cTr\u00e8s solide, je me sens enfin en s\u00e9curit\u00e9 en ville.\u201d<br data-start=\"3896\" data-end=\"3899\" \/>\u201cLe c\u00e2ble est un vrai plus pour prot\u00e9ger les roues.\u201d<br data-start=\"3951\" data-end=\"3954\" \/>\u201cExcellent rapport qualit\u00e9-prix pour un antivol Kryptonite.\u201d<\/p>\n<p data-start=\"4018\" data-end=\"4111\">Des milliers d\u2019utilisateurs font confiance \u00e0 Kryptonite pour prot\u00e9ger leur v\u00e9lo au quotidien.<\/p>\n","protected":false},"featured_media":28711,"comment_status":"open","ping_status":"closed","template":"","meta":[],"product_brand":[558],"product_cat":[58,101],"product_tag":[555],"class_list":{"0":"post-28712","1":"product","2":"type-product","3":"status-publish","4":"has-post-thumbnail","6":"product_brand-kryptonite","7":"product_cat-antivols-de-velos-meilleur-antivol-velo-electrique-securite-renforcee","8":"product_cat-antivols-en-u","9":"product_tag-antivol-velo-haute-securite","11":"first","12":"instock","13":"shipping-taxable","14":"purchasable","15":"product-type-simple"},"yoast_head":"<!-- This site is optimized with the Yoast SEO plugin v27.5 - https:\/\/yoast.com\/product\/yoast-seo-wordpress\/ -->\n<title>Antivol pour v\u00e9lo Kryptonite U Keeper 12 avec c\u00e2ble KryptoFlex - ateliervae.fr<\/title>\n<meta name=\"description\" content=\"Antivol v\u00e9lo haute protection Kryptonite, s\u00e9curit\u00e9 renforc\u00e9e avec c\u00e2ble inclus. Prot\u00e9gez votre v\u00e9lo d\u00e8s maintenant \u00e0 prix comp\u00e9titif.\" \/>\n<meta name=\"robots\" content=\"index, follow, max-snippet:-1, max-image-preview:large, max-video-preview:-1\" \/>\n<link rel=\"canonical\" href=\"https:\/\/ateliervae.fr\/?product=antivol-velo-haute-protection-kryptonite-securite-maximale\" \/>\n<meta property=\"og:locale\" content=\"fr_FR\" \/>\n<meta property=\"og:type\" content=\"article\" \/>\n<meta property=\"og:title\" content=\"Antivol pour v\u00e9lo Kryptonite U Keeper 12 avec c\u00e2ble KryptoFlex - ateliervae.fr\" \/>\n<meta property=\"og:description\" content=\"Antivol v\u00e9lo haute protection Kryptonite, s\u00e9curit\u00e9 renforc\u00e9e avec c\u00e2ble inclus. Prot\u00e9gez votre v\u00e9lo d\u00e8s maintenant \u00e0 prix comp\u00e9titif.\" \/>\n<meta property=\"og:url\" content=\"https:\/\/ateliervae.fr\/?product=antivol-velo-haute-protection-kryptonite-securite-maximale\" \/>\n<meta property=\"og:site_name\" content=\"ateliervae.fr\" \/>\n<meta property=\"article:modified_time\" content=\"2026-05-04T21:29:58+00:00\" \/>\n<meta property=\"og:image\" content=\"https:\/\/ateliervae.fr\/wp-content\/uploads\/2026\/05\/antivol-u-kryptonite-keeper-12-avec-cable-kryptoflex.jpg\" \/>\n\t<meta property=\"og:image:width\" content=\"800\" \/>\n\t<meta property=\"og:image:height\" content=\"800\" \/>\n\t<meta property=\"og:image:type\" content=\"image\/jpeg\" \/>\n<meta name=\"twitter:card\" content=\"summary_large_image\" \/>\n<meta name=\"twitter:label1\" content=\"Dur\u00e9e de lecture estim\u00e9e\" \/>\n\t<meta name=\"twitter:data1\" content=\"4 minutes\" \/>\n<script type=\"application\/ld+json\" class=\"yoast-schema-graph\">{\"@context\":\"https:\\\/\\\/schema.org\",\"@graph\":[{\"@type\":\"WebPage\",\"@id\":\"https:\\\/\\\/ateliervae.fr\\\/?product=antivol-velo-haute-protection-kryptonite-securite-maximale\",\"url\":\"https:\\\/\\\/ateliervae.fr\\\/?product=antivol-velo-haute-protection-kryptonite-securite-maximale\",\"name\":\"Antivol pour v\u00e9lo Kryptonite U Keeper 12 avec c\u00e2ble KryptoFlex - ateliervae.fr\",\"isPartOf\":{\"@id\":\"https:\\\/\\\/ateliervae.fr\\\/#website\"},\"primaryImageOfPage\":{\"@id\":\"https:\\\/\\\/ateliervae.fr\\\/?product=antivol-velo-haute-protection-kryptonite-securite-maximale#primaryimage\"},\"image\":{\"@id\":\"https:\\\/\\\/ateliervae.fr\\\/?product=antivol-velo-haute-protection-kryptonite-securite-maximale#primaryimage\"},\"thumbnailUrl\":\"https:\\\/\\\/ateliervae.fr\\\/wp-content\\\/uploads\\\/2026\\\/05\\\/antivol-u-kryptonite-keeper-12-avec-cable-kryptoflex.jpg\",\"datePublished\":\"2026-05-02T17:27:14+00:00\",\"dateModified\":\"2026-05-04T21:29:58+00:00\",\"description\":\"Antivol v\u00e9lo haute protection Kryptonite, s\u00e9curit\u00e9 renforc\u00e9e avec c\u00e2ble inclus. Prot\u00e9gez votre v\u00e9lo d\u00e8s maintenant \u00e0 prix comp\u00e9titif.\",\"breadcrumb\":{\"@id\":\"https:\\\/\\\/ateliervae.fr\\\/?product=antivol-velo-haute-protection-kryptonite-securite-maximale#breadcrumb\"},\"inLanguage\":\"fr-FR\",\"potentialAction\":[{\"@type\":\"ReadAction\",\"target\":[\"https:\\\/\\\/ateliervae.fr\\\/?product=antivol-velo-haute-protection-kryptonite-securite-maximale\"]}]},{\"@type\":\"ImageObject\",\"inLanguage\":\"fr-FR\",\"@id\":\"https:\\\/\\\/ateliervae.fr\\\/?product=antivol-velo-haute-protection-kryptonite-securite-maximale#primaryimage\",\"url\":\"https:\\\/\\\/ateliervae.fr\\\/wp-content\\\/uploads\\\/2026\\\/05\\\/antivol-u-kryptonite-keeper-12-avec-cable-kryptoflex.jpg\",\"contentUrl\":\"https:\\\/\\\/ateliervae.fr\\\/wp-content\\\/uploads\\\/2026\\\/05\\\/antivol-u-kryptonite-keeper-12-avec-cable-kryptoflex.jpg\",\"width\":800,\"height\":800,\"caption\":\"antivol v\u00e9lo haute protection Kryptonite\"},{\"@type\":\"BreadcrumbList\",\"@id\":\"https:\\\/\\\/ateliervae.fr\\\/?product=antivol-velo-haute-protection-kryptonite-securite-maximale#breadcrumb\",\"itemListElement\":[{\"@type\":\"ListItem\",\"position\":1,\"name\":\"Home\",\"item\":\"https:\\\/\\\/ateliervae.fr\\\/\"},{\"@type\":\"ListItem\",\"position\":2,\"name\":\"Produits\",\"item\":\"https:\\\/\\\/ateliervae.fr\\\/shop\\\/\"},{\"@type\":\"ListItem\",\"position\":3,\"name\":\"Antivol pour v\u00e9lo Kryptonite U Keeper 12 avec c\u00e2ble KryptoFlex\"}]},{\"@type\":\"WebSite\",\"@id\":\"https:\\\/\\\/ateliervae.fr\\\/#website\",\"url\":\"https:\\\/\\\/ateliervae.fr\\\/\",\"name\":\"ateliervae.fr\",\"description\":\"L\u2019\u00e9nergie au c\u0153ur de vos trajets\",\"publisher\":{\"@id\":\"https:\\\/\\\/ateliervae.fr\\\/#organization\"},\"potentialAction\":[{\"@type\":\"SearchAction\",\"target\":{\"@type\":\"EntryPoint\",\"urlTemplate\":\"https:\\\/\\\/ateliervae.fr\\\/?s={search_term_string}\"},\"query-input\":{\"@type\":\"PropertyValueSpecification\",\"valueRequired\":true,\"valueName\":\"search_term_string\"}}],\"inLanguage\":\"fr-FR\"},{\"@type\":\"Organization\",\"@id\":\"https:\\\/\\\/ateliervae.fr\\\/#organization\",\"name\":\"ateliervae.fr\",\"url\":\"https:\\\/\\\/ateliervae.fr\\\/\",\"logo\":{\"@type\":\"ImageObject\",\"inLanguage\":\"fr-FR\",\"@id\":\"https:\\\/\\\/ateliervae.fr\\\/#\\\/schema\\\/logo\\\/image\\\/\",\"url\":\"https:\\\/\\\/ateliervae.fr\\\/wp-content\\\/uploads\\\/2026\\\/04\\\/ChatGPT-Image-6-avr.-2026-11_58_22.png\",\"contentUrl\":\"https:\\\/\\\/ateliervae.fr\\\/wp-content\\\/uploads\\\/2026\\\/04\\\/ChatGPT-Image-6-avr.-2026-11_58_22.png\",\"width\":1536,\"height\":1024,\"caption\":\"ateliervae.fr\"},\"image\":{\"@id\":\"https:\\\/\\\/ateliervae.fr\\\/#\\\/schema\\\/logo\\\/image\\\/\"}}]}<\/script>\n<!-- \/ Yoast SEO plugin. -->","yoast_head_json":{"title":"Antivol pour v\u00e9lo Kryptonite U Keeper 12 avec c\u00e2ble KryptoFlex - ateliervae.fr","description":"Antivol v\u00e9lo haute protection Kryptonite, s\u00e9curit\u00e9 renforc\u00e9e avec c\u00e2ble inclus. Prot\u00e9gez votre v\u00e9lo d\u00e8s maintenant \u00e0 prix comp\u00e9titif.","robots":{"index":"index","follow":"follow","max-snippet":"max-snippet:-1","max-image-preview":"max-image-preview:large","max-video-preview":"max-video-preview:-1"},"canonical":"https:\/\/ateliervae.fr\/?product=antivol-velo-haute-protection-kryptonite-securite-maximale","og_locale":"fr_FR","og_type":"article","og_title":"Antivol pour v\u00e9lo Kryptonite U Keeper 12 avec c\u00e2ble KryptoFlex - ateliervae.fr","og_description":"Antivol v\u00e9lo haute protection Kryptonite, s\u00e9curit\u00e9 renforc\u00e9e avec c\u00e2ble inclus. Prot\u00e9gez votre v\u00e9lo d\u00e8s maintenant \u00e0 prix comp\u00e9titif.","og_url":"https:\/\/ateliervae.fr\/?product=antivol-velo-haute-protection-kryptonite-securite-maximale","og_site_name":"ateliervae.fr","article_modified_time":"2026-05-04T21:29:58+00:00","og_image":[{"width":800,"height":800,"url":"https:\/\/ateliervae.fr\/wp-content\/uploads\/2026\/05\/antivol-u-kryptonite-keeper-12-avec-cable-kryptoflex.jpg","type":"image\/jpeg"}],"twitter_card":"summary_large_image","twitter_misc":{"Dur\u00e9e de lecture estim\u00e9e":"4 minutes"},"schema":{"@context":"https:\/\/schema.org","@graph":[{"@type":"WebPage","@id":"https:\/\/ateliervae.fr\/?product=antivol-velo-haute-protection-kryptonite-securite-maximale","url":"https:\/\/ateliervae.fr\/?product=antivol-velo-haute-protection-kryptonite-securite-maximale","name":"Antivol pour v\u00e9lo Kryptonite U Keeper 12 avec c\u00e2ble KryptoFlex - ateliervae.fr","isPartOf":{"@id":"https:\/\/ateliervae.fr\/#website"},"primaryImageOfPage":{"@id":"https:\/\/ateliervae.fr\/?product=antivol-velo-haute-protection-kryptonite-securite-maximale#primaryimage"},"image":{"@id":"https:\/\/ateliervae.fr\/?product=antivol-velo-haute-protection-kryptonite-securite-maximale#primaryimage"},"thumbnailUrl":"https:\/\/ateliervae.fr\/wp-content\/uploads\/2026\/05\/antivol-u-kryptonite-keeper-12-avec-cable-kryptoflex.jpg","datePublished":"2026-05-02T17:27:14+00:00","dateModified":"2026-05-04T21:29:58+00:00","description":"Antivol v\u00e9lo haute protection Kryptonite, s\u00e9curit\u00e9 renforc\u00e9e avec c\u00e2ble inclus. Prot\u00e9gez votre v\u00e9lo d\u00e8s maintenant \u00e0 prix comp\u00e9titif.","breadcrumb":{"@id":"https:\/\/ateliervae.fr\/?product=antivol-velo-haute-protection-kryptonite-securite-maximale#breadcrumb"},"inLanguage":"fr-FR","potentialAction":[{"@type":"ReadAction","target":["https:\/\/ateliervae.fr\/?product=antivol-velo-haute-protection-kryptonite-securite-maximale"]}]},{"@type":"ImageObject","inLanguage":"fr-FR","@id":"https:\/\/ateliervae.fr\/?product=antivol-velo-haute-protection-kryptonite-securite-maximale#primaryimage","url":"https:\/\/ateliervae.fr\/wp-content\/uploads\/2026\/05\/antivol-u-kryptonite-keeper-12-avec-cable-kryptoflex.jpg","contentUrl":"https:\/\/ateliervae.fr\/wp-content\/uploads\/2026\/05\/antivol-u-kryptonite-keeper-12-avec-cable-kryptoflex.jpg","width":800,"height":800,"caption":"antivol v\u00e9lo haute protection Kryptonite"},{"@type":"BreadcrumbList","@id":"https:\/\/ateliervae.fr\/?product=antivol-velo-haute-protection-kryptonite-securite-maximale#breadcrumb","itemListElement":[{"@type":"ListItem","position":1,"name":"Home","item":"https:\/\/ateliervae.fr\/"},{"@type":"ListItem","position":2,"name":"Produits","item":"https:\/\/ateliervae.fr\/shop\/"},{"@type":"ListItem","position":3,"name":"Antivol pour v\u00e9lo Kryptonite U Keeper 12 avec c\u00e2ble KryptoFlex"}]},{"@type":"WebSite","@id":"https:\/\/ateliervae.fr\/#website","url":"https:\/\/ateliervae.fr\/","name":"ateliervae.fr","description":"L\u2019\u00e9nergie au c\u0153ur de vos trajets","publisher":{"@id":"https:\/\/ateliervae.fr\/#organization"},"potentialAction":[{"@type":"SearchAction","target":{"@type":"EntryPoint","urlTemplate":"https:\/\/ateliervae.fr\/?s={search_term_string}"},"query-input":{"@type":"PropertyValueSpecification","valueRequired":true,"valueName":"search_term_string"}}],"inLanguage":"fr-FR"},{"@type":"Organization","@id":"https:\/\/ateliervae.fr\/#organization","name":"ateliervae.fr","url":"https:\/\/ateliervae.fr\/","logo":{"@type":"ImageObject","inLanguage":"fr-FR","@id":"https:\/\/ateliervae.fr\/#\/schema\/logo\/image\/","url":"https:\/\/ateliervae.fr\/wp-content\/uploads\/2026\/04\/ChatGPT-Image-6-avr.-2026-11_58_22.png","contentUrl":"https:\/\/ateliervae.fr\/wp-content\/uploads\/2026\/04\/ChatGPT-Image-6-avr.-2026-11_58_22.png","width":1536,"height":1024,"caption":"ateliervae.fr"},"image":{"@id":"https:\/\/ateliervae.fr\/#\/schema\/logo\/image\/"}}]}},"_links":{"self":[{"href":"https:\/\/ateliervae.fr\/index.php?rest_route=\/wp\/v2\/product\/28712","targetHints":{"allow":["GET"]}}],"collection":[{"href":"https:\/\/ateliervae.fr\/index.php?rest_route=\/wp\/v2\/product"}],"about":[{"href":"https:\/\/ateliervae.fr\/index.php?rest_route=\/wp\/v2\/types\/product"}],"replies":[{"embeddable":true,"href":"https:\/\/ateliervae.fr\/index.php?rest_route=%2Fwp%2Fv2%2Fcomments&post=28712"}],"version-history":[{"count":2,"href":"https:\/\/ateliervae.fr\/index.php?rest_route=\/wp\/v2\/product\/28712\/revisions"}],"predecessor-version":[{"id":28742,"href":"https:\/\/ateliervae.fr\/index.php?rest_route=\/wp\/v2\/product\/28712\/revisions\/28742"}],"wp:featuredmedia":[{"embeddable":true,"href":"https:\/\/ateliervae.fr\/index.php?rest_route=\/wp\/v2\/media\/28711"}],"wp:attachment":[{"href":"https:\/\/ateliervae.fr\/index.php?rest_route=%2Fwp%2Fv2%2Fmedia&parent=28712"}],"wp:term":[{"taxonomy":"product_brand","embeddable":true,"href":"https:\/\/ateliervae.fr\/index.php?rest_route=%2Fwp%2Fv2%2Fproduct_brand&post=28712"},{"taxonomy":"product_cat","embeddable":true,"href":"https:\/\/ateliervae.fr\/index.php?rest_route=%2Fwp%2Fv2%2Fproduct_cat&post=28712"},{"taxonomy":"product_tag","embeddable":true,"href":"https:\/\/ateliervae.fr\/index.php?rest_route=%2Fwp%2Fv2%2Fproduct_tag&post=28712"}],"curies":[{"name":"wp","href":"https:\/\/api.w.org\/{rel}","templated":true}]}}