{"id":28474,"date":"2026-04-28T13:42:17","date_gmt":"2026-04-28T13:42:17","guid":{"rendered":"https:\/\/ateliervae.fr\/?product=chargeur-universel-42v-2a-rca-2-broches-batterie-velo-electrique"},"modified":"2026-04-28T17:00:39","modified_gmt":"2026-04-28T17:00:39","slug":"chargeur-velo-performance-42v-2a-universel-rca","status":"publish","type":"product","link":"https:\/\/ateliervae.fr\/?product=chargeur-velo-performance-42v-2a-universel-rca","title":{"rendered":"Chargeur v\u00e9lo \u00e9lectrique Chargeur universel 42V 2A (RCA 2 broches)"},"content":{"rendered":"<h2 data-section-id=\"16sn4z7\" data-start=\"235\" data-end=\"273\">3. Description d\u00e9taill\u00e9e du produit<\/h2>\n<p data-start=\"275\" data-end=\"527\">\u26a0\ufe0f <strong data-start=\"278\" data-end=\"360\">Important : il s\u2019agit d\u2019un chargeur de v\u00e9lo \u00e9lectrique, et non d\u2019une batterie.<\/strong><br data-start=\"360\" data-end=\"363\" \/>Ce mod\u00e8le est un <strong data-start=\"380\" data-end=\"436\">chargeur universel 42V 2A \u00e0 connecteur RCA 2 broches<\/strong>, con\u00e7u pour alimenter efficacement les batteries de v\u00e9los \u00e9lectriques de type Lithium-ion.<\/p>\n<p data-start=\"529\" data-end=\"744\">Ce <strong data-start=\"532\" data-end=\"571\">chargeur v\u00e9lo puissante et efficace<\/strong> est sp\u00e9cialement d\u00e9velopp\u00e9 pour offrir une recharge stable, s\u00e9curis\u00e9e et optimis\u00e9e pour la majorit\u00e9 des v\u00e9los \u00e9lectriques urbains, VTT \u00e9lectriques et v\u00e9los longue distance.<\/p>\n<p data-start=\"746\" data-end=\"983\">Gr\u00e2ce \u00e0 sa technologie intelligente de gestion de charge, il prot\u00e8ge la batterie contre les surtensions, la surchauffe et la surcharge, garantissant ainsi une dur\u00e9e de vie prolong\u00e9e des batteries Lithium-ion 36V compatibles (sortie 42V).<\/p>\n<p data-start=\"985\" data-end=\"1042\">Ce chargeur est id\u00e9al pour les utilisateurs recherchant :<\/p>\n<ul data-start=\"1043\" data-end=\"1213\">\n<li data-section-id=\"5u9gtg\" data-start=\"1043\" data-end=\"1076\">une recharge rapide et fiable<\/li>\n<li data-section-id=\"rc872g\" data-start=\"1077\" data-end=\"1110\">une compatibilit\u00e9 universelle<\/li>\n<li data-section-id=\"smd5yi\" data-start=\"1111\" data-end=\"1155\">une s\u00e9curit\u00e9 maximale pour leur batterie<\/li>\n<li data-section-id=\"1lyebys\" data-start=\"1156\" data-end=\"1213\">une solution l\u00e9g\u00e8re et compacte pour les d\u00e9placements<\/li>\n<\/ul>\n<p data-start=\"1255\" data-end=\"1518\">\n<h2 data-section-id=\"1hbycwo\" data-start=\"1741\" data-end=\"1800\">4. Tableau technique complet du chargeur v\u00e9lo \u00e9lectrique<\/h2>\n<div class=\"TyagGW_tableContainer\">\n<div class=\"group TyagGW_tableWrapper flex flex-col-reverse w-fit\" tabindex=\"-1\">\n<table class=\"w-fit min-w-(--thread-content-width)\" data-start=\"1802\" data-end=\"2365\">\n<thead data-start=\"1802\" data-end=\"1830\">\n<tr data-start=\"1802\" data-end=\"1830\">\n<th class=\"\" data-start=\"1802\" data-end=\"1820\" data-col-size=\"sm\">Caract\u00e9ristique<\/th>\n<th class=\"\" data-start=\"1820\" data-end=\"1830\" data-col-size=\"sm\">D\u00e9tail<\/th>\n<\/tr>\n<\/thead>\n<tbody data-start=\"1859\" data-end=\"2365\">\n<tr data-start=\"1859\" data-end=\"1883\">\n<td data-start=\"1859\" data-end=\"1868\" data-col-size=\"sm\">Marque<\/td>\n<td data-start=\"1868\" data-end=\"1883\" data-col-size=\"sm\">Universelle<\/td>\n<\/tr>\n<tr data-start=\"1884\" data-end=\"1930\">\n<td data-start=\"1884\" data-end=\"1902\" data-col-size=\"sm\">Type de produit<\/td>\n<td data-start=\"1902\" data-end=\"1930\" data-col-size=\"sm\">Chargeur v\u00e9lo \u00e9lectrique<\/td>\n<\/tr>\n<tr data-start=\"1931\" data-end=\"1971\">\n<td data-start=\"1931\" data-end=\"1945\" data-col-size=\"sm\">Technologie<\/td>\n<td data-start=\"1945\" data-end=\"1971\" data-col-size=\"sm\">Adaptateur Lithium-ion<\/td>\n<\/tr>\n<tr data-start=\"1972\" data-end=\"1999\">\n<td data-start=\"1972\" data-end=\"1992\" data-col-size=\"sm\">Voltage de sortie<\/td>\n<td data-start=\"1992\" data-end=\"1999\" data-col-size=\"sm\">42V<\/td>\n<\/tr>\n<tr data-start=\"2000\" data-end=\"2018\">\n<td data-start=\"2000\" data-end=\"2012\" data-col-size=\"sm\">Intensit\u00e9<\/td>\n<td data-start=\"2012\" data-end=\"2018\" data-col-size=\"sm\">2A<\/td>\n<\/tr>\n<tr data-start=\"2019\" data-end=\"2064\">\n<td data-start=\"2019\" data-end=\"2035\" data-col-size=\"sm\">Compatibilit\u00e9<\/td>\n<td data-start=\"2035\" data-end=\"2064\" data-col-size=\"sm\">Batteries 36V Lithium-ion<\/td>\n<\/tr>\n<tr data-start=\"2065\" data-end=\"2099\">\n<td data-start=\"2065\" data-end=\"2083\" data-col-size=\"sm\">Temps de charge<\/td>\n<td data-start=\"2083\" data-end=\"2099\" data-col-size=\"sm\">4 \u00e0 6 heures<\/td>\n<\/tr>\n<tr data-start=\"2100\" data-end=\"2156\">\n<td data-start=\"2100\" data-end=\"2115\" data-col-size=\"sm\">Dur\u00e9e de vie<\/td>\n<td data-start=\"2115\" data-end=\"2156\" data-col-size=\"sm\">800 \u00e0 1000 cycles (batterie associ\u00e9e)<\/td>\n<\/tr>\n<tr data-start=\"2157\" data-end=\"2220\">\n<td data-start=\"2157\" data-end=\"2179\" data-col-size=\"sm\">Syst\u00e8me de s\u00e9curit\u00e9<\/td>\n<td data-start=\"2179\" data-end=\"2220\" data-col-size=\"sm\">Protection surtension \/ court-circuit<\/td>\n<\/tr>\n<tr data-start=\"2221\" data-end=\"2252\">\n<td data-start=\"2221\" data-end=\"2235\" data-col-size=\"sm\">Connectique<\/td>\n<td data-start=\"2235\" data-end=\"2252\" data-col-size=\"sm\">RCA 2 broches<\/td>\n<\/tr>\n<tr data-start=\"2253\" data-end=\"2278\">\n<td data-start=\"2253\" data-end=\"2261\" data-col-size=\"sm\">Poids<\/td>\n<td data-start=\"2261\" data-end=\"2278\" data-col-size=\"sm\">350 g environ<\/td>\n<\/tr>\n<tr data-start=\"2279\" data-end=\"2321\">\n<td data-start=\"2279\" data-end=\"2307\" data-col-size=\"sm\">Temp\u00e9rature d\u2019utilisation<\/td>\n<td data-start=\"2307\" data-end=\"2321\" data-col-size=\"sm\">0\u00b0C \u00e0 45\u00b0C<\/td>\n<\/tr>\n<tr data-start=\"2322\" data-end=\"2365\">\n<td data-start=\"2322\" data-end=\"2338\" data-col-size=\"sm\">Ann\u00e9e \/ gamme<\/td>\n<td data-start=\"2338\" data-end=\"2365\" data-col-size=\"sm\">2025 \u2013 Universel e-bike<\/td>\n<\/tr>\n<\/tbody>\n<\/table>\n<\/div>\n<\/div>\n<h3 data-section-id=\"8hxg3b\" data-start=\"2372\" data-end=\"2394\"><\/h3>\n<h2 data-section-id=\"aj7k93\" data-start=\"2493\" data-end=\"2533\">5. Tableau comparatif (2 concurrents)<\/h2>\n<div class=\"TyagGW_tableContainer\">\n<div class=\"group TyagGW_tableWrapper flex flex-col-reverse w-fit\" tabindex=\"-1\">\n<table class=\"w-fit min-w-(--thread-content-width)\" data-start=\"2535\" data-end=\"3056\">\n<thead data-start=\"2535\" data-end=\"2644\">\n<tr data-start=\"2535\" data-end=\"2644\">\n<th class=\"\" data-start=\"2535\" data-end=\"2544\" data-col-size=\"sm\">Mod\u00e8le<\/th>\n<th class=\"\" data-start=\"2544\" data-end=\"2562\" data-col-size=\"sm\">Type de produit<\/th>\n<th class=\"\" data-start=\"2562\" data-end=\"2583\" data-col-size=\"sm\">Voltage \/ capacit\u00e9<\/th>\n<th class=\"\" data-start=\"2583\" data-end=\"2595\" data-col-size=\"sm\">Autonomie<\/th>\n<th class=\"\" data-start=\"2595\" data-end=\"2611\" data-col-size=\"sm\">Compatibilit\u00e9<\/th>\n<th class=\"\" data-start=\"2611\" data-end=\"2619\" data-col-size=\"sm\">Poids<\/th>\n<th class=\"\" data-start=\"2619\" data-end=\"2644\" data-col-size=\"sm\">Prix TTC constructeur<\/th>\n<\/tr>\n<\/thead>\n<tbody data-start=\"2752\" data-end=\"3056\">\n<tr data-start=\"2752\" data-end=\"2854\">\n<td data-start=\"2752\" data-end=\"2774\" data-col-size=\"sm\">Chargeur 42V 2A RCA<\/td>\n<td data-start=\"2774\" data-end=\"2795\" data-col-size=\"sm\">Chargeur universel<\/td>\n<td data-start=\"2795\" data-end=\"2806\" data-col-size=\"sm\">42V \/ 2A<\/td>\n<td data-start=\"2806\" data-end=\"2822\" data-col-size=\"sm\">Recharge 4-6h<\/td>\n<td data-start=\"2822\" data-end=\"2840\" data-col-size=\"sm\">36V Lithium-ion<\/td>\n<td data-start=\"2840\" data-end=\"2847\" data-col-size=\"sm\">350g<\/td>\n<td data-start=\"2847\" data-end=\"2854\" data-col-size=\"sm\">75\u20ac<\/td>\n<\/tr>\n<tr data-start=\"2855\" data-end=\"2950\">\n<td data-start=\"2855\" data-end=\"2874\" data-col-size=\"sm\">Chargeur Fast 3A<\/td>\n<td data-start=\"2874\" data-end=\"2892\" data-col-size=\"sm\">Chargeur rapide<\/td>\n<td data-start=\"2892\" data-end=\"2903\" data-col-size=\"sm\">42V \/ 3A<\/td>\n<td data-start=\"2903\" data-end=\"2919\" data-col-size=\"sm\">Recharge 3-4h<\/td>\n<td data-start=\"2919\" data-end=\"2936\" data-col-size=\"sm\">36V-48V e-bike<\/td>\n<td data-start=\"2936\" data-end=\"2943\" data-col-size=\"sm\">420g<\/td>\n<td data-start=\"2943\" data-end=\"2950\" data-col-size=\"sm\">39\u20ac<\/td>\n<\/tr>\n<tr data-start=\"2951\" data-end=\"3056\">\n<td data-start=\"2951\" data-end=\"2976\" data-col-size=\"sm\"><a href=\"https:\/\/ateliervae.fr\/?product=chargeur-velo-performance-yamaha-42v-6a-fiable\">Chargeur standard 1.5A<\/a><\/td>\n<td data-start=\"2976\" data-end=\"2995\" data-col-size=\"sm\">Chargeur basique<\/td>\n<td data-start=\"2995\" data-end=\"3008\" data-col-size=\"sm\">42V \/ 1.5A<\/td>\n<td data-start=\"3008\" data-end=\"3024\" data-col-size=\"sm\">Recharge 6-8h<\/td>\n<td data-start=\"3024\" data-end=\"3042\" data-col-size=\"sm\">36V Lithium-ion<\/td>\n<td data-start=\"3042\" data-end=\"3049\" data-col-size=\"sm\">300g<\/td>\n<td data-start=\"3049\" data-end=\"3056\" data-col-size=\"sm\">24\u20ac<\/td>\n<\/tr>\n<\/tbody>\n<\/table>\n<\/div>\n<\/div>\n<h2 data-section-id=\"yeup86\" data-start=\"3270\" data-end=\"3305\"><\/h2>\n<h2 data-section-id=\"yeup86\" data-start=\"3270\" data-end=\"3305\">6. Conclusion<\/h2>\n<p data-start=\"3307\" data-end=\"3488\">Ce <strong data-start=\"3310\" data-end=\"3356\">chargeur v\u00e9lo puissante et efficace 42V 2A<\/strong> repr\u00e9sente une solution id\u00e9ale pour tous les utilisateurs de v\u00e9los \u00e9lectriques souhaitant une recharge fiable, rapide et s\u00e9curis\u00e9e.<\/p>\n<p data-start=\"3490\" data-end=\"3676\">Gr\u00e2ce \u00e0 sa compatibilit\u00e9 universelle et sa technologie de protection avanc\u00e9e, il garantit une utilisation sans risque pour vos batteries Lithium-ion tout en optimisant leur dur\u00e9e de vie.<\/p>\n<h2 data-section-id=\"xsfmkq\" data-start=\"3814\" data-end=\"3823\">7. FAQ<\/h2>\n<p data-start=\"3825\" data-end=\"3939\"><strong data-start=\"3825\" data-end=\"3878\">Quelle batterie est compatible avec ce chargeur ?<\/strong><br data-start=\"3878\" data-end=\"3881\" \/>Les batteries Lithium-ion 36V compatibles avec sortie 42V.<\/p>\n<p data-start=\"3941\" data-end=\"4050\"><strong data-start=\"3941\" data-end=\"3996\">Est-il compatible avec tous les v\u00e9los \u00e9lectriques ?<\/strong><br data-start=\"3996\" data-end=\"3999\" \/>Oui, s\u2019ils utilisent une connectique RCA 2 broches.<\/p>\n<p data-start=\"4052\" data-end=\"4123\"><strong data-start=\"4052\" data-end=\"4089\">Combien de temps dure la charge ?<\/strong><br data-start=\"4089\" data-end=\"4092\" \/>En moyenne entre 4 et 6 heures.<\/p>\n<p data-start=\"4125\" data-end=\"4225\"><strong data-start=\"4125\" data-end=\"4158\">Ce chargeur est-il s\u00e9curis\u00e9 ?<\/strong><br data-start=\"4158\" data-end=\"4161\" \/>Oui, il int\u00e8gre des protections contre surtension et surchauffe.<\/p>\n<p data-start=\"4227\" data-end=\"4327\"><strong data-start=\"4227\" data-end=\"4269\">Peut-on remplacer un ancien chargeur ?<\/strong><br data-start=\"4269\" data-end=\"4272\" \/>Oui, s\u2019il respecte les m\u00eames caract\u00e9ristiques (42V 2A).<\/p>\n<p data-start=\"4329\" data-end=\"4409\"><strong data-start=\"4329\" data-end=\"4361\">Quelle est sa dur\u00e9e de vie ?<\/strong><br data-start=\"4361\" data-end=\"4364\" \/>Environ plusieurs ann\u00e9es selon l\u2019utilisation.<\/p>\n<p data-start=\"4411\" data-end=\"4506\"><strong data-start=\"4411\" data-end=\"4448\">Est-il adapt\u00e9 aux longs trajets ?<\/strong><br data-start=\"4448\" data-end=\"4451\" \/>Oui, il permet une recharge fiable apr\u00e8s chaque sortie.<\/p>\n","protected":false},"excerpt":{"rendered":"<ul data-start=\"4539\" data-end=\"4761\">\n<li data-section-id=\"1cqvoxk\" data-start=\"4539\" data-end=\"4580\"><span style=\"color: #99cc00;\">\u26a1 Puissance et recharge rapide 42V 2A<\/span><\/li>\n<li data-section-id=\"1b44o94\" data-start=\"4581\" data-end=\"4619\"><span style=\"color: #99cc00;\">\ud83d\udd12 Technologie de s\u00e9curit\u00e9 avanc\u00e9e<\/span><\/li>\n<li data-section-id=\"13w1szp\" data-start=\"4620\" data-end=\"4674\"><span style=\"color: #99cc00;\">\ud83d\udd0c Compatibilit\u00e9 universelle v\u00e9los \u00e9lectriques 36V<\/span><\/li>\n<li data-section-id=\"1qyeoc9\" data-start=\"4675\" data-end=\"4761\"><span style=\"color: #99cc00;\">\ud83d\ude80 Avantage principal : charge stable, fiable et durable pour batterie Lithium-ion<\/span><\/li>\n<\/ul>\n<p><strong>\ud83d\udc49 Si vous recherchez un chargeur durable, performant et \u00e9conomique, ce mod\u00e8le est un excellent choix pour votre v\u00e9lo \u00e9lectrique.<\/strong><\/p>\n","protected":false},"featured_media":28473,"comment_status":"open","ping_status":"closed","template":"","meta":[],"product_brand":[538],"product_cat":[544,34],"product_tag":[550,551],"class_list":{"0":"post-28474","1":"product","2":"type-product","3":"status-publish","4":"has-post-thumbnail","6":"product_brand-universelle","7":"product_cat-42v","8":"product_cat-chargeurs-de-velos","9":"product_tag-chargeur-recharge-rapide","10":"product_tag-chargeur-velo-electrique","12":"first","13":"instock","14":"sale","15":"shipping-taxable","16":"purchasable","17":"product-type-simple"},"yoast_head":"<!-- This site is optimized with the Yoast SEO plugin v27.5 - https:\/\/yoast.com\/product\/yoast-seo-wordpress\/ -->\n<title>Chargeur v\u00e9lo \u00e9lectrique Chargeur universel 42V 2A (RCA 2 broches) - ateliervae.fr<\/title>\n<meta name=\"description\" content=\"Chargeur v\u00e9lo puissante et efficace 42V 2A universel RCA, \u00e0 un prix de 58\u20ac, recharge rapide et s\u00e9curis\u00e9e pour v\u00e9lo \u00e9lectrique.\" \/>\n<meta name=\"robots\" content=\"index, follow, max-snippet:-1, max-image-preview:large, max-video-preview:-1\" \/>\n<link rel=\"canonical\" href=\"https:\/\/ateliervae.fr\/?product=chargeur-velo-performance-42v-2a-universel-rca\" \/>\n<meta property=\"og:locale\" content=\"fr_FR\" \/>\n<meta property=\"og:type\" content=\"article\" \/>\n<meta property=\"og:title\" content=\"Chargeur v\u00e9lo \u00e9lectrique Chargeur universel 42V 2A (RCA 2 broches) - ateliervae.fr\" \/>\n<meta property=\"og:description\" content=\"Chargeur v\u00e9lo puissante et efficace 42V 2A universel RCA, \u00e0 un prix de 58\u20ac, recharge rapide et s\u00e9curis\u00e9e pour v\u00e9lo \u00e9lectrique.\" \/>\n<meta property=\"og:url\" content=\"https:\/\/ateliervae.fr\/?product=chargeur-velo-performance-42v-2a-universel-rca\" \/>\n<meta property=\"og:site_name\" content=\"ateliervae.fr\" \/>\n<meta property=\"article:modified_time\" content=\"2026-04-28T17:00:39+00:00\" \/>\n<meta property=\"og:image\" content=\"https:\/\/ateliervae.fr\/wp-content\/uploads\/2026\/04\/universele_oplader_fietsaccu_42v_2a_2-polig_tulp_ebbe.un_.303.jpg\" \/>\n\t<meta property=\"og:image:width\" content=\"360\" \/>\n\t<meta property=\"og:image:height\" content=\"360\" \/>\n\t<meta property=\"og:image:type\" content=\"image\/jpeg\" \/>\n<meta name=\"twitter:card\" content=\"summary_large_image\" \/>\n<meta name=\"twitter:label1\" content=\"Dur\u00e9e de lecture estim\u00e9e\" \/>\n\t<meta name=\"twitter:data1\" content=\"3 minutes\" \/>\n<script type=\"application\/ld+json\" class=\"yoast-schema-graph\">{\"@context\":\"https:\\\/\\\/schema.org\",\"@graph\":[{\"@type\":\"WebPage\",\"@id\":\"https:\\\/\\\/ateliervae.fr\\\/?product=chargeur-velo-performance-42v-2a-universel-rca\",\"url\":\"https:\\\/\\\/ateliervae.fr\\\/?product=chargeur-velo-performance-42v-2a-universel-rca\",\"name\":\"Chargeur v\u00e9lo \u00e9lectrique Chargeur universel 42V 2A (RCA 2 broches) - ateliervae.fr\",\"isPartOf\":{\"@id\":\"https:\\\/\\\/ateliervae.fr\\\/#website\"},\"primaryImageOfPage\":{\"@id\":\"https:\\\/\\\/ateliervae.fr\\\/?product=chargeur-velo-performance-42v-2a-universel-rca#primaryimage\"},\"image\":{\"@id\":\"https:\\\/\\\/ateliervae.fr\\\/?product=chargeur-velo-performance-42v-2a-universel-rca#primaryimage\"},\"thumbnailUrl\":\"https:\\\/\\\/ateliervae.fr\\\/wp-content\\\/uploads\\\/2026\\\/04\\\/universele_oplader_fietsaccu_42v_2a_2-polig_tulp_ebbe.un_.303.jpg\",\"datePublished\":\"2026-04-28T13:42:17+00:00\",\"dateModified\":\"2026-04-28T17:00:39+00:00\",\"description\":\"Chargeur v\u00e9lo puissante et efficace 42V 2A universel RCA, \u00e0 un prix de 58\u20ac, recharge rapide et s\u00e9curis\u00e9e pour v\u00e9lo \u00e9lectrique.\",\"breadcrumb\":{\"@id\":\"https:\\\/\\\/ateliervae.fr\\\/?product=chargeur-velo-performance-42v-2a-universel-rca#breadcrumb\"},\"inLanguage\":\"fr-FR\",\"potentialAction\":[{\"@type\":\"ReadAction\",\"target\":[\"https:\\\/\\\/ateliervae.fr\\\/?product=chargeur-velo-performance-42v-2a-universel-rca\"]}]},{\"@type\":\"ImageObject\",\"inLanguage\":\"fr-FR\",\"@id\":\"https:\\\/\\\/ateliervae.fr\\\/?product=chargeur-velo-performance-42v-2a-universel-rca#primaryimage\",\"url\":\"https:\\\/\\\/ateliervae.fr\\\/wp-content\\\/uploads\\\/2026\\\/04\\\/universele_oplader_fietsaccu_42v_2a_2-polig_tulp_ebbe.un_.303.jpg\",\"contentUrl\":\"https:\\\/\\\/ateliervae.fr\\\/wp-content\\\/uploads\\\/2026\\\/04\\\/universele_oplader_fietsaccu_42v_2a_2-polig_tulp_ebbe.un_.303.jpg\",\"width\":360,\"height\":360,\"caption\":\"chargeur v\u00e9lo puissante et efficace\"},{\"@type\":\"BreadcrumbList\",\"@id\":\"https:\\\/\\\/ateliervae.fr\\\/?product=chargeur-velo-performance-42v-2a-universel-rca#breadcrumb\",\"itemListElement\":[{\"@type\":\"ListItem\",\"position\":1,\"name\":\"Home\",\"item\":\"https:\\\/\\\/ateliervae.fr\\\/\"},{\"@type\":\"ListItem\",\"position\":2,\"name\":\"Produits\",\"item\":\"https:\\\/\\\/ateliervae.fr\\\/shop\\\/\"},{\"@type\":\"ListItem\",\"position\":3,\"name\":\"Chargeur v\u00e9lo \u00e9lectrique Chargeur universel 42V 2A (RCA 2 broches)\"}]},{\"@type\":\"WebSite\",\"@id\":\"https:\\\/\\\/ateliervae.fr\\\/#website\",\"url\":\"https:\\\/\\\/ateliervae.fr\\\/\",\"name\":\"ateliervae.fr\",\"description\":\"L\u2019\u00e9nergie au c\u0153ur de vos trajets\",\"publisher\":{\"@id\":\"https:\\\/\\\/ateliervae.fr\\\/#organization\"},\"potentialAction\":[{\"@type\":\"SearchAction\",\"target\":{\"@type\":\"EntryPoint\",\"urlTemplate\":\"https:\\\/\\\/ateliervae.fr\\\/?s={search_term_string}\"},\"query-input\":{\"@type\":\"PropertyValueSpecification\",\"valueRequired\":true,\"valueName\":\"search_term_string\"}}],\"inLanguage\":\"fr-FR\"},{\"@type\":\"Organization\",\"@id\":\"https:\\\/\\\/ateliervae.fr\\\/#organization\",\"name\":\"ateliervae.fr\",\"url\":\"https:\\\/\\\/ateliervae.fr\\\/\",\"logo\":{\"@type\":\"ImageObject\",\"inLanguage\":\"fr-FR\",\"@id\":\"https:\\\/\\\/ateliervae.fr\\\/#\\\/schema\\\/logo\\\/image\\\/\",\"url\":\"https:\\\/\\\/ateliervae.fr\\\/wp-content\\\/uploads\\\/2026\\\/04\\\/ChatGPT-Image-6-avr.-2026-11_58_22.png\",\"contentUrl\":\"https:\\\/\\\/ateliervae.fr\\\/wp-content\\\/uploads\\\/2026\\\/04\\\/ChatGPT-Image-6-avr.-2026-11_58_22.png\",\"width\":1536,\"height\":1024,\"caption\":\"ateliervae.fr\"},\"image\":{\"@id\":\"https:\\\/\\\/ateliervae.fr\\\/#\\\/schema\\\/logo\\\/image\\\/\"}}]}<\/script>\n<!-- \/ Yoast SEO plugin. -->","yoast_head_json":{"title":"Chargeur v\u00e9lo \u00e9lectrique Chargeur universel 42V 2A (RCA 2 broches) - ateliervae.fr","description":"Chargeur v\u00e9lo puissante et efficace 42V 2A universel RCA, \u00e0 un prix de 58\u20ac, recharge rapide et s\u00e9curis\u00e9e pour v\u00e9lo \u00e9lectrique.","robots":{"index":"index","follow":"follow","max-snippet":"max-snippet:-1","max-image-preview":"max-image-preview:large","max-video-preview":"max-video-preview:-1"},"canonical":"https:\/\/ateliervae.fr\/?product=chargeur-velo-performance-42v-2a-universel-rca","og_locale":"fr_FR","og_type":"article","og_title":"Chargeur v\u00e9lo \u00e9lectrique Chargeur universel 42V 2A (RCA 2 broches) - ateliervae.fr","og_description":"Chargeur v\u00e9lo puissante et efficace 42V 2A universel RCA, \u00e0 un prix de 58\u20ac, recharge rapide et s\u00e9curis\u00e9e pour v\u00e9lo \u00e9lectrique.","og_url":"https:\/\/ateliervae.fr\/?product=chargeur-velo-performance-42v-2a-universel-rca","og_site_name":"ateliervae.fr","article_modified_time":"2026-04-28T17:00:39+00:00","og_image":[{"width":360,"height":360,"url":"https:\/\/ateliervae.fr\/wp-content\/uploads\/2026\/04\/universele_oplader_fietsaccu_42v_2a_2-polig_tulp_ebbe.un_.303.jpg","type":"image\/jpeg"}],"twitter_card":"summary_large_image","twitter_misc":{"Dur\u00e9e de lecture estim\u00e9e":"3 minutes"},"schema":{"@context":"https:\/\/schema.org","@graph":[{"@type":"WebPage","@id":"https:\/\/ateliervae.fr\/?product=chargeur-velo-performance-42v-2a-universel-rca","url":"https:\/\/ateliervae.fr\/?product=chargeur-velo-performance-42v-2a-universel-rca","name":"Chargeur v\u00e9lo \u00e9lectrique Chargeur universel 42V 2A (RCA 2 broches) - ateliervae.fr","isPartOf":{"@id":"https:\/\/ateliervae.fr\/#website"},"primaryImageOfPage":{"@id":"https:\/\/ateliervae.fr\/?product=chargeur-velo-performance-42v-2a-universel-rca#primaryimage"},"image":{"@id":"https:\/\/ateliervae.fr\/?product=chargeur-velo-performance-42v-2a-universel-rca#primaryimage"},"thumbnailUrl":"https:\/\/ateliervae.fr\/wp-content\/uploads\/2026\/04\/universele_oplader_fietsaccu_42v_2a_2-polig_tulp_ebbe.un_.303.jpg","datePublished":"2026-04-28T13:42:17+00:00","dateModified":"2026-04-28T17:00:39+00:00","description":"Chargeur v\u00e9lo puissante et efficace 42V 2A universel RCA, \u00e0 un prix de 58\u20ac, recharge rapide et s\u00e9curis\u00e9e pour v\u00e9lo \u00e9lectrique.","breadcrumb":{"@id":"https:\/\/ateliervae.fr\/?product=chargeur-velo-performance-42v-2a-universel-rca#breadcrumb"},"inLanguage":"fr-FR","potentialAction":[{"@type":"ReadAction","target":["https:\/\/ateliervae.fr\/?product=chargeur-velo-performance-42v-2a-universel-rca"]}]},{"@type":"ImageObject","inLanguage":"fr-FR","@id":"https:\/\/ateliervae.fr\/?product=chargeur-velo-performance-42v-2a-universel-rca#primaryimage","url":"https:\/\/ateliervae.fr\/wp-content\/uploads\/2026\/04\/universele_oplader_fietsaccu_42v_2a_2-polig_tulp_ebbe.un_.303.jpg","contentUrl":"https:\/\/ateliervae.fr\/wp-content\/uploads\/2026\/04\/universele_oplader_fietsaccu_42v_2a_2-polig_tulp_ebbe.un_.303.jpg","width":360,"height":360,"caption":"chargeur v\u00e9lo puissante et efficace"},{"@type":"BreadcrumbList","@id":"https:\/\/ateliervae.fr\/?product=chargeur-velo-performance-42v-2a-universel-rca#breadcrumb","itemListElement":[{"@type":"ListItem","position":1,"name":"Home","item":"https:\/\/ateliervae.fr\/"},{"@type":"ListItem","position":2,"name":"Produits","item":"https:\/\/ateliervae.fr\/shop\/"},{"@type":"ListItem","position":3,"name":"Chargeur v\u00e9lo \u00e9lectrique Chargeur universel 42V 2A (RCA 2 broches)"}]},{"@type":"WebSite","@id":"https:\/\/ateliervae.fr\/#website","url":"https:\/\/ateliervae.fr\/","name":"ateliervae.fr","description":"L\u2019\u00e9nergie au c\u0153ur de vos trajets","publisher":{"@id":"https:\/\/ateliervae.fr\/#organization"},"potentialAction":[{"@type":"SearchAction","target":{"@type":"EntryPoint","urlTemplate":"https:\/\/ateliervae.fr\/?s={search_term_string}"},"query-input":{"@type":"PropertyValueSpecification","valueRequired":true,"valueName":"search_term_string"}}],"inLanguage":"fr-FR"},{"@type":"Organization","@id":"https:\/\/ateliervae.fr\/#organization","name":"ateliervae.fr","url":"https:\/\/ateliervae.fr\/","logo":{"@type":"ImageObject","inLanguage":"fr-FR","@id":"https:\/\/ateliervae.fr\/#\/schema\/logo\/image\/","url":"https:\/\/ateliervae.fr\/wp-content\/uploads\/2026\/04\/ChatGPT-Image-6-avr.-2026-11_58_22.png","contentUrl":"https:\/\/ateliervae.fr\/wp-content\/uploads\/2026\/04\/ChatGPT-Image-6-avr.-2026-11_58_22.png","width":1536,"height":1024,"caption":"ateliervae.fr"},"image":{"@id":"https:\/\/ateliervae.fr\/#\/schema\/logo\/image\/"}}]}},"_links":{"self":[{"href":"https:\/\/ateliervae.fr\/index.php?rest_route=\/wp\/v2\/product\/28474","targetHints":{"allow":["GET"]}}],"collection":[{"href":"https:\/\/ateliervae.fr\/index.php?rest_route=\/wp\/v2\/product"}],"about":[{"href":"https:\/\/ateliervae.fr\/index.php?rest_route=\/wp\/v2\/types\/product"}],"replies":[{"embeddable":true,"href":"https:\/\/ateliervae.fr\/index.php?rest_route=%2Fwp%2Fv2%2Fcomments&post=28474"}],"version-history":[{"count":2,"href":"https:\/\/ateliervae.fr\/index.php?rest_route=\/wp\/v2\/product\/28474\/revisions"}],"predecessor-version":[{"id":28553,"href":"https:\/\/ateliervae.fr\/index.php?rest_route=\/wp\/v2\/product\/28474\/revisions\/28553"}],"wp:featuredmedia":[{"embeddable":true,"href":"https:\/\/ateliervae.fr\/index.php?rest_route=\/wp\/v2\/media\/28473"}],"wp:attachment":[{"href":"https:\/\/ateliervae.fr\/index.php?rest_route=%2Fwp%2Fv2%2Fmedia&parent=28474"}],"wp:term":[{"taxonomy":"product_brand","embeddable":true,"href":"https:\/\/ateliervae.fr\/index.php?rest_route=%2Fwp%2Fv2%2Fproduct_brand&post=28474"},{"taxonomy":"product_cat","embeddable":true,"href":"https:\/\/ateliervae.fr\/index.php?rest_route=%2Fwp%2Fv2%2Fproduct_cat&post=28474"},{"taxonomy":"product_tag","embeddable":true,"href":"https:\/\/ateliervae.fr\/index.php?rest_route=%2Fwp%2Fv2%2Fproduct_tag&post=28474"}],"curies":[{"name":"wp","href":"https:\/\/api.w.org\/{rel}","templated":true}]}}