{"id":28326,"date":"2026-04-26T15:40:28","date_gmt":"2026-04-26T15:40:28","guid":{"rendered":"https:\/\/ateliervae.fr\/?product=batterie-hailong-36v-12ah-compatible"},"modified":"2026-04-27T09:43:47","modified_gmt":"2026-04-27T09:43:47","slug":"batterie-velo-36v-haute-performance-hailong","status":"publish","type":"product","link":"https:\/\/ateliervae.fr\/?product=batterie-velo-36v-haute-performance-hailong","title":{"rendered":"Batterie universelle pour velos  Hailong 36V 12Ah compatible"},"content":{"rendered":"<h2 data-section-id=\"ntdnji\" data-start=\"202\" data-end=\"239\">Description d\u00e9taill\u00e9e du produit<\/h2>\n<p data-start=\"241\" data-end=\"588\">La <strong data-start=\"244\" data-end=\"285\">batterie universelle Hailong 36V 12Ah<\/strong> est une solution fiable et performante con\u00e7ue pour r\u00e9pondre aux besoins des utilisateurs de v\u00e9los \u00e9lectriques exigeants. Dot\u00e9e d\u2019une <strong data-start=\"419\" data-end=\"453\">technologie lithium-ion e-bike<\/strong>, elle garantit une excellente stabilit\u00e9 \u00e9nerg\u00e9tique, une longue dur\u00e9e de vie et des performances constantes sur tous types de trajets.<\/p>\n<p data-start=\"590\" data-end=\"857\">Que vous utilisiez votre v\u00e9lo pour vos d\u00e9placements urbains quotidiens, vos randonn\u00e9es ou vos sorties en <strong data-start=\"695\" data-end=\"713\">VTT \u00e9lectrique<\/strong>, cette <strong data-start=\"721\" data-end=\"760\">batterie v\u00e9lo 36V haute performance<\/strong> offre une autonomie optimis\u00e9e et une compatibilit\u00e9 \u00e9tendue avec de nombreux moteurs et syst\u00e8mes.<\/p>\n<p data-start=\"859\" data-end=\"1121\">Gr\u00e2ce \u00e0 sa capacit\u00e9 de 12Ah, elle permet une <strong data-start=\"904\" data-end=\"942\">autonomie batterie v\u00e9lo \u00e9lectrique<\/strong> allant jusqu\u2019\u00e0 40 \u00e0 80 km selon le type d\u2019utilisation, le poids du cycliste et le niveau d\u2019assistance. Elle constitue un excellent compromis entre puissance, poids et durabilit\u00e9.<\/p>\n<h3 data-section-id=\"1f9fvp1\" data-start=\"1410\" data-end=\"1430\">Avantages cl\u00e9s :<\/h3>\n<ul data-start=\"1431\" data-end=\"1670\">\n<li data-section-id=\"1567q6c\" data-start=\"1431\" data-end=\"1469\">Haute autonomie pour trajets longs<\/li>\n<li data-section-id=\"1vqn0xg\" data-start=\"1470\" data-end=\"1542\">Compatible avec de nombreux mod\u00e8les (kits e-bike, moteurs standards)<\/li>\n<li data-section-id=\"1t901lj\" data-start=\"1543\" data-end=\"1574\">Recharge rapide et efficace<\/li>\n<li data-section-id=\"1tc4v3f\" data-start=\"1575\" data-end=\"1617\">Longue dur\u00e9e de vie (cycles optimis\u00e9s)<\/li>\n<li data-section-id=\"19887uh\" data-start=\"1618\" data-end=\"1670\">Format Hailong ergonomique et facile \u00e0 installer<\/li>\n<\/ul>\n<div><\/div>\n<h2 data-section-id=\"1q517wf\" data-start=\"1813\" data-end=\"1843\">Tableau technique complet<\/h2>\n<div class=\"TyagGW_tableContainer\">\n<div class=\"group TyagGW_tableWrapper flex flex-col-reverse w-fit\" tabindex=\"-1\">\n<table class=\"w-fit min-w-(--thread-content-width)\" data-start=\"1845\" data-end=\"2460\">\n<thead data-start=\"1845\" data-end=\"1873\">\n<tr data-start=\"1845\" data-end=\"1873\">\n<th class=\"\" data-start=\"1845\" data-end=\"1863\" data-col-size=\"sm\">Caract\u00e9ristique<\/th>\n<th class=\"\" data-start=\"1863\" data-end=\"1873\" data-col-size=\"sm\">D\u00e9tail<\/th>\n<\/tr>\n<\/thead>\n<tbody data-start=\"1902\" data-end=\"2460\">\n<tr data-start=\"1902\" data-end=\"1954\">\n<td data-start=\"1902\" data-end=\"1921\" data-col-size=\"sm\">Type de batterie<\/td>\n<td data-start=\"1921\" data-end=\"1954\" data-col-size=\"sm\"><a href=\"https:\/\/ateliervae.fr\/?product=batterie-velo-electrique-36v-15ah-multi-marque\">Batterie pour v\u00e9lo \u00e9lectrique<\/a><\/td>\n<\/tr>\n<tr data-start=\"1955\" data-end=\"1984\">\n<td data-start=\"1955\" data-end=\"1969\" data-col-size=\"sm\">Technologie<\/td>\n<td data-start=\"1969\" data-end=\"1984\" data-col-size=\"sm\">Lithium-ion<\/td>\n<\/tr>\n<tr data-start=\"1985\" data-end=\"2002\">\n<td data-start=\"1985\" data-end=\"1995\" data-col-size=\"sm\">Voltage<\/td>\n<td data-start=\"1995\" data-end=\"2002\" data-col-size=\"sm\">36V<\/td>\n<\/tr>\n<tr data-start=\"2003\" data-end=\"2031\">\n<td data-start=\"2003\" data-end=\"2014\" data-col-size=\"sm\">Capacit\u00e9<\/td>\n<td data-start=\"2014\" data-end=\"2031\" data-col-size=\"sm\">12Ah (432 Wh)<\/td>\n<\/tr>\n<tr data-start=\"2032\" data-end=\"2066\">\n<td data-start=\"2032\" data-end=\"2052\" data-col-size=\"sm\">Autonomie estim\u00e9e<\/td>\n<td data-start=\"2052\" data-end=\"2066\" data-col-size=\"sm\">40 \u00e0 80 km<\/td>\n<\/tr>\n<tr data-start=\"2067\" data-end=\"2101\">\n<td data-start=\"2067\" data-end=\"2085\" data-col-size=\"sm\">Temps de charge<\/td>\n<td data-start=\"2085\" data-end=\"2101\" data-col-size=\"sm\">4 \u00e0 6 heures<\/td>\n<\/tr>\n<tr data-start=\"2102\" data-end=\"2138\">\n<td data-start=\"2102\" data-end=\"2117\" data-col-size=\"sm\">Dur\u00e9e de vie<\/td>\n<td data-start=\"2117\" data-end=\"2138\" data-col-size=\"sm\">800 \u00e0 1000 cycles<\/td>\n<\/tr>\n<tr data-start=\"2139\" data-end=\"2199\">\n<td data-start=\"2139\" data-end=\"2155\" data-col-size=\"sm\">Compatibilit\u00e9<\/td>\n<td data-start=\"2155\" data-end=\"2199\" data-col-size=\"sm\">Moteurs 36V (Bafang, Shimano, universel)<\/td>\n<\/tr>\n<tr data-start=\"2200\" data-end=\"2238\">\n<td data-start=\"2200\" data-end=\"2222\" data-col-size=\"sm\">Syst\u00e8me de fixation<\/td>\n<td data-start=\"2222\" data-end=\"2238\" data-col-size=\"sm\">Rail Hailong<\/td>\n<\/tr>\n<tr data-start=\"2239\" data-end=\"2263\">\n<td data-start=\"2239\" data-end=\"2247\" data-col-size=\"sm\">Poids<\/td>\n<td data-start=\"2247\" data-end=\"2263\" data-col-size=\"sm\">Environ 3 kg<\/td>\n<\/tr>\n<tr data-start=\"2264\" data-end=\"2298\">\n<td data-start=\"2264\" data-end=\"2278\" data-col-size=\"sm\">Emplacement<\/td>\n<td data-start=\"2278\" data-end=\"2298\" data-col-size=\"sm\">Cadre (downtube)<\/td>\n<\/tr>\n<tr data-start=\"2299\" data-end=\"2335\">\n<td data-start=\"2299\" data-end=\"2306\" data-col-size=\"sm\">Type<\/td>\n<td data-start=\"2306\" data-end=\"2335\" data-col-size=\"sm\">Batterie externe amovible<\/td>\n<\/tr>\n<tr data-start=\"2336\" data-end=\"2362\">\n<td data-start=\"2336\" data-end=\"2347\" data-col-size=\"sm\">S\u00e9curit\u00e9<\/td>\n<td data-start=\"2347\" data-end=\"2362\" data-col-size=\"sm\">BMS int\u00e9gr\u00e9<\/td>\n<\/tr>\n<tr data-start=\"2363\" data-end=\"2407\">\n<td data-start=\"2363\" data-end=\"2391\" data-col-size=\"sm\">Temp\u00e9rature d\u2019utilisation<\/td>\n<td data-start=\"2391\" data-end=\"2407\" data-col-size=\"sm\">-10\u00b0C \u00e0 45\u00b0C<\/td>\n<\/tr>\n<tr data-start=\"2408\" data-end=\"2460\">\n<td data-start=\"2408\" data-end=\"2424\" data-col-size=\"sm\">Ann\u00e9e \/ gamme<\/td>\n<td data-start=\"2424\" data-end=\"2460\" data-col-size=\"sm\">Gamme standard haute performance<\/td>\n<\/tr>\n<\/tbody>\n<\/table>\n<\/div>\n<\/div>\n<div><\/div>\n<h2 data-section-id=\"2iyrjr\" data-start=\"2529\" data-end=\"2552\">Tableau comparatif<\/h2>\n<div class=\"TyagGW_tableContainer\">\n<div class=\"group TyagGW_tableWrapper flex flex-col-reverse w-fit\" tabindex=\"-1\">\n<table class=\"w-fit min-w-(--thread-content-width)\" data-start=\"2554\" data-end=\"3009\">\n<thead data-start=\"2554\" data-end=\"2651\">\n<tr data-start=\"2554\" data-end=\"2651\">\n<th class=\"\" data-start=\"2554\" data-end=\"2563\" data-col-size=\"sm\">Mod\u00e8le<\/th>\n<th class=\"\" data-start=\"2563\" data-end=\"2582\" data-col-size=\"sm\">Type de batterie<\/th>\n<th class=\"\" data-start=\"2582\" data-end=\"2603\" data-col-size=\"sm\">Voltage \/ capacit\u00e9<\/th>\n<th class=\"\" data-start=\"2603\" data-end=\"2615\" data-col-size=\"sm\">Autonomie<\/th>\n<th class=\"\" data-start=\"2615\" data-end=\"2631\" data-col-size=\"sm\">Compatibilit\u00e9<\/th>\n<th class=\"\" data-start=\"2631\" data-end=\"2639\" data-col-size=\"sm\">Poids<\/th>\n<th class=\"\" data-start=\"2639\" data-end=\"2651\" data-col-size=\"sm\">Prix TTC<\/th>\n<\/tr>\n<\/thead>\n<tbody data-start=\"2745\" data-end=\"3009\">\n<tr data-start=\"2745\" data-end=\"2831\">\n<td data-start=\"2745\" data-end=\"2764\" data-col-size=\"sm\">Hailong 36V 12Ah<\/td>\n<td data-start=\"2764\" data-end=\"2778\" data-col-size=\"sm\">Lithium-ion<\/td>\n<td data-start=\"2778\" data-end=\"2791\" data-col-size=\"sm\">36V \/ 12Ah<\/td>\n<td data-start=\"2791\" data-end=\"2802\" data-col-size=\"sm\">40-80 km<\/td>\n<td data-start=\"2802\" data-end=\"2816\" data-col-size=\"sm\">Universelle<\/td>\n<td data-start=\"2816\" data-end=\"2823\" data-col-size=\"sm\">3 kg<\/td>\n<td data-start=\"2823\" data-end=\"2831\" data-col-size=\"sm\">549\u20ac<\/td>\n<\/tr>\n<tr data-start=\"2832\" data-end=\"2920\">\n<td data-start=\"2832\" data-end=\"2853\" data-col-size=\"sm\"><a href=\"https:\/\/ateliervae.fr\/?product=batterie-panasonic-velo-electrique-36v-13ah\">Panasonic 36V 13Ah<\/a><\/td>\n<td data-start=\"2853\" data-end=\"2867\" data-col-size=\"sm\">Lithium-ion<\/td>\n<td data-start=\"2867\" data-end=\"2880\" data-col-size=\"sm\">36V \/ 13Ah<\/td>\n<td data-start=\"2880\" data-end=\"2891\" data-col-size=\"sm\">50-90 km<\/td>\n<td data-start=\"2891\" data-end=\"2903\" data-col-size=\"sm\">Panasonic<\/td>\n<td data-start=\"2903\" data-end=\"2912\" data-col-size=\"sm\">3.2 kg<\/td>\n<td data-start=\"2912\" data-end=\"2920\" data-col-size=\"sm\">399\u20ac<\/td>\n<\/tr>\n<tr data-start=\"2921\" data-end=\"3009\">\n<td data-start=\"2921\" data-end=\"2940\" data-col-size=\"sm\"><a href=\"https:\/\/ateliervae.fr\/?product=batterie-de-velo-compatible-ansmann-24v-12ah\">Samsung 36V 10Ah<\/a><\/td>\n<td data-start=\"2940\" data-end=\"2954\" data-col-size=\"sm\">Lithium-ion<\/td>\n<td data-start=\"2954\" data-end=\"2967\" data-col-size=\"sm\">36V \/ 10Ah<\/td>\n<td data-start=\"2967\" data-end=\"2978\" data-col-size=\"sm\">30-60 km<\/td>\n<td data-start=\"2978\" data-end=\"2992\" data-col-size=\"sm\">Universelle<\/td>\n<td data-start=\"2992\" data-end=\"3001\" data-col-size=\"sm\">2.8 kg<\/td>\n<td data-start=\"3001\" data-end=\"3009\" data-col-size=\"sm\">279\u20ac<\/td>\n<\/tr>\n<\/tbody>\n<\/table>\n<\/div>\n<\/div>\n<div><\/div>\n<div><\/div>\n<h2 data-section-id=\"qukz3i\" data-start=\"3137\" data-end=\"3171\">Conclusion<\/h2>\n<p data-start=\"3173\" data-end=\"3517\">La <strong data-start=\"3176\" data-end=\"3205\">batterie Hailong 36V 12Ah<\/strong> s\u2019impose comme un choix strat\u00e9gique pour tous les cyclistes souhaitant am\u00e9liorer les performances de leur v\u00e9lo \u00e9lectrique. Gr\u00e2ce \u00e0 sa <strong data-start=\"3340\" data-end=\"3371\">capacit\u00e9 batterie v\u00e9lo 12Ah<\/strong>, sa fiabilit\u00e9 et sa compatibilit\u00e9 \u00e9tendue, elle r\u00e9pond parfaitement aux besoins des utilisateurs urbains comme des amateurs de longues distances.<\/p>\n<h2 data-section-id=\"x9bttf\" data-start=\"3903\" data-end=\"3911\">FAQ<\/h2>\n<p data-start=\"3913\" data-end=\"4048\"><strong data-start=\"3913\" data-end=\"3958\">1. Quelle autonomie pour cette batterie ?<\/strong><br data-start=\"3958\" data-end=\"3961\" \/>Elle offre entre 40 et 80 km selon l\u2019utilisation, le terrain et le niveau d\u2019assistance.<\/p>\n<p data-start=\"4050\" data-end=\"4195\"><strong data-start=\"4050\" data-end=\"4092\">2. Est-elle compatible avec mon v\u00e9lo ?<\/strong><br data-start=\"4092\" data-end=\"4095\" \/>Oui, cette batterie est compatible avec la majorit\u00e9 des syst\u00e8mes 36V, notamment les kits universels.<\/p>\n<p data-start=\"4197\" data-end=\"4290\"><strong data-start=\"4197\" data-end=\"4237\">3. Combien de temps dure la charge ?<\/strong><br data-start=\"4237\" data-end=\"4240\" \/>Le temps de charge est estim\u00e9 entre 4 et 6 heures.<\/p>\n<p data-start=\"4292\" data-end=\"4439\"><strong data-start=\"4292\" data-end=\"4340\">4. Peut-on remplacer une batterie ancienne ?<\/strong><br data-start=\"4340\" data-end=\"4343\" \/>Oui, c\u2019est une excellente option pour remplacer une batterie us\u00e9e ou am\u00e9liorer les performances.<\/p>\n<p data-start=\"4441\" data-end=\"4551\"><strong data-start=\"4441\" data-end=\"4476\">5. Quelle est sa dur\u00e9e de vie ?<\/strong><br data-start=\"4476\" data-end=\"4479\" \/>Entre 800 et 1000 cycles de charge, soit plusieurs ann\u00e9es d\u2019utilisation.<\/p>\n<p data-start=\"4553\" data-end=\"4670\"><strong data-start=\"4553\" data-end=\"4591\">6. Est-ce une batterie s\u00e9curis\u00e9e ?<\/strong><br data-start=\"4591\" data-end=\"4594\" \/>Oui, elle dispose d\u2019un syst\u00e8me BMS contre les surcharges et courts-circuits.<\/p>\n<p data-start=\"4672\" data-end=\"4764\"><strong data-start=\"4672\" data-end=\"4720\">7. Peut-elle \u00eatre utilis\u00e9e par temps froid ?<\/strong><br data-start=\"4720\" data-end=\"4723\" \/>Oui, elle fonctionne entre -10\u00b0C et 45\u00b0C.<\/p>\n","protected":false},"excerpt":{"rendered":"<ul data-start=\"4796\" data-end=\"5057\">\n<li data-section-id=\"1w034kh\" data-start=\"4796\" data-end=\"4859\"><span style=\"color: #99cc00;\">\ud83d\udd0b <strong data-start=\"4801\" data-end=\"4827\">Puissance et autonomie<\/strong> : 36V 12Ah pour jusqu\u2019\u00e0 80 km<\/span><\/li>\n<li data-section-id=\"1cso2q2\" data-start=\"4860\" data-end=\"4925\"><span style=\"color: #99cc00;\">\u2699\ufe0f <strong data-start=\"4865\" data-end=\"4892\">Technologie et s\u00e9curit\u00e9<\/strong> : lithium-ion avec BMS int\u00e9gr\u00e9<\/span><\/li>\n<li data-section-id=\"yckrr\" data-start=\"4926\" data-end=\"4991\"><span style=\"color: #99cc00;\">\ud83d\udd0c <strong data-start=\"4931\" data-end=\"4948\">Compatibilit\u00e9<\/strong> : universelle pour v\u00e9los \u00e9lectriques 36V<\/span><\/li>\n<li data-section-id=\"1qgn56t\" data-start=\"4992\" data-end=\"5057\"><span style=\"color: #99cc00;\">\u2b50 <strong data-start=\"4996\" data-end=\"5018\">Avantage principal<\/strong> : excellent rapport performance\/prix<\/span><\/li>\n<\/ul>\n<p data-start=\"3519\" data-end=\"3781\">Si vous recherchez une <strong data-start=\"3542\" data-end=\"3582\">batterie lithium-ion v\u00e9lo \u00e9lectrique<\/strong> performante, durable et accessible, ce mod\u00e8le est une valeur s\u00fbre. Son excellent rapport qualit\u00e9\/prix en fait une option incontournable sur le march\u00e9 des <strong data-start=\"3737\" data-end=\"3780\">batteries rechargeables v\u00e9lo \u00e9lectrique<\/strong>.<\/p>\n<p data-start=\"3783\" data-end=\"3896\">\ud83d\udc49 Passez \u00e0 une autonomie sup\u00e9rieure d\u00e8s maintenant et profitez d\u2019une exp\u00e9rience de conduite fluide et s\u00e9curis\u00e9e.<\/p>\n","protected":false},"featured_media":28303,"comment_status":"open","ping_status":"closed","template":"","meta":[],"product_brand":[528],"product_cat":[353,357,342,112,33],"product_tag":[537,478,521,480],"class_list":{"0":"post-28326","1":"product","2":"type-product","3":"status-publish","4":"has-post-thumbnail","6":"product_brand-hailong","7":"product_cat-10-15-ah-36v-batterie-universelle","8":"product_cat-360-540-wh-10-15-ah-36v-batterie-universelle","9":"product_cat-36v-batterie-universelle","10":"product_cat-batterie-universelle","11":"product_cat-batteries-de-velos","12":"product_tag-batterie-universelle-de-velos","13":"product_tag-batterie-velo-electrique","14":"product_tag-batterie-velo-electrique-haute-capacite","15":"product_tag-batterie-velo-resistante","17":"first","18":"instock","19":"sale","20":"shipping-taxable","21":"purchasable","22":"product-type-simple"},"yoast_head":"<!-- This site is optimized with the Yoast SEO plugin v27.5 - https:\/\/yoast.com\/product\/yoast-seo-wordpress\/ -->\n<title>Batterie universelle pour velos Hailong 36V 12Ah compatible - ateliervae.fr<\/title>\n<meta name=\"description\" content=\"Batterie v\u00e9lo 36V haute performance Hailong \u00e0 un prix de 320\u20ac : autonomie fiable, lithium-ion durable, id\u00e9ale pour e-bike urbain et VTT.\" \/>\n<meta name=\"robots\" content=\"index, follow, max-snippet:-1, max-image-preview:large, max-video-preview:-1\" \/>\n<link rel=\"canonical\" href=\"https:\/\/ateliervae.fr\/?product=batterie-velo-36v-haute-performance-hailong\" \/>\n<meta property=\"og:locale\" content=\"fr_FR\" \/>\n<meta property=\"og:type\" content=\"article\" \/>\n<meta property=\"og:title\" content=\"Batterie universelle pour velos Hailong 36V 12Ah compatible - ateliervae.fr\" \/>\n<meta property=\"og:description\" content=\"Batterie v\u00e9lo 36V haute performance Hailong \u00e0 un prix de 320\u20ac : autonomie fiable, lithium-ion durable, id\u00e9ale pour e-bike urbain et VTT.\" \/>\n<meta property=\"og:url\" content=\"https:\/\/ateliervae.fr\/?product=batterie-velo-36v-haute-performance-hailong\" \/>\n<meta property=\"og:site_name\" content=\"ateliervae.fr\" \/>\n<meta property=\"article:modified_time\" content=\"2026-04-27T09:43:47+00:00\" \/>\n<meta property=\"og:image\" content=\"https:\/\/ateliervae.fr\/wp-content\/uploads\/2026\/04\/batterie-hailong-multi-marque-compatible-36v-104ah_3.jpeg\" \/>\n\t<meta property=\"og:image:width\" content=\"360\" \/>\n\t<meta property=\"og:image:height\" content=\"360\" \/>\n\t<meta property=\"og:image:type\" content=\"image\/jpeg\" \/>\n<meta name=\"twitter:card\" content=\"summary_large_image\" \/>\n<meta name=\"twitter:label1\" content=\"Dur\u00e9e de lecture estim\u00e9e\" \/>\n\t<meta name=\"twitter:data1\" content=\"3 minutes\" \/>\n<script type=\"application\/ld+json\" class=\"yoast-schema-graph\">{\"@context\":\"https:\\\/\\\/schema.org\",\"@graph\":[{\"@type\":\"WebPage\",\"@id\":\"https:\\\/\\\/ateliervae.fr\\\/?product=batterie-velo-36v-haute-performance-hailong\",\"url\":\"https:\\\/\\\/ateliervae.fr\\\/?product=batterie-velo-36v-haute-performance-hailong\",\"name\":\"Batterie universelle pour velos Hailong 36V 12Ah compatible - ateliervae.fr\",\"isPartOf\":{\"@id\":\"https:\\\/\\\/ateliervae.fr\\\/#website\"},\"primaryImageOfPage\":{\"@id\":\"https:\\\/\\\/ateliervae.fr\\\/?product=batterie-velo-36v-haute-performance-hailong#primaryimage\"},\"image\":{\"@id\":\"https:\\\/\\\/ateliervae.fr\\\/?product=batterie-velo-36v-haute-performance-hailong#primaryimage\"},\"thumbnailUrl\":\"https:\\\/\\\/ateliervae.fr\\\/wp-content\\\/uploads\\\/2026\\\/04\\\/batterie-hailong-multi-marque-compatible-36v-104ah_3.jpeg\",\"datePublished\":\"2026-04-26T15:40:28+00:00\",\"dateModified\":\"2026-04-27T09:43:47+00:00\",\"description\":\"Batterie v\u00e9lo 36V haute performance Hailong \u00e0 un prix de 320\u20ac : autonomie fiable, lithium-ion durable, id\u00e9ale pour e-bike urbain et VTT.\",\"breadcrumb\":{\"@id\":\"https:\\\/\\\/ateliervae.fr\\\/?product=batterie-velo-36v-haute-performance-hailong#breadcrumb\"},\"inLanguage\":\"fr-FR\",\"potentialAction\":[{\"@type\":\"ReadAction\",\"target\":[\"https:\\\/\\\/ateliervae.fr\\\/?product=batterie-velo-36v-haute-performance-hailong\"]}]},{\"@type\":\"ImageObject\",\"inLanguage\":\"fr-FR\",\"@id\":\"https:\\\/\\\/ateliervae.fr\\\/?product=batterie-velo-36v-haute-performance-hailong#primaryimage\",\"url\":\"https:\\\/\\\/ateliervae.fr\\\/wp-content\\\/uploads\\\/2026\\\/04\\\/batterie-hailong-multi-marque-compatible-36v-104ah_3.jpeg\",\"contentUrl\":\"https:\\\/\\\/ateliervae.fr\\\/wp-content\\\/uploads\\\/2026\\\/04\\\/batterie-hailong-multi-marque-compatible-36v-104ah_3.jpeg\",\"width\":360,\"height\":360,\"caption\":\"batterie v\u00e9lo 36V haute performance\"},{\"@type\":\"BreadcrumbList\",\"@id\":\"https:\\\/\\\/ateliervae.fr\\\/?product=batterie-velo-36v-haute-performance-hailong#breadcrumb\",\"itemListElement\":[{\"@type\":\"ListItem\",\"position\":1,\"name\":\"Home\",\"item\":\"https:\\\/\\\/ateliervae.fr\\\/\"},{\"@type\":\"ListItem\",\"position\":2,\"name\":\"Produits\",\"item\":\"https:\\\/\\\/ateliervae.fr\\\/shop\\\/\"},{\"@type\":\"ListItem\",\"position\":3,\"name\":\"Batterie universelle pour velos Hailong 36V 12Ah compatible\"}]},{\"@type\":\"WebSite\",\"@id\":\"https:\\\/\\\/ateliervae.fr\\\/#website\",\"url\":\"https:\\\/\\\/ateliervae.fr\\\/\",\"name\":\"ateliervae.fr\",\"description\":\"L\u2019\u00e9nergie au c\u0153ur de vos trajets\",\"publisher\":{\"@id\":\"https:\\\/\\\/ateliervae.fr\\\/#organization\"},\"potentialAction\":[{\"@type\":\"SearchAction\",\"target\":{\"@type\":\"EntryPoint\",\"urlTemplate\":\"https:\\\/\\\/ateliervae.fr\\\/?s={search_term_string}\"},\"query-input\":{\"@type\":\"PropertyValueSpecification\",\"valueRequired\":true,\"valueName\":\"search_term_string\"}}],\"inLanguage\":\"fr-FR\"},{\"@type\":\"Organization\",\"@id\":\"https:\\\/\\\/ateliervae.fr\\\/#organization\",\"name\":\"ateliervae.fr\",\"url\":\"https:\\\/\\\/ateliervae.fr\\\/\",\"logo\":{\"@type\":\"ImageObject\",\"inLanguage\":\"fr-FR\",\"@id\":\"https:\\\/\\\/ateliervae.fr\\\/#\\\/schema\\\/logo\\\/image\\\/\",\"url\":\"https:\\\/\\\/ateliervae.fr\\\/wp-content\\\/uploads\\\/2026\\\/04\\\/ChatGPT-Image-6-avr.-2026-11_58_22.png\",\"contentUrl\":\"https:\\\/\\\/ateliervae.fr\\\/wp-content\\\/uploads\\\/2026\\\/04\\\/ChatGPT-Image-6-avr.-2026-11_58_22.png\",\"width\":1536,\"height\":1024,\"caption\":\"ateliervae.fr\"},\"image\":{\"@id\":\"https:\\\/\\\/ateliervae.fr\\\/#\\\/schema\\\/logo\\\/image\\\/\"}}]}<\/script>\n<!-- \/ Yoast SEO plugin. -->","yoast_head_json":{"title":"Batterie universelle pour velos Hailong 36V 12Ah compatible - ateliervae.fr","description":"Batterie v\u00e9lo 36V haute performance Hailong \u00e0 un prix de 320\u20ac : autonomie fiable, lithium-ion durable, id\u00e9ale pour e-bike urbain et VTT.","robots":{"index":"index","follow":"follow","max-snippet":"max-snippet:-1","max-image-preview":"max-image-preview:large","max-video-preview":"max-video-preview:-1"},"canonical":"https:\/\/ateliervae.fr\/?product=batterie-velo-36v-haute-performance-hailong","og_locale":"fr_FR","og_type":"article","og_title":"Batterie universelle pour velos Hailong 36V 12Ah compatible - ateliervae.fr","og_description":"Batterie v\u00e9lo 36V haute performance Hailong \u00e0 un prix de 320\u20ac : autonomie fiable, lithium-ion durable, id\u00e9ale pour e-bike urbain et VTT.","og_url":"https:\/\/ateliervae.fr\/?product=batterie-velo-36v-haute-performance-hailong","og_site_name":"ateliervae.fr","article_modified_time":"2026-04-27T09:43:47+00:00","og_image":[{"width":360,"height":360,"url":"https:\/\/ateliervae.fr\/wp-content\/uploads\/2026\/04\/batterie-hailong-multi-marque-compatible-36v-104ah_3.jpeg","type":"image\/jpeg"}],"twitter_card":"summary_large_image","twitter_misc":{"Dur\u00e9e de lecture estim\u00e9e":"3 minutes"},"schema":{"@context":"https:\/\/schema.org","@graph":[{"@type":"WebPage","@id":"https:\/\/ateliervae.fr\/?product=batterie-velo-36v-haute-performance-hailong","url":"https:\/\/ateliervae.fr\/?product=batterie-velo-36v-haute-performance-hailong","name":"Batterie universelle pour velos Hailong 36V 12Ah compatible - ateliervae.fr","isPartOf":{"@id":"https:\/\/ateliervae.fr\/#website"},"primaryImageOfPage":{"@id":"https:\/\/ateliervae.fr\/?product=batterie-velo-36v-haute-performance-hailong#primaryimage"},"image":{"@id":"https:\/\/ateliervae.fr\/?product=batterie-velo-36v-haute-performance-hailong#primaryimage"},"thumbnailUrl":"https:\/\/ateliervae.fr\/wp-content\/uploads\/2026\/04\/batterie-hailong-multi-marque-compatible-36v-104ah_3.jpeg","datePublished":"2026-04-26T15:40:28+00:00","dateModified":"2026-04-27T09:43:47+00:00","description":"Batterie v\u00e9lo 36V haute performance Hailong \u00e0 un prix de 320\u20ac : autonomie fiable, lithium-ion durable, id\u00e9ale pour e-bike urbain et VTT.","breadcrumb":{"@id":"https:\/\/ateliervae.fr\/?product=batterie-velo-36v-haute-performance-hailong#breadcrumb"},"inLanguage":"fr-FR","potentialAction":[{"@type":"ReadAction","target":["https:\/\/ateliervae.fr\/?product=batterie-velo-36v-haute-performance-hailong"]}]},{"@type":"ImageObject","inLanguage":"fr-FR","@id":"https:\/\/ateliervae.fr\/?product=batterie-velo-36v-haute-performance-hailong#primaryimage","url":"https:\/\/ateliervae.fr\/wp-content\/uploads\/2026\/04\/batterie-hailong-multi-marque-compatible-36v-104ah_3.jpeg","contentUrl":"https:\/\/ateliervae.fr\/wp-content\/uploads\/2026\/04\/batterie-hailong-multi-marque-compatible-36v-104ah_3.jpeg","width":360,"height":360,"caption":"batterie v\u00e9lo 36V haute performance"},{"@type":"BreadcrumbList","@id":"https:\/\/ateliervae.fr\/?product=batterie-velo-36v-haute-performance-hailong#breadcrumb","itemListElement":[{"@type":"ListItem","position":1,"name":"Home","item":"https:\/\/ateliervae.fr\/"},{"@type":"ListItem","position":2,"name":"Produits","item":"https:\/\/ateliervae.fr\/shop\/"},{"@type":"ListItem","position":3,"name":"Batterie universelle pour velos Hailong 36V 12Ah compatible"}]},{"@type":"WebSite","@id":"https:\/\/ateliervae.fr\/#website","url":"https:\/\/ateliervae.fr\/","name":"ateliervae.fr","description":"L\u2019\u00e9nergie au c\u0153ur de vos trajets","publisher":{"@id":"https:\/\/ateliervae.fr\/#organization"},"potentialAction":[{"@type":"SearchAction","target":{"@type":"EntryPoint","urlTemplate":"https:\/\/ateliervae.fr\/?s={search_term_string}"},"query-input":{"@type":"PropertyValueSpecification","valueRequired":true,"valueName":"search_term_string"}}],"inLanguage":"fr-FR"},{"@type":"Organization","@id":"https:\/\/ateliervae.fr\/#organization","name":"ateliervae.fr","url":"https:\/\/ateliervae.fr\/","logo":{"@type":"ImageObject","inLanguage":"fr-FR","@id":"https:\/\/ateliervae.fr\/#\/schema\/logo\/image\/","url":"https:\/\/ateliervae.fr\/wp-content\/uploads\/2026\/04\/ChatGPT-Image-6-avr.-2026-11_58_22.png","contentUrl":"https:\/\/ateliervae.fr\/wp-content\/uploads\/2026\/04\/ChatGPT-Image-6-avr.-2026-11_58_22.png","width":1536,"height":1024,"caption":"ateliervae.fr"},"image":{"@id":"https:\/\/ateliervae.fr\/#\/schema\/logo\/image\/"}}]}},"_links":{"self":[{"href":"https:\/\/ateliervae.fr\/index.php?rest_route=\/wp\/v2\/product\/28326","targetHints":{"allow":["GET"]}}],"collection":[{"href":"https:\/\/ateliervae.fr\/index.php?rest_route=\/wp\/v2\/product"}],"about":[{"href":"https:\/\/ateliervae.fr\/index.php?rest_route=\/wp\/v2\/types\/product"}],"replies":[{"embeddable":true,"href":"https:\/\/ateliervae.fr\/index.php?rest_route=%2Fwp%2Fv2%2Fcomments&post=28326"}],"version-history":[{"count":3,"href":"https:\/\/ateliervae.fr\/index.php?rest_route=\/wp\/v2\/product\/28326\/revisions"}],"predecessor-version":[{"id":28335,"href":"https:\/\/ateliervae.fr\/index.php?rest_route=\/wp\/v2\/product\/28326\/revisions\/28335"}],"wp:featuredmedia":[{"embeddable":true,"href":"https:\/\/ateliervae.fr\/index.php?rest_route=\/wp\/v2\/media\/28303"}],"wp:attachment":[{"href":"https:\/\/ateliervae.fr\/index.php?rest_route=%2Fwp%2Fv2%2Fmedia&parent=28326"}],"wp:term":[{"taxonomy":"product_brand","embeddable":true,"href":"https:\/\/ateliervae.fr\/index.php?rest_route=%2Fwp%2Fv2%2Fproduct_brand&post=28326"},{"taxonomy":"product_cat","embeddable":true,"href":"https:\/\/ateliervae.fr\/index.php?rest_route=%2Fwp%2Fv2%2Fproduct_cat&post=28326"},{"taxonomy":"product_tag","embeddable":true,"href":"https:\/\/ateliervae.fr\/index.php?rest_route=%2Fwp%2Fv2%2Fproduct_tag&post=28326"}],"curies":[{"name":"wp","href":"https:\/\/api.w.org\/{rel}","templated":true}]}}