{"id":28123,"date":"2026-04-22T20:06:23","date_gmt":"2026-04-22T20:06:23","guid":{"rendered":"https:\/\/ateliervae.fr\/?product=bmz-alber-xion-36v-11ah-down-tube"},"modified":"2026-04-23T07:12:35","modified_gmt":"2026-04-23T07:12:35","slug":"bmz-alber-xion-36v-11ah-down-tube","status":"publish","type":"product","link":"https:\/\/ateliervae.fr\/?product=bmz-alber-xion-36v-11ah-down-tube","title":{"rendered":"Batterie pour velos BMZ Alber Xion 36V 11Ah \/396 Wh Down Tube"},"content":{"rendered":"<h2 data-section-id=\"10qs832\" data-start=\"197\" data-end=\"232\">Description d\u00e9taill\u00e9e du produit<\/h2>\n<p data-start=\"234\" data-end=\"584\">La <strong data-start=\"237\" data-end=\"294\">batterie pour v\u00e9los BMZ Alber Xion 36V 11Ah Down Tube<\/strong> est une solution id\u00e9ale pour les cyclistes recherchant une <strong data-start=\"354\" data-end=\"393\">batterie v\u00e9lo haute performance 36V<\/strong> fiable, durable et adapt\u00e9e \u00e0 un usage quotidien ou intensif. Con\u00e7ue avec une <strong data-start=\"471\" data-end=\"505\">technologie lithium-ion e-bike<\/strong>, elle garantit un excellent compromis entre puissance, autonomie et long\u00e9vit\u00e9.<\/p>\n<p data-start=\"586\" data-end=\"866\">Pens\u00e9e pour les v\u00e9los \u00e9lectriques modernes, cette batterie s\u2019int\u00e8gre parfaitement sur le tube diagonal (Down Tube), offrant un design ergonomique et une r\u00e9partition optimale du poids. Elle est particuli\u00e8rement adapt\u00e9e aux VTT \u00e9lectriques, v\u00e9los urbains et trajets longue distance.<\/p>\n<p data-start=\"868\" data-end=\"1159\">Gr\u00e2ce \u00e0 sa capacit\u00e9 de 11Ah (396 Wh), elle assure une <strong data-start=\"922\" data-end=\"960\">autonomie batterie v\u00e9lo \u00e9lectrique<\/strong> allant jusqu\u2019\u00e0 90 km selon les conditions d\u2019utilisation (terrain, assistance, poids du cycliste). Sa gestion intelligente via un syst\u00e8me BMS int\u00e9gr\u00e9 optimise la s\u00e9curit\u00e9 et prolonge la dur\u00e9e de vie.<\/p>\n<p data-start=\"1161\" data-end=\"1356\">Cette batterie fait partie des solutions les plus fiables pour ceux qui recherchent une <strong data-start=\"1249\" data-end=\"1287\">batterie lithium v\u00e9lo rechargeable<\/strong> performante et durable, compatible avec les syst\u00e8mes BMZ Alber Xion.<\/p>\n<div><\/div>\n<div><\/div>\n<h3 data-section-id=\"41imn9\" data-start=\"1583\" data-end=\"1599\">Points forts<\/h3>\n<ul data-start=\"1601\" data-end=\"1822\">\n<li data-section-id=\"1mp57zi\" data-start=\"1601\" data-end=\"1659\">Excellente <strong data-start=\"1614\" data-end=\"1659\">autonomie v\u00e9lo \u00e9lectrique longue distance<\/strong><\/li>\n<li data-section-id=\"1aaczkb\" data-start=\"1660\" data-end=\"1715\">Technologie <strong data-start=\"1674\" data-end=\"1705\">batterie lithium-ion e-bike<\/strong> s\u00e9curis\u00e9e<\/li>\n<li data-section-id=\"zva2s7\" data-start=\"1716\" data-end=\"1745\">Recharge rapide et efficace<\/li>\n<li data-section-id=\"13h4cak\" data-start=\"1746\" data-end=\"1785\">Compatible avec plusieurs mod\u00e8les BMZ<\/li>\n<li data-section-id=\"i580gy\" data-start=\"1786\" data-end=\"1822\">Design int\u00e9gr\u00e9 pour v\u00e9los modernes<\/li>\n<\/ul>\n<h2 data-section-id=\"t5bigv\" data-start=\"1829\" data-end=\"1857\">Tableau technique complet<\/h2>\n<div class=\"TyagGW_tableContainer\">\n<div class=\"group TyagGW_tableWrapper flex flex-col-reverse w-fit\" tabindex=\"-1\">\n<table class=\"w-fit min-w-(--thread-content-width)\" data-start=\"1859\" data-end=\"2438\">\n<thead data-start=\"1859\" data-end=\"1887\">\n<tr data-start=\"1859\" data-end=\"1887\">\n<th class=\"\" data-start=\"1859\" data-end=\"1877\" data-col-size=\"sm\">Caract\u00e9ristique<\/th>\n<th class=\"\" data-start=\"1877\" data-end=\"1887\" data-col-size=\"sm\">D\u00e9tail<\/th>\n<\/tr>\n<\/thead>\n<tbody data-start=\"1916\" data-end=\"2438\">\n<tr data-start=\"1916\" data-end=\"1968\">\n<td data-start=\"1916\" data-end=\"1935\" data-col-size=\"sm\">Type de batterie<\/td>\n<td data-start=\"1935\" data-end=\"1968\" data-col-size=\"sm\"><a href=\"https:\/\/ateliervae.fr\/?product=bosch-powerpack-800-smart-cadre\">Batterie pour v\u00e9lo \u00e9lectrique<\/a><\/td>\n<\/tr>\n<tr data-start=\"1969\" data-end=\"1998\">\n<td data-start=\"1969\" data-end=\"1983\" data-col-size=\"sm\">Technologie<\/td>\n<td data-start=\"1983\" data-end=\"1998\" data-col-size=\"sm\">Lithium-ion<\/td>\n<\/tr>\n<tr data-start=\"1999\" data-end=\"2016\">\n<td data-start=\"1999\" data-end=\"2009\" data-col-size=\"sm\">Voltage<\/td>\n<td data-col-size=\"sm\" data-start=\"2009\" data-end=\"2016\">36V<\/td>\n<\/tr>\n<tr data-start=\"2017\" data-end=\"2045\">\n<td data-start=\"2017\" data-end=\"2028\" data-col-size=\"sm\">Capacit\u00e9<\/td>\n<td data-col-size=\"sm\" data-start=\"2028\" data-end=\"2045\">11Ah (396 Wh)<\/td>\n<\/tr>\n<tr data-start=\"2046\" data-end=\"2080\">\n<td data-start=\"2046\" data-end=\"2066\" data-col-size=\"sm\">Autonomie estim\u00e9e<\/td>\n<td data-col-size=\"sm\" data-start=\"2066\" data-end=\"2080\">50 \u00e0 90 km<\/td>\n<\/tr>\n<tr data-start=\"2081\" data-end=\"2115\">\n<td data-start=\"2081\" data-end=\"2099\" data-col-size=\"sm\">Temps de charge<\/td>\n<td data-col-size=\"sm\" data-start=\"2099\" data-end=\"2115\">4 \u00e0 6 heures<\/td>\n<\/tr>\n<tr data-start=\"2116\" data-end=\"2152\">\n<td data-start=\"2116\" data-end=\"2131\" data-col-size=\"sm\">Dur\u00e9e de vie<\/td>\n<td data-start=\"2131\" data-end=\"2152\" data-col-size=\"sm\">700 \u00e0 1000 cycles<\/td>\n<\/tr>\n<tr data-start=\"2153\" data-end=\"2196\">\n<td data-start=\"2153\" data-end=\"2169\" data-col-size=\"sm\">Compatibilit\u00e9<\/td>\n<td data-col-size=\"sm\" data-start=\"2169\" data-end=\"2196\">Syst\u00e8mes BMZ Alber Xion<\/td>\n<\/tr>\n<tr data-start=\"2197\" data-end=\"2248\">\n<td data-start=\"2197\" data-end=\"2219\" data-col-size=\"sm\">Syst\u00e8me de fixation<\/td>\n<td data-start=\"2219\" data-end=\"2248\" data-col-size=\"sm\">Down Tube (tube diagonal)<\/td>\n<\/tr>\n<tr data-start=\"2249\" data-end=\"2273\">\n<td data-start=\"2249\" data-end=\"2257\" data-col-size=\"sm\">Poids<\/td>\n<td data-col-size=\"sm\" data-start=\"2257\" data-end=\"2273\">Environ 3 kg<\/td>\n<\/tr>\n<tr data-start=\"2274\" data-end=\"2307\">\n<td data-start=\"2274\" data-end=\"2288\" data-col-size=\"sm\">Emplacement<\/td>\n<td data-col-size=\"sm\" data-start=\"2288\" data-end=\"2307\">Cadre (int\u00e9gr\u00e9)<\/td>\n<\/tr>\n<tr data-start=\"2308\" data-end=\"2336\">\n<td data-start=\"2308\" data-end=\"2315\" data-col-size=\"sm\">Type<\/td>\n<td data-col-size=\"sm\" data-start=\"2315\" data-end=\"2336\">Batterie amovible<\/td>\n<\/tr>\n<tr data-start=\"2337\" data-end=\"2363\">\n<td data-start=\"2337\" data-end=\"2348\" data-col-size=\"sm\">S\u00e9curit\u00e9<\/td>\n<td data-col-size=\"sm\" data-start=\"2348\" data-end=\"2363\">BMS int\u00e9gr\u00e9<\/td>\n<\/tr>\n<tr data-start=\"2364\" data-end=\"2408\">\n<td data-start=\"2364\" data-end=\"2392\" data-col-size=\"sm\">Temp\u00e9rature d\u2019utilisation<\/td>\n<td data-col-size=\"sm\" data-start=\"2392\" data-end=\"2408\">-10\u00b0C \u00e0 45\u00b0C<\/td>\n<\/tr>\n<tr data-start=\"2409\" data-end=\"2438\">\n<td data-start=\"2409\" data-end=\"2417\" data-col-size=\"sm\">Gamme<\/td>\n<td data-col-size=\"sm\" data-start=\"2417\" data-end=\"2438\">Haute performance<\/td>\n<\/tr>\n<\/tbody>\n<\/table>\n<\/div>\n<\/div>\n<div><\/div>\n<h2 data-section-id=\"1mu3gfr\" data-start=\"2554\" data-end=\"2575\">Tableau comparatif<\/h2>\n<div class=\"TyagGW_tableContainer\">\n<div class=\"group TyagGW_tableWrapper flex flex-col-reverse w-fit\" tabindex=\"-1\">\n<table class=\"w-fit min-w-(--thread-content-width)\" data-start=\"2577\" data-end=\"3042\">\n<thead data-start=\"2577\" data-end=\"2674\">\n<tr data-start=\"2577\" data-end=\"2674\">\n<th class=\"\" data-start=\"2577\" data-end=\"2586\" data-col-size=\"sm\">Mod\u00e8le<\/th>\n<th class=\"\" data-start=\"2586\" data-end=\"2605\" data-col-size=\"sm\">Type de batterie<\/th>\n<th class=\"\" data-start=\"2605\" data-end=\"2626\" data-col-size=\"sm\">Voltage \/ capacit\u00e9<\/th>\n<th class=\"\" data-start=\"2626\" data-end=\"2638\" data-col-size=\"sm\">Autonomie<\/th>\n<th class=\"\" data-start=\"2638\" data-end=\"2654\" data-col-size=\"sm\">Compatibilit\u00e9<\/th>\n<th class=\"\" data-start=\"2654\" data-end=\"2662\" data-col-size=\"sm\">Poids<\/th>\n<th class=\"\" data-start=\"2662\" data-end=\"2674\" data-col-size=\"sm\">Prix TTC<\/th>\n<\/tr>\n<\/thead>\n<tbody data-start=\"2771\" data-end=\"3042\">\n<tr data-start=\"2771\" data-end=\"2861\">\n<td data-start=\"2771\" data-end=\"2797\" data-col-size=\"sm\">BMZ Alber Xion 36V 11Ah<\/td>\n<td data-col-size=\"sm\" data-start=\"2797\" data-end=\"2811\">Lithium-ion<\/td>\n<td data-col-size=\"sm\" data-start=\"2811\" data-end=\"2824\">36V \/ 11Ah<\/td>\n<td data-col-size=\"sm\" data-start=\"2824\" data-end=\"2835\">50-90 km<\/td>\n<td data-col-size=\"sm\" data-start=\"2835\" data-end=\"2846\">BMZ Xion<\/td>\n<td data-col-size=\"sm\" data-start=\"2846\" data-end=\"2853\">3 kg<\/td>\n<td data-col-size=\"sm\" data-start=\"2853\" data-end=\"2861\">599\u20ac<\/td>\n<\/tr>\n<tr data-start=\"2862\" data-end=\"2953\">\n<td data-start=\"2862\" data-end=\"2889\" data-col-size=\"sm\"><a href=\"https:\/\/ateliervae.fr\/?product=batterie-velo-electrique-occasion-bosch-powerpack-400-cadre-36v-11ah\">Bosch PowerPack 36V 13Ah<\/a><\/td>\n<td data-col-size=\"sm\" data-start=\"2889\" data-end=\"2903\">Lithium-ion<\/td>\n<td data-col-size=\"sm\" data-start=\"2903\" data-end=\"2916\">36V \/ 13Ah<\/td>\n<td data-col-size=\"sm\" data-start=\"2916\" data-end=\"2928\">60-110 km<\/td>\n<td data-col-size=\"sm\" data-start=\"2928\" data-end=\"2936\">Bosch<\/td>\n<td data-col-size=\"sm\" data-start=\"2936\" data-end=\"2945\">2.8 kg<\/td>\n<td data-col-size=\"sm\" data-start=\"2945\" data-end=\"2953\">599\u20ac<\/td>\n<\/tr>\n<tr data-start=\"2954\" data-end=\"3042\">\n<td data-start=\"2954\" data-end=\"2975\" data-col-size=\"sm\"><a href=\"https:\/\/ateliervae.fr\/?product=batterie-panasonic-velo-electrique-36v-13ah\">Panasonic 36V 10Ah<\/a><\/td>\n<td data-col-size=\"sm\" data-start=\"2975\" data-end=\"2989\">Lithium-ion<\/td>\n<td data-col-size=\"sm\" data-start=\"2989\" data-end=\"3002\">36V \/ 10Ah<\/td>\n<td data-col-size=\"sm\" data-start=\"3002\" data-end=\"3013\">45-80 km<\/td>\n<td data-col-size=\"sm\" data-start=\"3013\" data-end=\"3025\">Panasonic<\/td>\n<td data-col-size=\"sm\" data-start=\"3025\" data-end=\"3034\">2.9 kg<\/td>\n<td data-col-size=\"sm\" data-start=\"3034\" data-end=\"3042\">399\u20ac<\/td>\n<\/tr>\n<\/tbody>\n<\/table>\n<\/div>\n<\/div>\n<div><\/div>\n<div><\/div>\n<h2 data-section-id=\"105r1gu\" data-start=\"3275\" data-end=\"3307\">Conclusion<\/h2>\n<p data-start=\"3309\" data-end=\"3627\">La <strong data-start=\"3312\" data-end=\"3339\">BMZ Alber Xion 36V 11Ah<\/strong> se positionne comme une <strong data-start=\"3364\" data-end=\"3403\">batterie v\u00e9lo haute performance 36V<\/strong> id\u00e9ale pour les cyclistes exigeants. Gr\u00e2ce \u00e0 sa technologie lithium-ion, sa bonne autonomie et sa compatibilit\u00e9 fiable, elle r\u00e9pond parfaitement aux besoins des utilisateurs quotidiens comme des amateurs de longues balades.<\/p>\n<p data-start=\"3761\" data-end=\"3875\">\n<h2 data-section-id=\"1hryhf7\" data-start=\"3882\" data-end=\"3888\">FAQ<\/h2>\n<p data-start=\"3890\" data-end=\"4047\"><strong data-start=\"3890\" data-end=\"3932\">Quelle autonomie pour cette batterie ?<\/strong><br data-start=\"3932\" data-end=\"3935\" \/>Elle offre entre 50 et 90 km selon l\u2019utilisation, id\u00e9ale pour une <strong data-start=\"4001\" data-end=\"4046\">autonomie v\u00e9lo \u00e9lectrique longue distance<\/strong>.<\/p>\n<p data-start=\"4049\" data-end=\"4186\"><strong data-start=\"4049\" data-end=\"4088\">Est-elle compatible avec mon v\u00e9lo ?<\/strong><br data-start=\"4088\" data-end=\"4091\" \/>Elle est compatible avec les syst\u00e8mes BMZ Alber Xion. V\u00e9rifiez le mod\u00e8le exact de votre moteur.<\/p>\n<p data-start=\"4188\" data-end=\"4274\"><strong data-start=\"4188\" data-end=\"4225\">Combien de temps dure la charge ?<\/strong><br data-start=\"4225\" data-end=\"4228\" \/>Environ 4 \u00e0 6 heures pour une charge compl\u00e8te.<\/p>\n<p data-start=\"4276\" data-end=\"4398\"><strong data-start=\"4276\" data-end=\"4321\">Peut-on remplacer une batterie ancienne ?<\/strong><br data-start=\"4321\" data-end=\"4324\" \/>Oui, cette batterie est con\u00e7ue pour remplacer les mod\u00e8les BMZ compatibles.<\/p>\n<p data-start=\"4400\" data-end=\"4470\"><strong data-start=\"4400\" data-end=\"4432\">Quelle est sa dur\u00e9e de vie ?<\/strong><br data-start=\"4432\" data-end=\"4435\" \/>Entre 700 et 1000 cycles de charge.<\/p>\n<p data-start=\"4472\" data-end=\"4598\"><strong data-start=\"4472\" data-end=\"4507\">Est-ce une batterie s\u00e9curis\u00e9e ?<\/strong><br data-start=\"4507\" data-end=\"4510\" \/>Oui, elle dispose d\u2019un syst\u00e8me BMS pour \u00e9viter surcharge, surchauffe et courts-circuits.<\/p>\n<p data-start=\"4600\" data-end=\"4720\"><strong data-start=\"4600\" data-end=\"4640\">Est-elle adapt\u00e9e aux longs trajets ?<\/strong><br data-start=\"4640\" data-end=\"4643\" \/>Oui, c\u2019est une excellente <strong data-start=\"4669\" data-end=\"4719\">batterie pour v\u00e9lo \u00e9lectrique longue autonomie<\/strong>.<\/p>\n","protected":false},"excerpt":{"rendered":"<ul data-start=\"4750\" data-end=\"5007\">\n<li data-section-id=\"4sx2rk\" data-start=\"4750\" data-end=\"4808\"><span style=\"color: #99cc00;\">\ud83d\udd0b <strong data-start=\"4755\" data-end=\"4782\">Puissance &amp; autonomie :<\/strong> 36V 11Ah, jusqu\u2019\u00e0 90 km<\/span><\/li>\n<li data-section-id=\"1gf3h74\" data-start=\"4809\" data-end=\"4869\"><span style=\"color: #99cc00;\">\u26a1 <strong data-start=\"4813\" data-end=\"4841\">Technologie &amp; s\u00e9curit\u00e9 :<\/strong> Lithium-ion + BMS int\u00e9gr\u00e9<\/span><\/li>\n<li data-section-id=\"1124qao\" data-start=\"4870\" data-end=\"4920\"><span style=\"color: #99cc00;\">\ud83d\udeb2 <strong data-start=\"4875\" data-end=\"4894\">Compatibilit\u00e9 :<\/strong> Syst\u00e8mes BMZ Alber Xion<\/span><\/li>\n<li data-section-id=\"a0xww8\" data-start=\"4921\" data-end=\"5007\"><span style=\"color: #99cc00;\">\ud83d\udca1 <strong data-start=\"4926\" data-end=\"4944\">Avantage cl\u00e9 :<\/strong> Batterie fiable, performante et durable pour tous les usages<\/span><\/li>\n<\/ul>\n<p data-start=\"3629\" data-end=\"3759\">Si vous recherchez une <strong data-start=\"3652\" data-end=\"3691\">batterie 36V v\u00e9lo \u00e9lectrique fiable<\/strong>, durable et performante, ce mod\u00e8le est un excellent investissement.<\/p>\n<p data-start=\"3761\" data-end=\"3875\">\ud83d\udc49 <strong data-start=\"3764\" data-end=\"3875\">Commandez d\u00e8s maintenant et redonnez vie \u00e0 votre v\u00e9lo \u00e9lectrique avec une batterie performante et durable !<\/strong><\/p>\n","protected":false},"featured_media":28122,"comment_status":"open","ping_status":"closed","template":"","meta":[],"product_brand":[79],"product_cat":[223,227,212,111,113,33,114],"product_tag":[522,478],"class_list":{"0":"post-28123","1":"product","2":"type-product","3":"status-publish","4":"has-post-thumbnail","6":"product_brand-bmz","7":"product_cat-10-15-ah-36v-batterie-integree","8":"product_cat-360-540-wh-10-15-ah-36v-batterie-integree","9":"product_cat-36v-batterie-integree","10":"product_cat-batterie-amovible","11":"product_cat-batterie-integree","12":"product_cat-batteries-de-velos","13":"product_cat-cadre-integre","14":"product_tag-batterie-velo-assistance-electrique-puissante-fiable","15":"product_tag-batterie-velo-electrique","17":"first","18":"outofstock","19":"shipping-taxable","20":"purchasable","21":"product-type-simple"},"yoast_head":"<!-- This site is optimized with the Yoast SEO plugin v27.5 - https:\/\/yoast.com\/product\/yoast-seo-wordpress\/ -->\n<title>Batterie pour velos BMZ Alber Xion 36V 11Ah \/396 Wh Down Tube - ateliervae.fr<\/title>\n<meta name=\"description\" content=\"Batterie v\u00e9lo haute performance 36V d\u00e8s 449\u20ac \u2013 autonomie fiable, recharge rapide et compatibilit\u00e9 optimale pour e-bike.\" \/>\n<meta name=\"robots\" content=\"index, follow, max-snippet:-1, max-image-preview:large, max-video-preview:-1\" \/>\n<link rel=\"canonical\" href=\"https:\/\/ateliervae.fr\/?product=bmz-alber-xion-36v-11ah-down-tube\" \/>\n<meta property=\"og:locale\" content=\"fr_FR\" \/>\n<meta property=\"og:type\" content=\"article\" \/>\n<meta property=\"og:title\" content=\"Batterie pour velos BMZ Alber Xion 36V 11Ah \/396 Wh Down Tube - ateliervae.fr\" \/>\n<meta property=\"og:description\" content=\"Batterie v\u00e9lo haute performance 36V d\u00e8s 449\u20ac \u2013 autonomie fiable, recharge rapide et compatibilit\u00e9 optimale pour e-bike.\" \/>\n<meta property=\"og:url\" content=\"https:\/\/ateliervae.fr\/?product=bmz-alber-xion-36v-11ah-down-tube\" \/>\n<meta property=\"og:site_name\" content=\"ateliervae.fr\" \/>\n<meta property=\"article:modified_time\" content=\"2026-04-23T07:12:35+00:00\" \/>\n<meta property=\"og:image\" content=\"https:\/\/ateliervae.fr\/wp-content\/uploads\/2026\/04\/doc571438.jpg\" \/>\n\t<meta property=\"og:image:width\" content=\"360\" \/>\n\t<meta property=\"og:image:height\" content=\"360\" \/>\n\t<meta property=\"og:image:type\" content=\"image\/jpeg\" \/>\n<meta name=\"twitter:card\" content=\"summary_large_image\" \/>\n<meta name=\"twitter:label1\" content=\"Dur\u00e9e de lecture estim\u00e9e\" \/>\n\t<meta name=\"twitter:data1\" content=\"3 minutes\" \/>\n<script type=\"application\/ld+json\" class=\"yoast-schema-graph\">{\"@context\":\"https:\\\/\\\/schema.org\",\"@graph\":[{\"@type\":\"WebPage\",\"@id\":\"https:\\\/\\\/ateliervae.fr\\\/?product=bmz-alber-xion-36v-11ah-down-tube\",\"url\":\"https:\\\/\\\/ateliervae.fr\\\/?product=bmz-alber-xion-36v-11ah-down-tube\",\"name\":\"Batterie pour velos BMZ Alber Xion 36V 11Ah \\\/396 Wh Down Tube - ateliervae.fr\",\"isPartOf\":{\"@id\":\"https:\\\/\\\/ateliervae.fr\\\/#website\"},\"primaryImageOfPage\":{\"@id\":\"https:\\\/\\\/ateliervae.fr\\\/?product=bmz-alber-xion-36v-11ah-down-tube#primaryimage\"},\"image\":{\"@id\":\"https:\\\/\\\/ateliervae.fr\\\/?product=bmz-alber-xion-36v-11ah-down-tube#primaryimage\"},\"thumbnailUrl\":\"https:\\\/\\\/ateliervae.fr\\\/wp-content\\\/uploads\\\/2026\\\/04\\\/doc571438.jpg\",\"datePublished\":\"2026-04-22T20:06:23+00:00\",\"dateModified\":\"2026-04-23T07:12:35+00:00\",\"description\":\"Batterie v\u00e9lo haute performance 36V d\u00e8s 449\u20ac \u2013 autonomie fiable, recharge rapide et compatibilit\u00e9 optimale pour e-bike.\",\"breadcrumb\":{\"@id\":\"https:\\\/\\\/ateliervae.fr\\\/?product=bmz-alber-xion-36v-11ah-down-tube#breadcrumb\"},\"inLanguage\":\"fr-FR\",\"potentialAction\":[{\"@type\":\"ReadAction\",\"target\":[\"https:\\\/\\\/ateliervae.fr\\\/?product=bmz-alber-xion-36v-11ah-down-tube\"]}]},{\"@type\":\"ImageObject\",\"inLanguage\":\"fr-FR\",\"@id\":\"https:\\\/\\\/ateliervae.fr\\\/?product=bmz-alber-xion-36v-11ah-down-tube#primaryimage\",\"url\":\"https:\\\/\\\/ateliervae.fr\\\/wp-content\\\/uploads\\\/2026\\\/04\\\/doc571438.jpg\",\"contentUrl\":\"https:\\\/\\\/ateliervae.fr\\\/wp-content\\\/uploads\\\/2026\\\/04\\\/doc571438.jpg\",\"width\":360,\"height\":360},{\"@type\":\"BreadcrumbList\",\"@id\":\"https:\\\/\\\/ateliervae.fr\\\/?product=bmz-alber-xion-36v-11ah-down-tube#breadcrumb\",\"itemListElement\":[{\"@type\":\"ListItem\",\"position\":1,\"name\":\"Home\",\"item\":\"https:\\\/\\\/ateliervae.fr\\\/\"},{\"@type\":\"ListItem\",\"position\":2,\"name\":\"Produits\",\"item\":\"https:\\\/\\\/ateliervae.fr\\\/shop\\\/\"},{\"@type\":\"ListItem\",\"position\":3,\"name\":\"Batterie pour velos BMZ Alber Xion 36V 11Ah \\\/396 Wh Down Tube\"}]},{\"@type\":\"WebSite\",\"@id\":\"https:\\\/\\\/ateliervae.fr\\\/#website\",\"url\":\"https:\\\/\\\/ateliervae.fr\\\/\",\"name\":\"ateliervae.fr\",\"description\":\"L\u2019\u00e9nergie au c\u0153ur de vos trajets\",\"publisher\":{\"@id\":\"https:\\\/\\\/ateliervae.fr\\\/#organization\"},\"potentialAction\":[{\"@type\":\"SearchAction\",\"target\":{\"@type\":\"EntryPoint\",\"urlTemplate\":\"https:\\\/\\\/ateliervae.fr\\\/?s={search_term_string}\"},\"query-input\":{\"@type\":\"PropertyValueSpecification\",\"valueRequired\":true,\"valueName\":\"search_term_string\"}}],\"inLanguage\":\"fr-FR\"},{\"@type\":\"Organization\",\"@id\":\"https:\\\/\\\/ateliervae.fr\\\/#organization\",\"name\":\"ateliervae.fr\",\"url\":\"https:\\\/\\\/ateliervae.fr\\\/\",\"logo\":{\"@type\":\"ImageObject\",\"inLanguage\":\"fr-FR\",\"@id\":\"https:\\\/\\\/ateliervae.fr\\\/#\\\/schema\\\/logo\\\/image\\\/\",\"url\":\"https:\\\/\\\/ateliervae.fr\\\/wp-content\\\/uploads\\\/2026\\\/04\\\/ChatGPT-Image-6-avr.-2026-11_58_22.png\",\"contentUrl\":\"https:\\\/\\\/ateliervae.fr\\\/wp-content\\\/uploads\\\/2026\\\/04\\\/ChatGPT-Image-6-avr.-2026-11_58_22.png\",\"width\":1536,\"height\":1024,\"caption\":\"ateliervae.fr\"},\"image\":{\"@id\":\"https:\\\/\\\/ateliervae.fr\\\/#\\\/schema\\\/logo\\\/image\\\/\"}}]}<\/script>\n<!-- \/ Yoast SEO plugin. -->","yoast_head_json":{"title":"Batterie pour velos BMZ Alber Xion 36V 11Ah \/396 Wh Down Tube - ateliervae.fr","description":"Batterie v\u00e9lo haute performance 36V d\u00e8s 449\u20ac \u2013 autonomie fiable, recharge rapide et compatibilit\u00e9 optimale pour e-bike.","robots":{"index":"index","follow":"follow","max-snippet":"max-snippet:-1","max-image-preview":"max-image-preview:large","max-video-preview":"max-video-preview:-1"},"canonical":"https:\/\/ateliervae.fr\/?product=bmz-alber-xion-36v-11ah-down-tube","og_locale":"fr_FR","og_type":"article","og_title":"Batterie pour velos BMZ Alber Xion 36V 11Ah \/396 Wh Down Tube - ateliervae.fr","og_description":"Batterie v\u00e9lo haute performance 36V d\u00e8s 449\u20ac \u2013 autonomie fiable, recharge rapide et compatibilit\u00e9 optimale pour e-bike.","og_url":"https:\/\/ateliervae.fr\/?product=bmz-alber-xion-36v-11ah-down-tube","og_site_name":"ateliervae.fr","article_modified_time":"2026-04-23T07:12:35+00:00","og_image":[{"width":360,"height":360,"url":"https:\/\/ateliervae.fr\/wp-content\/uploads\/2026\/04\/doc571438.jpg","type":"image\/jpeg"}],"twitter_card":"summary_large_image","twitter_misc":{"Dur\u00e9e de lecture estim\u00e9e":"3 minutes"},"schema":{"@context":"https:\/\/schema.org","@graph":[{"@type":"WebPage","@id":"https:\/\/ateliervae.fr\/?product=bmz-alber-xion-36v-11ah-down-tube","url":"https:\/\/ateliervae.fr\/?product=bmz-alber-xion-36v-11ah-down-tube","name":"Batterie pour velos BMZ Alber Xion 36V 11Ah \/396 Wh Down Tube - ateliervae.fr","isPartOf":{"@id":"https:\/\/ateliervae.fr\/#website"},"primaryImageOfPage":{"@id":"https:\/\/ateliervae.fr\/?product=bmz-alber-xion-36v-11ah-down-tube#primaryimage"},"image":{"@id":"https:\/\/ateliervae.fr\/?product=bmz-alber-xion-36v-11ah-down-tube#primaryimage"},"thumbnailUrl":"https:\/\/ateliervae.fr\/wp-content\/uploads\/2026\/04\/doc571438.jpg","datePublished":"2026-04-22T20:06:23+00:00","dateModified":"2026-04-23T07:12:35+00:00","description":"Batterie v\u00e9lo haute performance 36V d\u00e8s 449\u20ac \u2013 autonomie fiable, recharge rapide et compatibilit\u00e9 optimale pour e-bike.","breadcrumb":{"@id":"https:\/\/ateliervae.fr\/?product=bmz-alber-xion-36v-11ah-down-tube#breadcrumb"},"inLanguage":"fr-FR","potentialAction":[{"@type":"ReadAction","target":["https:\/\/ateliervae.fr\/?product=bmz-alber-xion-36v-11ah-down-tube"]}]},{"@type":"ImageObject","inLanguage":"fr-FR","@id":"https:\/\/ateliervae.fr\/?product=bmz-alber-xion-36v-11ah-down-tube#primaryimage","url":"https:\/\/ateliervae.fr\/wp-content\/uploads\/2026\/04\/doc571438.jpg","contentUrl":"https:\/\/ateliervae.fr\/wp-content\/uploads\/2026\/04\/doc571438.jpg","width":360,"height":360},{"@type":"BreadcrumbList","@id":"https:\/\/ateliervae.fr\/?product=bmz-alber-xion-36v-11ah-down-tube#breadcrumb","itemListElement":[{"@type":"ListItem","position":1,"name":"Home","item":"https:\/\/ateliervae.fr\/"},{"@type":"ListItem","position":2,"name":"Produits","item":"https:\/\/ateliervae.fr\/shop\/"},{"@type":"ListItem","position":3,"name":"Batterie pour velos BMZ Alber Xion 36V 11Ah \/396 Wh Down Tube"}]},{"@type":"WebSite","@id":"https:\/\/ateliervae.fr\/#website","url":"https:\/\/ateliervae.fr\/","name":"ateliervae.fr","description":"L\u2019\u00e9nergie au c\u0153ur de vos trajets","publisher":{"@id":"https:\/\/ateliervae.fr\/#organization"},"potentialAction":[{"@type":"SearchAction","target":{"@type":"EntryPoint","urlTemplate":"https:\/\/ateliervae.fr\/?s={search_term_string}"},"query-input":{"@type":"PropertyValueSpecification","valueRequired":true,"valueName":"search_term_string"}}],"inLanguage":"fr-FR"},{"@type":"Organization","@id":"https:\/\/ateliervae.fr\/#organization","name":"ateliervae.fr","url":"https:\/\/ateliervae.fr\/","logo":{"@type":"ImageObject","inLanguage":"fr-FR","@id":"https:\/\/ateliervae.fr\/#\/schema\/logo\/image\/","url":"https:\/\/ateliervae.fr\/wp-content\/uploads\/2026\/04\/ChatGPT-Image-6-avr.-2026-11_58_22.png","contentUrl":"https:\/\/ateliervae.fr\/wp-content\/uploads\/2026\/04\/ChatGPT-Image-6-avr.-2026-11_58_22.png","width":1536,"height":1024,"caption":"ateliervae.fr"},"image":{"@id":"https:\/\/ateliervae.fr\/#\/schema\/logo\/image\/"}}]}},"_links":{"self":[{"href":"https:\/\/ateliervae.fr\/index.php?rest_route=\/wp\/v2\/product\/28123","targetHints":{"allow":["GET"]}}],"collection":[{"href":"https:\/\/ateliervae.fr\/index.php?rest_route=\/wp\/v2\/product"}],"about":[{"href":"https:\/\/ateliervae.fr\/index.php?rest_route=\/wp\/v2\/types\/product"}],"replies":[{"embeddable":true,"href":"https:\/\/ateliervae.fr\/index.php?rest_route=%2Fwp%2Fv2%2Fcomments&post=28123"}],"version-history":[{"count":2,"href":"https:\/\/ateliervae.fr\/index.php?rest_route=\/wp\/v2\/product\/28123\/revisions"}],"predecessor-version":[{"id":28157,"href":"https:\/\/ateliervae.fr\/index.php?rest_route=\/wp\/v2\/product\/28123\/revisions\/28157"}],"wp:featuredmedia":[{"embeddable":true,"href":"https:\/\/ateliervae.fr\/index.php?rest_route=\/wp\/v2\/media\/28122"}],"wp:attachment":[{"href":"https:\/\/ateliervae.fr\/index.php?rest_route=%2Fwp%2Fv2%2Fmedia&parent=28123"}],"wp:term":[{"taxonomy":"product_brand","embeddable":true,"href":"https:\/\/ateliervae.fr\/index.php?rest_route=%2Fwp%2Fv2%2Fproduct_brand&post=28123"},{"taxonomy":"product_cat","embeddable":true,"href":"https:\/\/ateliervae.fr\/index.php?rest_route=%2Fwp%2Fv2%2Fproduct_cat&post=28123"},{"taxonomy":"product_tag","embeddable":true,"href":"https:\/\/ateliervae.fr\/index.php?rest_route=%2Fwp%2Fv2%2Fproduct_tag&post=28123"}],"curies":[{"name":"wp","href":"https:\/\/api.w.org\/{rel}","templated":true}]}}