{"id":27754,"date":"2026-04-20T18:17:08","date_gmt":"2026-04-20T18:17:08","guid":{"rendered":"https:\/\/ateliervae.fr\/shop\/non%20class\u00e9\/panasonic-26v-13ah-batterie-velo-compatible\/panasonic-26v-13ah-batterie-velo-compatible\/"},"modified":"2026-04-20T18:35:13","modified_gmt":"2026-04-20T18:35:13","slug":"panasonic-26v-13ah-batterie-velo-compatible","status":"publish","type":"product","link":"https:\/\/ateliervae.fr\/?product=panasonic-26v-13ah-batterie-velo-compatible","title":{"rendered":"Batterie pour velos Panasonic 26V 13Ah \/ 338 Wh \/compatible"},"content":{"rendered":"<h2 data-section-id=\"gshymi\" data-start=\"221\" data-end=\"282\">1. Description d\u00e9taill\u00e9e de la batterie Panasonic 26V 13Ah<\/h2>\n<p data-start=\"284\" data-end=\"666\">La <strong data-start=\"287\" data-end=\"339\">batterie pour v\u00e9lo \u00e9lectrique Panasonic 26V 13Ah<\/strong> est une solution de remplacement ou d\u2019upgrade id\u00e9ale pour les cyclistes recherchant une <strong data-start=\"428\" data-end=\"473\">batterie v\u00e9lo \u00e9lectrique autonomie longue<\/strong> et une excellente fiabilit\u00e9 sur le long terme. Con\u00e7ue avec une technologie <strong data-start=\"549\" data-end=\"564\">Lithium-ion<\/strong>, elle garantit une excellente densit\u00e9 \u00e9nerg\u00e9tique, une recharge stable et une dur\u00e9e de vie prolong\u00e9e.<\/p>\n<p data-start=\"668\" data-end=\"942\">Cette batterie est particuli\u00e8rement adapt\u00e9e aux v\u00e9los \u00e9lectriques urbains, aux VTC et \u00e0 certains VTT \u00e9lectriques compatibles en 26V. Elle offre une puissance constante, m\u00eame sur les trajets longs ou les mont\u00e9es, ce qui en fait un choix id\u00e9al pour les utilisateurs exigeants.<\/p>\n<p data-start=\"944\" data-end=\"1161\">Gr\u00e2ce \u00e0 sa capacit\u00e9 de <strong data-start=\"967\" data-end=\"975\">13Ah<\/strong>, elle assure une autonomie confortable pour les d\u00e9placements quotidiens ou les randonn\u00e9es prolong\u00e9es. Elle fait partie des r\u00e9f\u00e9rences fiables du march\u00e9 des <strong data-start=\"1132\" data-end=\"1160\">batteries lithium e-bike<\/strong>.<\/p>\n<p data-start=\"1165\" data-end=\"1200\">Ses principaux avantages incluent :<\/p>\n<ul data-start=\"1201\" data-end=\"1413\">\n<li data-section-id=\"1lap15\" data-start=\"1201\" data-end=\"1237\">Une excellente stabilit\u00e9 de charge<\/li>\n<li data-section-id=\"10n19oe\" data-start=\"1238\" data-end=\"1297\">Une compatibilit\u00e9 large avec plusieurs syst\u00e8mes Panasonic<\/li>\n<li data-section-id=\"11ocwfx\" data-start=\"1298\" data-end=\"1359\">Une autonomie optimis\u00e9e pour les trajets urbains et loisirs<\/li>\n<li data-section-id=\"2w9hab\" data-start=\"1360\" data-end=\"1413\">Une s\u00e9curit\u00e9 renforc\u00e9e gr\u00e2ce au syst\u00e8me BMS int\u00e9gr\u00e9<\/li>\n<\/ul>\n<h2 data-section-id=\"vjdw2x\" data-start=\"1420\" data-end=\"1463\"><\/h2>\n<h2 data-section-id=\"vjdw2x\" data-start=\"1420\" data-end=\"1463\">2. Caract\u00e9ristiques techniques compl\u00e8tes<\/h2>\n<div class=\"TyagGW_tableContainer\">\n<div class=\"group TyagGW_tableWrapper flex flex-col-reverse w-fit\" tabindex=\"-1\">\n<table class=\"w-fit min-w-(--thread-content-width)\" data-start=\"1465\" data-end=\"2118\">\n<thead data-start=\"1465\" data-end=\"1493\">\n<tr data-start=\"1465\" data-end=\"1493\">\n<th class=\"\" data-start=\"1465\" data-end=\"1483\" data-col-size=\"sm\">Caract\u00e9ristique<\/th>\n<th class=\"\" data-start=\"1483\" data-end=\"1493\" data-col-size=\"md\">D\u00e9tail<\/th>\n<\/tr>\n<\/thead>\n<tbody data-start=\"1522\" data-end=\"2118\">\n<tr data-start=\"1522\" data-end=\"1574\">\n<td data-start=\"1522\" data-end=\"1541\" data-col-size=\"sm\">Type de batterie<\/td>\n<td data-start=\"1541\" data-end=\"1574\" data-col-size=\"md\"><a href=\"https:\/\/ateliervae.fr\/shop\/batteries-de-velos\/batterie-tube-de-selle\/36v-batterie-tube-de-selle\/15-20-ah-36v-batterie-tube-de-selle\/540-720-wh-15-20-ah-36v-batterie-tube-de-selle\/panasonic-next-generation-36v-15ah-noir\/panasonic-next-generation-36v-15ah-noir\/\">Batterie pour v\u00e9lo \u00e9lectrique<\/a><\/td>\n<\/tr>\n<tr data-start=\"1575\" data-end=\"1604\">\n<td data-start=\"1575\" data-end=\"1589\" data-col-size=\"sm\">Technologie<\/td>\n<td data-start=\"1589\" data-end=\"1604\" data-col-size=\"md\">Lithium-ion<\/td>\n<\/tr>\n<tr data-start=\"1605\" data-end=\"1622\">\n<td data-start=\"1605\" data-end=\"1615\" data-col-size=\"sm\">Voltage<\/td>\n<td data-start=\"1615\" data-end=\"1622\" data-col-size=\"md\">26V<\/td>\n<\/tr>\n<tr data-start=\"1623\" data-end=\"1642\">\n<td data-start=\"1623\" data-end=\"1634\" data-col-size=\"sm\">Capacit\u00e9<\/td>\n<td data-start=\"1634\" data-end=\"1642\" data-col-size=\"md\">13Ah<\/td>\n<\/tr>\n<tr data-start=\"1643\" data-end=\"1671\">\n<td data-start=\"1643\" data-end=\"1653\" data-col-size=\"sm\">\u00c9nergie<\/td>\n<td data-start=\"1653\" data-end=\"1671\" data-col-size=\"md\">Environ 338 Wh<\/td>\n<\/tr>\n<tr data-start=\"1672\" data-end=\"1718\">\n<td data-start=\"1672\" data-end=\"1692\" data-col-size=\"sm\">Autonomie estim\u00e9e<\/td>\n<td data-start=\"1692\" data-end=\"1718\" data-col-size=\"md\">45 \u00e0 90 km selon usage<\/td>\n<\/tr>\n<tr data-start=\"1719\" data-end=\"1753\">\n<td data-start=\"1719\" data-end=\"1737\" data-col-size=\"sm\">Temps de charge<\/td>\n<td data-start=\"1737\" data-end=\"1753\" data-col-size=\"md\">4 \u00e0 6 heures<\/td>\n<\/tr>\n<tr data-start=\"1754\" data-end=\"1790\">\n<td data-start=\"1754\" data-end=\"1769\" data-col-size=\"sm\">Dur\u00e9e de vie<\/td>\n<td data-start=\"1769\" data-end=\"1790\" data-col-size=\"md\">600 \u00e0 1000 cycles<\/td>\n<\/tr>\n<tr data-start=\"1791\" data-end=\"1832\">\n<td data-start=\"1791\" data-end=\"1807\" data-col-size=\"sm\">Compatibilit\u00e9<\/td>\n<td data-start=\"1807\" data-end=\"1832\" data-col-size=\"md\">Moteurs Panasonic 26V<\/td>\n<\/tr>\n<tr data-start=\"1833\" data-end=\"1889\">\n<td data-start=\"1833\" data-end=\"1855\" data-col-size=\"sm\">Syst\u00e8me de fixation<\/td>\n<td data-start=\"1855\" data-end=\"1889\" data-col-size=\"md\">Support cadre ou porte-bagages<\/td>\n<\/tr>\n<tr data-start=\"1890\" data-end=\"1920\">\n<td data-start=\"1890\" data-end=\"1898\" data-col-size=\"sm\">Poids<\/td>\n<td data-start=\"1898\" data-end=\"1920\" data-col-size=\"md\">Environ 2,5 \u00e0 3 kg<\/td>\n<\/tr>\n<tr data-start=\"1921\" data-end=\"1960\">\n<td data-start=\"1921\" data-end=\"1935\" data-col-size=\"sm\">Emplacement<\/td>\n<td data-start=\"1935\" data-end=\"1960\" data-col-size=\"md\">Cadre \/ porte-bagages<\/td>\n<\/tr>\n<tr data-start=\"1961\" data-end=\"2024\">\n<td data-start=\"1961\" data-end=\"1972\" data-col-size=\"sm\">S\u00e9curit\u00e9<\/td>\n<td data-start=\"1972\" data-end=\"2024\" data-col-size=\"md\">BMS int\u00e9gr\u00e9 (protection surcharge et surchauffe)<\/td>\n<\/tr>\n<tr data-start=\"2025\" data-end=\"2070\">\n<td data-start=\"2025\" data-end=\"2053\" data-col-size=\"sm\">Temp\u00e9rature d\u2019utilisation<\/td>\n<td data-start=\"2053\" data-end=\"2070\" data-col-size=\"md\">-10\u00b0C \u00e0 +45\u00b0C<\/td>\n<\/tr>\n<tr data-start=\"2071\" data-end=\"2118\">\n<td data-start=\"2071\" data-end=\"2079\" data-col-size=\"sm\">Gamme<\/td>\n<td data-start=\"2079\" data-end=\"2118\" data-col-size=\"md\">Batterie e-bike Panasonic s\u00e9rie 26V<\/td>\n<\/tr>\n<\/tbody>\n<\/table>\n<\/div>\n<\/div>\n<h2 data-section-id=\"1ks46od\" data-start=\"2127\" data-end=\"2179\"><\/h2>\n<h2 data-section-id=\"1ks46od\" data-start=\"2127\" data-end=\"2179\">3. Tableau comparatif avec batteries concurrentes<\/h2>\n<div class=\"TyagGW_tableContainer\">\n<div class=\"group TyagGW_tableWrapper flex flex-col-reverse w-fit\" tabindex=\"-1\">\n<table class=\"w-fit min-w-(--thread-content-width)\" data-start=\"2181\" data-end=\"2674\">\n<thead data-start=\"2181\" data-end=\"2291\">\n<tr data-start=\"2181\" data-end=\"2291\">\n<th class=\"\" data-start=\"2181\" data-end=\"2190\" data-col-size=\"sm\">Mod\u00e8le<\/th>\n<th class=\"\" data-start=\"2190\" data-end=\"2209\" data-col-size=\"sm\">Type de batterie<\/th>\n<th class=\"\" data-start=\"2209\" data-end=\"2230\" data-col-size=\"sm\">Voltage \/ Capacit\u00e9<\/th>\n<th class=\"\" data-start=\"2230\" data-end=\"2242\" data-col-size=\"sm\">Autonomie<\/th>\n<th class=\"\" data-start=\"2242\" data-end=\"2258\" data-col-size=\"sm\">Compatibilit\u00e9<\/th>\n<th class=\"\" data-start=\"2258\" data-end=\"2266\" data-col-size=\"sm\">Poids<\/th>\n<th class=\"\" data-start=\"2266\" data-end=\"2291\" data-col-size=\"sm\">Prix TTC constructeur<\/th>\n<\/tr>\n<\/thead>\n<tbody data-start=\"2404\" data-end=\"2674\">\n<tr data-start=\"2404\" data-end=\"2496\">\n<td data-start=\"2404\" data-end=\"2425\" data-col-size=\"sm\">Panasonic 26V 13Ah<\/td>\n<td data-start=\"2425\" data-end=\"2439\" data-col-size=\"sm\">Lithium-ion<\/td>\n<td data-start=\"2439\" data-end=\"2452\" data-col-size=\"sm\">26V \/ 13Ah<\/td>\n<td data-start=\"2452\" data-end=\"2463\" data-col-size=\"sm\">45-90 km<\/td>\n<td data-start=\"2463\" data-end=\"2479\" data-col-size=\"sm\">Panasonic 26V<\/td>\n<td data-start=\"2479\" data-end=\"2488\" data-col-size=\"sm\">2.7 kg<\/td>\n<td data-start=\"2488\" data-end=\"2496\" data-col-size=\"sm\">399\u20ac<\/td>\n<\/tr>\n<tr data-start=\"2497\" data-end=\"2588\">\n<td data-start=\"2497\" data-end=\"2518\" data-col-size=\"sm\">GreenCell 36V 12Ah<\/td>\n<td data-start=\"2518\" data-end=\"2532\" data-col-size=\"sm\">Lithium-ion<\/td>\n<td data-start=\"2532\" data-end=\"2545\" data-col-size=\"sm\">36V \/ 12Ah<\/td>\n<td data-start=\"2545\" data-end=\"2557\" data-col-size=\"sm\">50-100 km<\/td>\n<td data-start=\"2557\" data-end=\"2573\" data-col-size=\"sm\">Universel 36V<\/td>\n<td data-start=\"2573\" data-end=\"2580\" data-col-size=\"sm\">3 kg<\/td>\n<td data-start=\"2580\" data-end=\"2588\" data-col-size=\"sm\">420\u20ac<\/td>\n<\/tr>\n<tr data-start=\"2589\" data-end=\"2674\">\n<td data-start=\"2589\" data-end=\"2608\" data-col-size=\"sm\">Samsung 48V 10Ah<\/td>\n<td data-start=\"2608\" data-end=\"2622\" data-col-size=\"sm\">Lithium-ion<\/td>\n<td data-start=\"2622\" data-end=\"2635\" data-col-size=\"sm\">48V \/ 10Ah<\/td>\n<td data-start=\"2635\" data-end=\"2647\" data-col-size=\"sm\">60-110 km<\/td>\n<td data-start=\"2647\" data-end=\"2657\" data-col-size=\"sm\">VTT 48V<\/td>\n<td data-start=\"2657\" data-end=\"2666\" data-col-size=\"sm\">3.2 kg<\/td>\n<td data-start=\"2666\" data-end=\"2674\" data-col-size=\"sm\">450\u20ac<\/td>\n<\/tr>\n<\/tbody>\n<\/table>\n<\/div>\n<\/div>\n<p>&nbsp;<\/p>\n<h2 data-section-id=\"17tvvov\" data-start=\"3189\" data-end=\"3225\">5. Conclusion et appel \u00e0 l\u2019action<\/h2>\n<p data-start=\"3227\" data-end=\"3530\">La <strong data-start=\"3230\" data-end=\"3282\">batterie pour v\u00e9lo \u00e9lectrique Panasonic 26V 13Ah<\/strong> est un choix id\u00e9al pour tous ceux qui recherchent une solution fiable, performante et durable. Gr\u00e2ce \u00e0 sa technologie Lithium-ion et son excellente autonomie, elle r\u00e9pond parfaitement aux besoins des trajets quotidiens comme aux longues distances.<\/p>\n<p data-start=\"3532\" data-end=\"3729\">Si vous souhaitez am\u00e9liorer les performances de votre v\u00e9lo \u00e9lectrique ou remplacer une batterie us\u00e9e, ce mod\u00e8le repr\u00e9sente un excellent investissement en termes de s\u00e9curit\u00e9, puissance et long\u00e9vit\u00e9.<\/p>\n<h2 data-section-id=\"hyjhpb\" data-start=\"3831\" data-end=\"3870\">6. FAQ \u2013 Batterie Panasonic 26V 13Ah<\/h2>\n<p data-start=\"3872\" data-end=\"3988\"><strong data-start=\"3872\" data-end=\"3915\">Quelle autonomie offre cette batterie ?<\/strong><br data-start=\"3915\" data-end=\"3918\" \/>Entre 45 et 90 km selon le terrain, le poids et l\u2019assistance utilis\u00e9e.<\/p>\n<p data-start=\"3990\" data-end=\"4095\"><strong data-start=\"3990\" data-end=\"4029\">Est-elle compatible avec mon v\u00e9lo ?<\/strong><br data-start=\"4029\" data-end=\"4032\" \/>Elle est compatible avec les syst\u00e8mes Panasonic 26V uniquement.<\/p>\n<p data-start=\"4097\" data-end=\"4183\"><strong data-start=\"4097\" data-end=\"4134\">Combien de temps dure la charge ?<\/strong><br data-start=\"4134\" data-end=\"4137\" \/>Environ 4 \u00e0 6 heures pour une charge compl\u00e8te.<\/p>\n<p data-start=\"4185\" data-end=\"4287\"><strong data-start=\"4185\" data-end=\"4230\">Peut-on remplacer une ancienne batterie ?<\/strong><br data-start=\"4230\" data-end=\"4233\" \/>Oui, si votre syst\u00e8me est en 26V Panasonic compatible.<\/p>\n<p data-start=\"4289\" data-end=\"4361\"><strong data-start=\"4289\" data-end=\"4321\">Quelle est sa dur\u00e9e de vie ?<\/strong><br data-start=\"4321\" data-end=\"4324\" \/>Entre 600 et 1000 cycles de recharge.<\/p>\n<p data-start=\"4363\" data-end=\"4466\"><strong data-start=\"4363\" data-end=\"4387\">Est-elle s\u00e9curis\u00e9e ?<\/strong><br data-start=\"4387\" data-end=\"4390\" \/>Oui, elle dispose d\u2019un BMS int\u00e9gr\u00e9 contre les surcharges et courts-circuits.<\/p>\n","protected":false},"excerpt":{"rendered":"<ul data-start=\"4499\" data-end=\"4794\">\n<li data-section-id=\"5lwhj0\" data-start=\"4499\" data-end=\"4582\"><span style=\"color: #99cc00;\">\u26a1 <strong data-start=\"4503\" data-end=\"4531\">Puissance et autonomie :<\/strong> 26V 13Ah pour une longue autonomie jusqu\u2019\u00e0 90 km<\/span><\/li>\n<li data-section-id=\"ngaoob\" data-start=\"4583\" data-end=\"4652\"><span style=\"color: #99cc00;\">\ud83d\udd0b <strong data-start=\"4588\" data-end=\"4617\">Technologie et s\u00e9curit\u00e9 :<\/strong> Lithium-ion avec BMS intelligent<\/span><\/li>\n<li data-section-id=\"145lt83\" data-start=\"4653\" data-end=\"4709\"><span style=\"color: #99cc00;\">\ud83d\udd27 <strong data-start=\"4658\" data-end=\"4677\">Compatibilit\u00e9 :<\/strong> V\u00e9lo \u00e9lectrique Panasonic 26V<\/span><\/li>\n<li data-section-id=\"14n3oxx\" data-start=\"4710\" data-end=\"4794\"><span style=\"color: #99cc00;\">\ud83d\udeb4 <strong data-start=\"4715\" data-end=\"4739\">Avantage principal :<\/strong> Excellente autonomie pour usage quotidien et loisirs<\/span><\/li>\n<\/ul>\n<p><strong>\ud83d\udc49 Passez \u00e0 une autonomie sup\u00e9rieure et redonnez vie \u00e0 votre v\u00e9lo \u00e9lectrique d\u00e8s aujourd\u2019hui.<\/strong><\/p>\n","protected":false},"featured_media":27753,"comment_status":"closed","ping_status":"closed","template":"","meta":[],"product_brand":[],"product_cat":[262,255,265,109,33],"product_tag":[479,481],"class_list":{"0":"post-27754","1":"product","2":"type-product","3":"status-publish","4":"has-post-thumbnail","6":"product_cat-12-15-ah-24v-batterie-porte-bagage","7":"product_cat-24v-batterie-porte-bagage","8":"product_cat-300-360-wh-12-15-ah-24v-batterie-porte-bagage","9":"product_cat-batterie-porte-bagage","10":"product_cat-batteries-de-velos","11":"product_tag-batterie-velo-fiable","12":"product_tag-batterie-velo-securite","14":"first","15":"instock","16":"shipping-taxable","17":"purchasable","18":"product-type-simple"},"yoast_head":"<!-- This site is optimized with the Yoast SEO plugin v27.5 - https:\/\/yoast.com\/product\/yoast-seo-wordpress\/ -->\n<title>Batterie pour velos Panasonic 26V 13Ah \/ 338 Wh \/compatible - ateliervae.fr<\/title>\n<meta name=\"description\" content=\"Batterie pour v\u00e9lo \u00e9lectrique Panasonic 26V 13Ah \u2013 autonomie longue, prix estim\u00e9 350\u20ac \u00e0 500\u20ac, performance fiable pour e-bike urbain et VTT.\" \/>\n<meta name=\"robots\" content=\"index, follow, max-snippet:-1, max-image-preview:large, max-video-preview:-1\" \/>\n<link rel=\"canonical\" href=\"https:\/\/ateliervae.fr\/?product=panasonic-26v-13ah-batterie-velo-compatible\" \/>\n<meta property=\"og:locale\" content=\"fr_FR\" \/>\n<meta property=\"og:type\" content=\"article\" \/>\n<meta property=\"og:title\" content=\"Batterie pour velos Panasonic 26V 13Ah \/ 338 Wh \/compatible - ateliervae.fr\" \/>\n<meta property=\"og:description\" content=\"Batterie pour v\u00e9lo \u00e9lectrique Panasonic 26V 13Ah \u2013 autonomie longue, prix estim\u00e9 350\u20ac \u00e0 500\u20ac, performance fiable pour e-bike urbain et VTT.\" \/>\n<meta property=\"og:url\" content=\"https:\/\/ateliervae.fr\/?product=panasonic-26v-13ah-batterie-velo-compatible\" \/>\n<meta property=\"og:site_name\" content=\"ateliervae.fr\" \/>\n<meta property=\"article:modified_time\" content=\"2026-04-20T18:35:13+00:00\" \/>\n<meta property=\"og:image\" content=\"https:\/\/ateliervae.fr\/wp-content\/uploads\/2026\/04\/basis_formaat_77_.jpg\" \/>\n\t<meta property=\"og:image:width\" content=\"360\" \/>\n\t<meta property=\"og:image:height\" content=\"360\" \/>\n\t<meta property=\"og:image:type\" content=\"image\/jpeg\" \/>\n<meta name=\"twitter:card\" content=\"summary_large_image\" \/>\n<meta name=\"twitter:label1\" content=\"Dur\u00e9e de lecture estim\u00e9e\" \/>\n\t<meta name=\"twitter:data1\" content=\"3 minutes\" \/>\n<script type=\"application\/ld+json\" class=\"yoast-schema-graph\">{\"@context\":\"https:\\\/\\\/schema.org\",\"@graph\":[{\"@type\":\"WebPage\",\"@id\":\"https:\\\/\\\/ateliervae.fr\\\/?product=panasonic-26v-13ah-batterie-velo-compatible\",\"url\":\"https:\\\/\\\/ateliervae.fr\\\/?product=panasonic-26v-13ah-batterie-velo-compatible\",\"name\":\"Batterie pour velos Panasonic 26V 13Ah \\\/ 338 Wh \\\/compatible - ateliervae.fr\",\"isPartOf\":{\"@id\":\"https:\\\/\\\/ateliervae.fr\\\/#website\"},\"primaryImageOfPage\":{\"@id\":\"https:\\\/\\\/ateliervae.fr\\\/?product=panasonic-26v-13ah-batterie-velo-compatible#primaryimage\"},\"image\":{\"@id\":\"https:\\\/\\\/ateliervae.fr\\\/?product=panasonic-26v-13ah-batterie-velo-compatible#primaryimage\"},\"thumbnailUrl\":\"https:\\\/\\\/ateliervae.fr\\\/wp-content\\\/uploads\\\/2026\\\/04\\\/basis_formaat_77_.jpg\",\"datePublished\":\"2026-04-20T18:17:08+00:00\",\"dateModified\":\"2026-04-20T18:35:13+00:00\",\"description\":\"Batterie pour v\u00e9lo \u00e9lectrique Panasonic 26V 13Ah \u2013 autonomie longue, prix estim\u00e9 350\u20ac \u00e0 500\u20ac, performance fiable pour e-bike urbain et VTT.\",\"breadcrumb\":{\"@id\":\"https:\\\/\\\/ateliervae.fr\\\/?product=panasonic-26v-13ah-batterie-velo-compatible#breadcrumb\"},\"inLanguage\":\"fr-FR\",\"potentialAction\":[{\"@type\":\"ReadAction\",\"target\":[\"https:\\\/\\\/ateliervae.fr\\\/?product=panasonic-26v-13ah-batterie-velo-compatible\"]}]},{\"@type\":\"ImageObject\",\"inLanguage\":\"fr-FR\",\"@id\":\"https:\\\/\\\/ateliervae.fr\\\/?product=panasonic-26v-13ah-batterie-velo-compatible#primaryimage\",\"url\":\"https:\\\/\\\/ateliervae.fr\\\/wp-content\\\/uploads\\\/2026\\\/04\\\/basis_formaat_77_.jpg\",\"contentUrl\":\"https:\\\/\\\/ateliervae.fr\\\/wp-content\\\/uploads\\\/2026\\\/04\\\/basis_formaat_77_.jpg\",\"width\":360,\"height\":360,\"caption\":\"batterie v\u00e9lo \u00e9lectrique autonomie longue\"},{\"@type\":\"BreadcrumbList\",\"@id\":\"https:\\\/\\\/ateliervae.fr\\\/?product=panasonic-26v-13ah-batterie-velo-compatible#breadcrumb\",\"itemListElement\":[{\"@type\":\"ListItem\",\"position\":1,\"name\":\"Home\",\"item\":\"https:\\\/\\\/ateliervae.fr\\\/\"},{\"@type\":\"ListItem\",\"position\":2,\"name\":\"Produits\",\"item\":\"https:\\\/\\\/ateliervae.fr\\\/shop\\\/\"},{\"@type\":\"ListItem\",\"position\":3,\"name\":\"Batterie pour velos Panasonic 26V 13Ah \\\/ 338 Wh \\\/compatible\"}]},{\"@type\":\"WebSite\",\"@id\":\"https:\\\/\\\/ateliervae.fr\\\/#website\",\"url\":\"https:\\\/\\\/ateliervae.fr\\\/\",\"name\":\"ateliervae.fr\",\"description\":\"L\u2019\u00e9nergie au c\u0153ur de vos trajets\",\"publisher\":{\"@id\":\"https:\\\/\\\/ateliervae.fr\\\/#organization\"},\"potentialAction\":[{\"@type\":\"SearchAction\",\"target\":{\"@type\":\"EntryPoint\",\"urlTemplate\":\"https:\\\/\\\/ateliervae.fr\\\/?s={search_term_string}\"},\"query-input\":{\"@type\":\"PropertyValueSpecification\",\"valueRequired\":true,\"valueName\":\"search_term_string\"}}],\"inLanguage\":\"fr-FR\"},{\"@type\":\"Organization\",\"@id\":\"https:\\\/\\\/ateliervae.fr\\\/#organization\",\"name\":\"ateliervae.fr\",\"url\":\"https:\\\/\\\/ateliervae.fr\\\/\",\"logo\":{\"@type\":\"ImageObject\",\"inLanguage\":\"fr-FR\",\"@id\":\"https:\\\/\\\/ateliervae.fr\\\/#\\\/schema\\\/logo\\\/image\\\/\",\"url\":\"https:\\\/\\\/ateliervae.fr\\\/wp-content\\\/uploads\\\/2026\\\/04\\\/ChatGPT-Image-6-avr.-2026-11_58_22.png\",\"contentUrl\":\"https:\\\/\\\/ateliervae.fr\\\/wp-content\\\/uploads\\\/2026\\\/04\\\/ChatGPT-Image-6-avr.-2026-11_58_22.png\",\"width\":1536,\"height\":1024,\"caption\":\"ateliervae.fr\"},\"image\":{\"@id\":\"https:\\\/\\\/ateliervae.fr\\\/#\\\/schema\\\/logo\\\/image\\\/\"}}]}<\/script>\n<!-- \/ Yoast SEO plugin. -->","yoast_head_json":{"title":"Batterie pour velos Panasonic 26V 13Ah \/ 338 Wh \/compatible - ateliervae.fr","description":"Batterie pour v\u00e9lo \u00e9lectrique Panasonic 26V 13Ah \u2013 autonomie longue, prix estim\u00e9 350\u20ac \u00e0 500\u20ac, performance fiable pour e-bike urbain et VTT.","robots":{"index":"index","follow":"follow","max-snippet":"max-snippet:-1","max-image-preview":"max-image-preview:large","max-video-preview":"max-video-preview:-1"},"canonical":"https:\/\/ateliervae.fr\/?product=panasonic-26v-13ah-batterie-velo-compatible","og_locale":"fr_FR","og_type":"article","og_title":"Batterie pour velos Panasonic 26V 13Ah \/ 338 Wh \/compatible - ateliervae.fr","og_description":"Batterie pour v\u00e9lo \u00e9lectrique Panasonic 26V 13Ah \u2013 autonomie longue, prix estim\u00e9 350\u20ac \u00e0 500\u20ac, performance fiable pour e-bike urbain et VTT.","og_url":"https:\/\/ateliervae.fr\/?product=panasonic-26v-13ah-batterie-velo-compatible","og_site_name":"ateliervae.fr","article_modified_time":"2026-04-20T18:35:13+00:00","og_image":[{"width":360,"height":360,"url":"https:\/\/ateliervae.fr\/wp-content\/uploads\/2026\/04\/basis_formaat_77_.jpg","type":"image\/jpeg"}],"twitter_card":"summary_large_image","twitter_misc":{"Dur\u00e9e de lecture estim\u00e9e":"3 minutes"},"schema":{"@context":"https:\/\/schema.org","@graph":[{"@type":"WebPage","@id":"https:\/\/ateliervae.fr\/?product=panasonic-26v-13ah-batterie-velo-compatible","url":"https:\/\/ateliervae.fr\/?product=panasonic-26v-13ah-batterie-velo-compatible","name":"Batterie pour velos Panasonic 26V 13Ah \/ 338 Wh \/compatible - ateliervae.fr","isPartOf":{"@id":"https:\/\/ateliervae.fr\/#website"},"primaryImageOfPage":{"@id":"https:\/\/ateliervae.fr\/?product=panasonic-26v-13ah-batterie-velo-compatible#primaryimage"},"image":{"@id":"https:\/\/ateliervae.fr\/?product=panasonic-26v-13ah-batterie-velo-compatible#primaryimage"},"thumbnailUrl":"https:\/\/ateliervae.fr\/wp-content\/uploads\/2026\/04\/basis_formaat_77_.jpg","datePublished":"2026-04-20T18:17:08+00:00","dateModified":"2026-04-20T18:35:13+00:00","description":"Batterie pour v\u00e9lo \u00e9lectrique Panasonic 26V 13Ah \u2013 autonomie longue, prix estim\u00e9 350\u20ac \u00e0 500\u20ac, performance fiable pour e-bike urbain et VTT.","breadcrumb":{"@id":"https:\/\/ateliervae.fr\/?product=panasonic-26v-13ah-batterie-velo-compatible#breadcrumb"},"inLanguage":"fr-FR","potentialAction":[{"@type":"ReadAction","target":["https:\/\/ateliervae.fr\/?product=panasonic-26v-13ah-batterie-velo-compatible"]}]},{"@type":"ImageObject","inLanguage":"fr-FR","@id":"https:\/\/ateliervae.fr\/?product=panasonic-26v-13ah-batterie-velo-compatible#primaryimage","url":"https:\/\/ateliervae.fr\/wp-content\/uploads\/2026\/04\/basis_formaat_77_.jpg","contentUrl":"https:\/\/ateliervae.fr\/wp-content\/uploads\/2026\/04\/basis_formaat_77_.jpg","width":360,"height":360,"caption":"batterie v\u00e9lo \u00e9lectrique autonomie longue"},{"@type":"BreadcrumbList","@id":"https:\/\/ateliervae.fr\/?product=panasonic-26v-13ah-batterie-velo-compatible#breadcrumb","itemListElement":[{"@type":"ListItem","position":1,"name":"Home","item":"https:\/\/ateliervae.fr\/"},{"@type":"ListItem","position":2,"name":"Produits","item":"https:\/\/ateliervae.fr\/shop\/"},{"@type":"ListItem","position":3,"name":"Batterie pour velos Panasonic 26V 13Ah \/ 338 Wh \/compatible"}]},{"@type":"WebSite","@id":"https:\/\/ateliervae.fr\/#website","url":"https:\/\/ateliervae.fr\/","name":"ateliervae.fr","description":"L\u2019\u00e9nergie au c\u0153ur de vos trajets","publisher":{"@id":"https:\/\/ateliervae.fr\/#organization"},"potentialAction":[{"@type":"SearchAction","target":{"@type":"EntryPoint","urlTemplate":"https:\/\/ateliervae.fr\/?s={search_term_string}"},"query-input":{"@type":"PropertyValueSpecification","valueRequired":true,"valueName":"search_term_string"}}],"inLanguage":"fr-FR"},{"@type":"Organization","@id":"https:\/\/ateliervae.fr\/#organization","name":"ateliervae.fr","url":"https:\/\/ateliervae.fr\/","logo":{"@type":"ImageObject","inLanguage":"fr-FR","@id":"https:\/\/ateliervae.fr\/#\/schema\/logo\/image\/","url":"https:\/\/ateliervae.fr\/wp-content\/uploads\/2026\/04\/ChatGPT-Image-6-avr.-2026-11_58_22.png","contentUrl":"https:\/\/ateliervae.fr\/wp-content\/uploads\/2026\/04\/ChatGPT-Image-6-avr.-2026-11_58_22.png","width":1536,"height":1024,"caption":"ateliervae.fr"},"image":{"@id":"https:\/\/ateliervae.fr\/#\/schema\/logo\/image\/"}}]}},"_links":{"self":[{"href":"https:\/\/ateliervae.fr\/index.php?rest_route=\/wp\/v2\/product\/27754","targetHints":{"allow":["GET"]}}],"collection":[{"href":"https:\/\/ateliervae.fr\/index.php?rest_route=\/wp\/v2\/product"}],"about":[{"href":"https:\/\/ateliervae.fr\/index.php?rest_route=\/wp\/v2\/types\/product"}],"replies":[{"embeddable":true,"href":"https:\/\/ateliervae.fr\/index.php?rest_route=%2Fwp%2Fv2%2Fcomments&post=27754"}],"version-history":[{"count":2,"href":"https:\/\/ateliervae.fr\/index.php?rest_route=\/wp\/v2\/product\/27754\/revisions"}],"predecessor-version":[{"id":27767,"href":"https:\/\/ateliervae.fr\/index.php?rest_route=\/wp\/v2\/product\/27754\/revisions\/27767"}],"wp:featuredmedia":[{"embeddable":true,"href":"https:\/\/ateliervae.fr\/index.php?rest_route=\/wp\/v2\/media\/27753"}],"wp:attachment":[{"href":"https:\/\/ateliervae.fr\/index.php?rest_route=%2Fwp%2Fv2%2Fmedia&parent=27754"}],"wp:term":[{"taxonomy":"product_brand","embeddable":true,"href":"https:\/\/ateliervae.fr\/index.php?rest_route=%2Fwp%2Fv2%2Fproduct_brand&post=27754"},{"taxonomy":"product_cat","embeddable":true,"href":"https:\/\/ateliervae.fr\/index.php?rest_route=%2Fwp%2Fv2%2Fproduct_cat&post=27754"},{"taxonomy":"product_tag","embeddable":true,"href":"https:\/\/ateliervae.fr\/index.php?rest_route=%2Fwp%2Fv2%2Fproduct_tag&post=27754"}],"curies":[{"name":"wp","href":"https:\/\/api.w.org\/{rel}","templated":true}]}}