{"id":27590,"date":"2026-04-17T10:28:39","date_gmt":"2026-04-17T10:28:39","guid":{"rendered":"https:\/\/ateliervae.fr\/shop\/non%20class\u00e9\/phylion-sf-03-37v-11ah-batterie-velo-2\/"},"modified":"2026-04-17T11:21:42","modified_gmt":"2026-04-17T11:21:42","slug":"phylion-sf-03-37v-11ah-batterie-velo-2","status":"publish","type":"product","link":"https:\/\/ateliervae.fr\/?product=phylion-sf-03-37v-11ah-batterie-velo-2","title":{"rendered":"Batterie pour velo Phylion SF-03 37V 11Ah Environ 407 Wh"},"content":{"rendered":"<h2 data-section-id=\"cbnwj5\" data-start=\"246\" data-end=\"284\">1. Description d\u00e9taill\u00e9e du produit<\/h2>\n<p data-start=\"286\" data-end=\"585\">La <strong data-start=\"289\" data-end=\"345\">batterie pour v\u00e9lo \u00e9lectrique Phylion SF-03 37V 11Ah<\/strong> est une batterie Lithium-ion con\u00e7ue pour offrir un excellent compromis entre puissance, autonomie et fiabilit\u00e9. Elle s\u2019adresse aux cyclistes recherchant une solution robuste pour leurs trajets quotidiens ou leurs sorties longues distances.<\/p>\n<p data-start=\"587\" data-end=\"891\">Gr\u00e2ce \u00e0 sa technologie <strong data-start=\"610\" data-end=\"637\">batterie lithium e-bike<\/strong>, elle garantit une excellente stabilit\u00e9 \u00e9nerg\u00e9tique et une dur\u00e9e de vie optimis\u00e9e. Compatible avec de nombreux v\u00e9los \u00e9lectriques urbains et VTT \u00e9lectriques, elle constitue une solution id\u00e9ale pour un <strong data-start=\"838\" data-end=\"879\">remplacement batterie v\u00e9lo \u00e9lectrique<\/strong> performant.<\/p>\n<p data-start=\"893\" data-end=\"1242\">Cette batterie se distingue par sa capacit\u00e9 de 11Ah, offrant une <strong data-start=\"958\" data-end=\"996\">autonomie batterie v\u00e9lo \u00e9lectrique<\/strong> confortable pour les d\u00e9placements urbains comme pour les trajets plus exigeants. Elle est \u00e9galement appr\u00e9ci\u00e9e pour sa s\u00e9curit\u00e9 int\u00e9gr\u00e9e et son syst\u00e8me de gestion intelligent (BMS), assurant une utilisation sans risque de surcharge ou surchauffe.<\/p>\n<p data-start=\"1244\" data-end=\"1268\">\ud83d\udc49 2 images du produit :<\/p>\n<div><\/div>\n<div><\/div>\n<hr data-start=\"1435\" data-end=\"1438\" \/>\n<h2 data-section-id=\"19oqy77\" data-start=\"1440\" data-end=\"1471\">2. Tableau technique complet<\/h2>\n<div class=\"TyagGW_tableContainer\">\n<div class=\"group TyagGW_tableWrapper flex flex-col-reverse w-fit\" tabindex=\"-1\">\n<table class=\"w-fit min-w-(--thread-content-width)\" data-start=\"1473\" data-end=\"2140\">\n<thead data-start=\"1473\" data-end=\"1501\">\n<tr data-start=\"1473\" data-end=\"1501\">\n<th class=\"\" data-start=\"1473\" data-end=\"1491\" data-col-size=\"sm\">Caract\u00e9ristique<\/th>\n<th class=\"\" data-start=\"1491\" data-end=\"1501\" data-col-size=\"sm\">D\u00e9tail<\/th>\n<\/tr>\n<\/thead>\n<tbody data-start=\"1530\" data-end=\"2140\">\n<tr data-start=\"1530\" data-end=\"1582\">\n<td data-start=\"1530\" data-end=\"1549\" data-col-size=\"sm\">Type de batterie<\/td>\n<td data-start=\"1549\" data-end=\"1582\" data-col-size=\"sm\">Batterie pour v\u00e9lo \u00e9lectrique<\/td>\n<\/tr>\n<tr data-start=\"1583\" data-end=\"1612\">\n<td data-start=\"1583\" data-end=\"1597\" data-col-size=\"sm\">Technologie<\/td>\n<td data-start=\"1597\" data-end=\"1612\" data-col-size=\"sm\">Lithium-ion<\/td>\n<\/tr>\n<tr data-start=\"1613\" data-end=\"1630\">\n<td data-start=\"1613\" data-end=\"1623\" data-col-size=\"sm\">Voltage<\/td>\n<td data-start=\"1623\" data-end=\"1630\" data-col-size=\"sm\">37V<\/td>\n<\/tr>\n<tr data-start=\"1631\" data-end=\"1650\">\n<td data-start=\"1631\" data-end=\"1642\" data-col-size=\"sm\">Capacit\u00e9<\/td>\n<td data-start=\"1642\" data-end=\"1650\" data-col-size=\"sm\">11Ah<\/td>\n<\/tr>\n<tr data-start=\"1651\" data-end=\"1679\">\n<td data-start=\"1651\" data-end=\"1661\" data-col-size=\"sm\">\u00c9nergie<\/td>\n<td data-start=\"1661\" data-end=\"1679\" data-col-size=\"sm\">Environ 407 Wh<\/td>\n<\/tr>\n<tr data-start=\"1680\" data-end=\"1726\">\n<td data-start=\"1680\" data-end=\"1700\" data-col-size=\"sm\">Autonomie estim\u00e9e<\/td>\n<td data-start=\"1700\" data-end=\"1726\" data-col-size=\"sm\">40 \u00e0 80 km selon usage<\/td>\n<\/tr>\n<tr data-start=\"1727\" data-end=\"1761\">\n<td data-start=\"1727\" data-end=\"1745\" data-col-size=\"sm\">Temps de charge<\/td>\n<td data-start=\"1745\" data-end=\"1761\" data-col-size=\"sm\">4 \u00e0 6 heures<\/td>\n<\/tr>\n<tr data-start=\"1762\" data-end=\"1797\">\n<td data-start=\"1762\" data-end=\"1777\" data-col-size=\"sm\">Dur\u00e9e de vie<\/td>\n<td data-start=\"1777\" data-end=\"1797\" data-col-size=\"sm\">500 \u00e0 800 cycles<\/td>\n<\/tr>\n<tr data-start=\"1798\" data-end=\"1846\">\n<td data-start=\"1798\" data-end=\"1814\" data-col-size=\"sm\">Compatibilit\u00e9<\/td>\n<td data-start=\"1814\" data-end=\"1846\" data-col-size=\"sm\">VAE urbains, VTT \u00e9lectriques<\/td>\n<\/tr>\n<tr data-start=\"1847\" data-end=\"1901\">\n<td data-start=\"1847\" data-end=\"1869\" data-col-size=\"sm\">Syst\u00e8me de fixation<\/td>\n<td data-start=\"1869\" data-end=\"1901\" data-col-size=\"sm\">Rail \/ support Phylion SF-03<\/td>\n<\/tr>\n<tr data-start=\"1902\" data-end=\"1919\">\n<td data-start=\"1902\" data-end=\"1910\" data-col-size=\"sm\">Poids<\/td>\n<td data-start=\"1910\" data-end=\"1919\" data-col-size=\"sm\">~3 kg<\/td>\n<\/tr>\n<tr data-start=\"1920\" data-end=\"1959\">\n<td data-start=\"1920\" data-end=\"1934\" data-col-size=\"sm\">Emplacement<\/td>\n<td data-start=\"1934\" data-end=\"1959\" data-col-size=\"sm\">Porte-bagage ou cadre<\/td>\n<\/tr>\n<tr data-start=\"1960\" data-end=\"2008\">\n<td data-start=\"1960\" data-end=\"1967\" data-col-size=\"sm\">Type<\/td>\n<td data-start=\"1967\" data-end=\"2008\" data-col-size=\"sm\">Batterie rechargeable v\u00e9lo \u00e9lectrique<\/td>\n<\/tr>\n<tr data-start=\"2009\" data-end=\"2057\">\n<td data-start=\"2009\" data-end=\"2020\" data-col-size=\"sm\">S\u00e9curit\u00e9<\/td>\n<td data-start=\"2020\" data-end=\"2057\" data-col-size=\"sm\">BMS int\u00e9gr\u00e9 (protection compl\u00e8te)<\/td>\n<\/tr>\n<tr data-start=\"2058\" data-end=\"2102\">\n<td data-start=\"2058\" data-end=\"2086\" data-col-size=\"sm\">Temp\u00e9rature d\u2019utilisation<\/td>\n<td data-start=\"2086\" data-end=\"2102\" data-col-size=\"sm\">-10\u00b0C \u00e0 45\u00b0C<\/td>\n<\/tr>\n<tr data-start=\"2103\" data-end=\"2140\">\n<td data-start=\"2103\" data-end=\"2111\" data-col-size=\"sm\">Gamme<\/td>\n<td data-start=\"2111\" data-end=\"2140\" data-col-size=\"sm\">Batterie lithium-ion 11Ah<\/td>\n<\/tr>\n<\/tbody>\n<\/table>\n<\/div>\n<\/div>\n<p data-start=\"2142\" data-end=\"2166\">\n<div><\/div>\n<h2 data-section-id=\"a4t7yq\" data-start=\"2258\" data-end=\"2296\">3. Tableau comparatif (concurrence)<\/h2>\n<div class=\"TyagGW_tableContainer\">\n<div class=\"group TyagGW_tableWrapper flex flex-col-reverse w-fit\" tabindex=\"-1\">\n<table class=\"w-fit min-w-(--thread-content-width)\" data-start=\"2298\" data-end=\"2807\">\n<thead data-start=\"2298\" data-end=\"2408\">\n<tr data-start=\"2298\" data-end=\"2408\">\n<th class=\"\" data-start=\"2298\" data-end=\"2307\" data-col-size=\"sm\">Mod\u00e8le<\/th>\n<th class=\"\" data-start=\"2307\" data-end=\"2326\" data-col-size=\"sm\">Type de batterie<\/th>\n<th class=\"\" data-start=\"2326\" data-end=\"2347\" data-col-size=\"sm\">Voltage \/ capacit\u00e9<\/th>\n<th class=\"\" data-start=\"2347\" data-end=\"2359\" data-col-size=\"sm\">Autonomie<\/th>\n<th class=\"\" data-start=\"2359\" data-end=\"2375\" data-col-size=\"sm\">Compatibilit\u00e9<\/th>\n<th class=\"\" data-start=\"2375\" data-end=\"2383\" data-col-size=\"sm\">Poids<\/th>\n<th class=\"\" data-start=\"2383\" data-end=\"2408\" data-col-size=\"sm\">Prix TTC constructeur<\/th>\n<\/tr>\n<\/thead>\n<tbody data-start=\"2523\" data-end=\"2807\">\n<tr data-start=\"2523\" data-end=\"2621\">\n<td data-start=\"2523\" data-end=\"2548\" data-col-size=\"sm\">Phylion SF-03 37V 11Ah<\/td>\n<td data-start=\"2548\" data-end=\"2562\" data-col-size=\"sm\">Lithium-ion<\/td>\n<td data-start=\"2562\" data-end=\"2575\" data-col-size=\"sm\">37V \/ 11Ah<\/td>\n<td data-start=\"2575\" data-end=\"2586\" data-col-size=\"sm\">40\u201380 km<\/td>\n<td data-start=\"2586\" data-end=\"2605\" data-col-size=\"sm\">VAE urbain \/ VTT<\/td>\n<td data-start=\"2605\" data-end=\"2612\" data-col-size=\"sm\">3 kg<\/td>\n<td data-start=\"2612\" data-end=\"2621\" data-col-size=\"sm\">~350\u20ac<\/td>\n<\/tr>\n<tr data-start=\"2622\" data-end=\"2714\">\n<td data-start=\"2622\" data-end=\"2644\" data-col-size=\"sm\">Bosch PowerPack 400<\/td>\n<td data-start=\"2644\" data-end=\"2658\" data-col-size=\"sm\">Lithium-ion<\/td>\n<td data-start=\"2658\" data-end=\"2671\" data-col-size=\"sm\">36V \/ 11Ah<\/td>\n<td data-start=\"2671\" data-end=\"2682\" data-col-size=\"sm\">50\u201390 km<\/td>\n<td data-start=\"2682\" data-end=\"2696\" data-col-size=\"sm\">VAE premium<\/td>\n<td data-start=\"2696\" data-end=\"2705\" data-col-size=\"sm\">2.6 kg<\/td>\n<td data-start=\"2705\" data-end=\"2714\" data-col-size=\"sm\">~450\u20ac<\/td>\n<\/tr>\n<tr data-start=\"2715\" data-end=\"2807\">\n<td data-start=\"2715\" data-end=\"2734\" data-col-size=\"sm\">Shimano BT-E6010<\/td>\n<td data-start=\"2734\" data-end=\"2748\" data-col-size=\"sm\">Lithium-ion<\/td>\n<td data-start=\"2748\" data-end=\"2763\" data-col-size=\"sm\">36V \/ 11.6Ah<\/td>\n<td data-start=\"2763\" data-end=\"2775\" data-col-size=\"sm\">60\u2013100 km<\/td>\n<td data-start=\"2775\" data-end=\"2789\" data-col-size=\"sm\">VAE Shimano<\/td>\n<td data-start=\"2789\" data-end=\"2798\" data-col-size=\"sm\">2.8 kg<\/td>\n<td data-start=\"2798\" data-end=\"2807\" data-col-size=\"sm\">~420\u20ac<\/td>\n<\/tr>\n<\/tbody>\n<\/table>\n<\/div>\n<\/div>\n<p data-start=\"2814\" data-end=\"2850\">\n<h2 data-section-id=\"16jo7hl\" data-start=\"3035\" data-end=\"3079\">4. Avantages de la batterie Phylion SF-03<\/h2>\n<p data-start=\"3081\" data-end=\"3301\">La <strong data-start=\"3084\" data-end=\"3120\">batterie v\u00e9lo performance \u00e9lev\u00e9e<\/strong> Phylion SF-03 offre un excellent rapport qualit\u00e9\/prix pour les utilisateurs recherchant une solution fiable et durable. Elle combine performance, s\u00e9curit\u00e9 et compatibilit\u00e9 \u00e9tendue.<\/p>\n<p data-start=\"3303\" data-end=\"3532\">Gr\u00e2ce \u00e0 sa technologie Lithium-ion, elle am\u00e9liore la dur\u00e9e de vie et garantit une charge stable. Elle est id\u00e9ale pour les utilisateurs cherchant une <strong data-start=\"3452\" data-end=\"3486\">batterie v\u00e9lo longue autonomie<\/strong> sans investir dans des mod\u00e8les haut de gamme.<\/p>\n<h2 data-section-id=\"ff1aj9\" data-start=\"3539\" data-end=\"3574\">5. Conclusion + appel \u00e0 l\u2019action<\/h2>\n<p data-start=\"3576\" data-end=\"3798\">La batterie Phylion SF-03 37V 11Ah est une solution id\u00e9ale pour remplacer ou am\u00e9liorer votre syst\u00e8me d\u2019alimentation \u00e9lectrique. Fiable, performante et s\u00e9curis\u00e9e, elle r\u00e9pond parfaitement aux besoins des cyclistes modernes.<\/p>\n<p data-start=\"3800\" data-end=\"4019\">\n<h2 data-section-id=\"zou4rv\" data-start=\"4026\" data-end=\"4035\">6. FAQ<\/h2>\n<p data-start=\"4037\" data-end=\"4134\"><strong data-start=\"4037\" data-end=\"4080\">Quelle autonomie offre cette batterie ?<\/strong><br data-start=\"4080\" data-end=\"4083\" \/>Entre 40 et 80 km selon le terrain et l\u2019assistance.<\/p>\n<p data-start=\"4136\" data-end=\"4270\"><strong data-start=\"4136\" data-end=\"4193\">Est-elle compatible avec tous les v\u00e9los \u00e9lectriques ?<\/strong><br data-start=\"4193\" data-end=\"4196\" \/>Elle est compatible avec de nombreux mod\u00e8les utilisant un syst\u00e8me Phylion.<\/p>\n<p data-start=\"4272\" data-end=\"4343\"><strong data-start=\"4272\" data-end=\"4319\">Combien de temps pour une charge compl\u00e8te ?<\/strong><br data-start=\"4319\" data-end=\"4322\" \/>Environ 4 \u00e0 6 heures.<\/p>\n<p data-start=\"4345\" data-end=\"4481\"><strong data-start=\"4345\" data-end=\"4401\">Peut-on remplacer une ancienne batterie facilement ?<\/strong><br data-start=\"4401\" data-end=\"4404\" \/>Oui, c\u2019est un mod\u00e8le con\u00e7u pour le <strong data-start=\"4439\" data-end=\"4480\">remplacement batterie v\u00e9lo \u00e9lectrique<\/strong>.<\/p>\n<p data-start=\"4483\" data-end=\"4553\"><strong data-start=\"4483\" data-end=\"4515\">Quelle est sa dur\u00e9e de vie ?<\/strong><br data-start=\"4515\" data-end=\"4518\" \/>Environ 500 \u00e0 800 cycles de charge.<\/p>\n<p data-start=\"4555\" data-end=\"4616\"><strong data-start=\"4555\" data-end=\"4579\">Est-elle s\u00e9curis\u00e9e ?<\/strong><br data-start=\"4579\" data-end=\"4582\" \/>Oui, gr\u00e2ce au syst\u00e8me BMS int\u00e9gr\u00e9.<\/p>\n","protected":false},"excerpt":{"rendered":"<ul data-start=\"4649\" data-end=\"4881\">\n<li data-section-id=\"1voynrp\" data-start=\"4649\" data-end=\"4709\"><span style=\"color: #99cc00;\">\u26a1 Puissance et autonomie optimis\u00e9es pour usage quotidien<\/span><\/li>\n<li data-section-id=\"ndhrzk\" data-start=\"4710\" data-end=\"4761\"><span style=\"color: #99cc00;\">\ud83d\udd0b Technologie Lithium-ion s\u00e9curis\u00e9e et durable<\/span><\/li>\n<li data-section-id=\"1wsdh94\" data-start=\"4762\" data-end=\"4814\"><span style=\"color: #99cc00;\">\ud83d\udd27 Compatibilit\u00e9 avec nombreux v\u00e9los \u00e9lectriques<\/span><\/li>\n<li data-section-id=\"1xo0tnm\" data-start=\"4815\" data-end=\"4881\"><span style=\"color: #99cc00;\">\ud83d\udeb4 Excellent rapport performance\/prix pour usage urbain et VTT<\/span><\/li>\n<\/ul>\n<p>&nbsp;<\/p>\n<ul data-start=\"4649\" data-end=\"4881\">\n<li data-section-id=\"1xo0tnm\" data-start=\"4815\" data-end=\"4881\"><strong>\ud83d\udc49 Passez \u00e0 une meilleure exp\u00e9rience de conduite avec une autonomie optimis\u00e9e et une puissance constante. C\u2019est le choix id\u00e9al pour tous ceux qui recherchent une batterie pour VTT \u00e9lectrique ou v\u00e9lo urbain efficace.<\/strong><\/li>\n<\/ul>\n","protected":false},"featured_media":27534,"comment_status":"open","ping_status":"closed","template":"","meta":[],"product_brand":[86],"product_cat":[267,271,256,109,33],"product_tag":[478,479,480],"class_list":{"0":"post-27590","1":"product","2":"type-product","3":"status-publish","4":"has-post-thumbnail","6":"product_brand-phylion","7":"product_cat-10-15-ah-36v-batterie-porte-bagage","8":"product_cat-360-540-wh-10-15-ah-36v-batterie-porte-bagage","9":"product_cat-36v-batterie-porte-bagage","10":"product_cat-batterie-porte-bagage","11":"product_cat-batteries-de-velos","12":"product_tag-batterie-velo-electrique","13":"product_tag-batterie-velo-fiable","14":"product_tag-batterie-velo-resistante","16":"first","17":"instock","18":"featured","19":"shipping-taxable","20":"purchasable","21":"product-type-simple"},"yoast_head":"<!-- This site is optimized with the Yoast SEO plugin v27.5 - https:\/\/yoast.com\/product\/yoast-seo-wordpress\/ -->\n<title>Batterie pour velo Phylion SF-03 37V 11Ah Environ 407 Wh - ateliervae.fr<\/title>\n<meta name=\"description\" content=\"D\u00e9couvrez la batterie v\u00e9lo performance \u00e9lev\u00e9e Phylion SF-03 37V 11Ah (~350\u20ac), id\u00e9ale pour une autonomie fiable et durable sur v\u00e9lo \u00e9lectrique.\" \/>\n<meta name=\"robots\" content=\"index, follow, max-snippet:-1, max-image-preview:large, max-video-preview:-1\" \/>\n<link rel=\"canonical\" href=\"https:\/\/ateliervae.fr\/?product=phylion-sf-03-37v-11ah-batterie-velo-2\" \/>\n<meta property=\"og:locale\" content=\"fr_FR\" \/>\n<meta property=\"og:type\" content=\"article\" \/>\n<meta property=\"og:title\" content=\"Batterie pour velo Phylion SF-03 37V 11Ah Environ 407 Wh - ateliervae.fr\" \/>\n<meta property=\"og:description\" content=\"D\u00e9couvrez la batterie v\u00e9lo performance \u00e9lev\u00e9e Phylion SF-03 37V 11Ah (~350\u20ac), id\u00e9ale pour une autonomie fiable et durable sur v\u00e9lo \u00e9lectrique.\" \/>\n<meta property=\"og:url\" content=\"https:\/\/ateliervae.fr\/?product=phylion-sf-03-37v-11ah-batterie-velo-2\" \/>\n<meta property=\"og:site_name\" content=\"ateliervae.fr\" \/>\n<meta property=\"article:modified_time\" content=\"2026-04-17T11:21:42+00:00\" \/>\n<meta property=\"og:image\" content=\"https:\/\/ateliervae.fr\/wp-content\/uploads\/2026\/04\/phylion_sf-03_14.5ah_-_driekwartaanzicht_1.jpg\" \/>\n\t<meta property=\"og:image:width\" content=\"360\" \/>\n\t<meta property=\"og:image:height\" content=\"360\" \/>\n\t<meta property=\"og:image:type\" content=\"image\/jpeg\" \/>\n<meta name=\"twitter:card\" content=\"summary_large_image\" \/>\n<meta name=\"twitter:label1\" content=\"Dur\u00e9e de lecture estim\u00e9e\" \/>\n\t<meta name=\"twitter:data1\" content=\"3 minutes\" \/>\n<script type=\"application\/ld+json\" class=\"yoast-schema-graph\">{\"@context\":\"https:\\\/\\\/schema.org\",\"@graph\":[{\"@type\":\"WebPage\",\"@id\":\"https:\\\/\\\/ateliervae.fr\\\/?product=phylion-sf-03-37v-11ah-batterie-velo-2\",\"url\":\"https:\\\/\\\/ateliervae.fr\\\/?product=phylion-sf-03-37v-11ah-batterie-velo-2\",\"name\":\"Batterie pour velo Phylion SF-03 37V 11Ah Environ 407 Wh - ateliervae.fr\",\"isPartOf\":{\"@id\":\"https:\\\/\\\/ateliervae.fr\\\/#website\"},\"primaryImageOfPage\":{\"@id\":\"https:\\\/\\\/ateliervae.fr\\\/?product=phylion-sf-03-37v-11ah-batterie-velo-2#primaryimage\"},\"image\":{\"@id\":\"https:\\\/\\\/ateliervae.fr\\\/?product=phylion-sf-03-37v-11ah-batterie-velo-2#primaryimage\"},\"thumbnailUrl\":\"https:\\\/\\\/ateliervae.fr\\\/wp-content\\\/uploads\\\/2026\\\/04\\\/phylion_sf-03_14.5ah_-_driekwartaanzicht_1.jpg\",\"datePublished\":\"2026-04-17T10:28:39+00:00\",\"dateModified\":\"2026-04-17T11:21:42+00:00\",\"description\":\"D\u00e9couvrez la batterie v\u00e9lo performance \u00e9lev\u00e9e Phylion SF-03 37V 11Ah (~350\u20ac), id\u00e9ale pour une autonomie fiable et durable sur v\u00e9lo \u00e9lectrique.\",\"breadcrumb\":{\"@id\":\"https:\\\/\\\/ateliervae.fr\\\/?product=phylion-sf-03-37v-11ah-batterie-velo-2#breadcrumb\"},\"inLanguage\":\"fr-FR\",\"potentialAction\":[{\"@type\":\"ReadAction\",\"target\":[\"https:\\\/\\\/ateliervae.fr\\\/?product=phylion-sf-03-37v-11ah-batterie-velo-2\"]}]},{\"@type\":\"ImageObject\",\"inLanguage\":\"fr-FR\",\"@id\":\"https:\\\/\\\/ateliervae.fr\\\/?product=phylion-sf-03-37v-11ah-batterie-velo-2#primaryimage\",\"url\":\"https:\\\/\\\/ateliervae.fr\\\/wp-content\\\/uploads\\\/2026\\\/04\\\/phylion_sf-03_14.5ah_-_driekwartaanzicht_1.jpg\",\"contentUrl\":\"https:\\\/\\\/ateliervae.fr\\\/wp-content\\\/uploads\\\/2026\\\/04\\\/phylion_sf-03_14.5ah_-_driekwartaanzicht_1.jpg\",\"width\":360,\"height\":360,\"caption\":\"batterie v\u00e9lo performance \u00e9lev\u00e9e\"},{\"@type\":\"BreadcrumbList\",\"@id\":\"https:\\\/\\\/ateliervae.fr\\\/?product=phylion-sf-03-37v-11ah-batterie-velo-2#breadcrumb\",\"itemListElement\":[{\"@type\":\"ListItem\",\"position\":1,\"name\":\"Home\",\"item\":\"https:\\\/\\\/ateliervae.fr\\\/\"},{\"@type\":\"ListItem\",\"position\":2,\"name\":\"Produits\",\"item\":\"https:\\\/\\\/ateliervae.fr\\\/shop\\\/\"},{\"@type\":\"ListItem\",\"position\":3,\"name\":\"Batterie pour velo Phylion SF-03 37V 11Ah Environ 407 Wh\"}]},{\"@type\":\"WebSite\",\"@id\":\"https:\\\/\\\/ateliervae.fr\\\/#website\",\"url\":\"https:\\\/\\\/ateliervae.fr\\\/\",\"name\":\"ateliervae.fr\",\"description\":\"L\u2019\u00e9nergie au c\u0153ur de vos trajets\",\"publisher\":{\"@id\":\"https:\\\/\\\/ateliervae.fr\\\/#organization\"},\"potentialAction\":[{\"@type\":\"SearchAction\",\"target\":{\"@type\":\"EntryPoint\",\"urlTemplate\":\"https:\\\/\\\/ateliervae.fr\\\/?s={search_term_string}\"},\"query-input\":{\"@type\":\"PropertyValueSpecification\",\"valueRequired\":true,\"valueName\":\"search_term_string\"}}],\"inLanguage\":\"fr-FR\"},{\"@type\":\"Organization\",\"@id\":\"https:\\\/\\\/ateliervae.fr\\\/#organization\",\"name\":\"ateliervae.fr\",\"url\":\"https:\\\/\\\/ateliervae.fr\\\/\",\"logo\":{\"@type\":\"ImageObject\",\"inLanguage\":\"fr-FR\",\"@id\":\"https:\\\/\\\/ateliervae.fr\\\/#\\\/schema\\\/logo\\\/image\\\/\",\"url\":\"https:\\\/\\\/ateliervae.fr\\\/wp-content\\\/uploads\\\/2026\\\/04\\\/ChatGPT-Image-6-avr.-2026-11_58_22.png\",\"contentUrl\":\"https:\\\/\\\/ateliervae.fr\\\/wp-content\\\/uploads\\\/2026\\\/04\\\/ChatGPT-Image-6-avr.-2026-11_58_22.png\",\"width\":1536,\"height\":1024,\"caption\":\"ateliervae.fr\"},\"image\":{\"@id\":\"https:\\\/\\\/ateliervae.fr\\\/#\\\/schema\\\/logo\\\/image\\\/\"}}]}<\/script>\n<!-- \/ Yoast SEO plugin. -->","yoast_head_json":{"title":"Batterie pour velo Phylion SF-03 37V 11Ah Environ 407 Wh - ateliervae.fr","description":"D\u00e9couvrez la batterie v\u00e9lo performance \u00e9lev\u00e9e Phylion SF-03 37V 11Ah (~350\u20ac), id\u00e9ale pour une autonomie fiable et durable sur v\u00e9lo \u00e9lectrique.","robots":{"index":"index","follow":"follow","max-snippet":"max-snippet:-1","max-image-preview":"max-image-preview:large","max-video-preview":"max-video-preview:-1"},"canonical":"https:\/\/ateliervae.fr\/?product=phylion-sf-03-37v-11ah-batterie-velo-2","og_locale":"fr_FR","og_type":"article","og_title":"Batterie pour velo Phylion SF-03 37V 11Ah Environ 407 Wh - ateliervae.fr","og_description":"D\u00e9couvrez la batterie v\u00e9lo performance \u00e9lev\u00e9e Phylion SF-03 37V 11Ah (~350\u20ac), id\u00e9ale pour une autonomie fiable et durable sur v\u00e9lo \u00e9lectrique.","og_url":"https:\/\/ateliervae.fr\/?product=phylion-sf-03-37v-11ah-batterie-velo-2","og_site_name":"ateliervae.fr","article_modified_time":"2026-04-17T11:21:42+00:00","og_image":[{"width":360,"height":360,"url":"https:\/\/ateliervae.fr\/wp-content\/uploads\/2026\/04\/phylion_sf-03_14.5ah_-_driekwartaanzicht_1.jpg","type":"image\/jpeg"}],"twitter_card":"summary_large_image","twitter_misc":{"Dur\u00e9e de lecture estim\u00e9e":"3 minutes"},"schema":{"@context":"https:\/\/schema.org","@graph":[{"@type":"WebPage","@id":"https:\/\/ateliervae.fr\/?product=phylion-sf-03-37v-11ah-batterie-velo-2","url":"https:\/\/ateliervae.fr\/?product=phylion-sf-03-37v-11ah-batterie-velo-2","name":"Batterie pour velo Phylion SF-03 37V 11Ah Environ 407 Wh - ateliervae.fr","isPartOf":{"@id":"https:\/\/ateliervae.fr\/#website"},"primaryImageOfPage":{"@id":"https:\/\/ateliervae.fr\/?product=phylion-sf-03-37v-11ah-batterie-velo-2#primaryimage"},"image":{"@id":"https:\/\/ateliervae.fr\/?product=phylion-sf-03-37v-11ah-batterie-velo-2#primaryimage"},"thumbnailUrl":"https:\/\/ateliervae.fr\/wp-content\/uploads\/2026\/04\/phylion_sf-03_14.5ah_-_driekwartaanzicht_1.jpg","datePublished":"2026-04-17T10:28:39+00:00","dateModified":"2026-04-17T11:21:42+00:00","description":"D\u00e9couvrez la batterie v\u00e9lo performance \u00e9lev\u00e9e Phylion SF-03 37V 11Ah (~350\u20ac), id\u00e9ale pour une autonomie fiable et durable sur v\u00e9lo \u00e9lectrique.","breadcrumb":{"@id":"https:\/\/ateliervae.fr\/?product=phylion-sf-03-37v-11ah-batterie-velo-2#breadcrumb"},"inLanguage":"fr-FR","potentialAction":[{"@type":"ReadAction","target":["https:\/\/ateliervae.fr\/?product=phylion-sf-03-37v-11ah-batterie-velo-2"]}]},{"@type":"ImageObject","inLanguage":"fr-FR","@id":"https:\/\/ateliervae.fr\/?product=phylion-sf-03-37v-11ah-batterie-velo-2#primaryimage","url":"https:\/\/ateliervae.fr\/wp-content\/uploads\/2026\/04\/phylion_sf-03_14.5ah_-_driekwartaanzicht_1.jpg","contentUrl":"https:\/\/ateliervae.fr\/wp-content\/uploads\/2026\/04\/phylion_sf-03_14.5ah_-_driekwartaanzicht_1.jpg","width":360,"height":360,"caption":"batterie v\u00e9lo performance \u00e9lev\u00e9e"},{"@type":"BreadcrumbList","@id":"https:\/\/ateliervae.fr\/?product=phylion-sf-03-37v-11ah-batterie-velo-2#breadcrumb","itemListElement":[{"@type":"ListItem","position":1,"name":"Home","item":"https:\/\/ateliervae.fr\/"},{"@type":"ListItem","position":2,"name":"Produits","item":"https:\/\/ateliervae.fr\/shop\/"},{"@type":"ListItem","position":3,"name":"Batterie pour velo Phylion SF-03 37V 11Ah Environ 407 Wh"}]},{"@type":"WebSite","@id":"https:\/\/ateliervae.fr\/#website","url":"https:\/\/ateliervae.fr\/","name":"ateliervae.fr","description":"L\u2019\u00e9nergie au c\u0153ur de vos trajets","publisher":{"@id":"https:\/\/ateliervae.fr\/#organization"},"potentialAction":[{"@type":"SearchAction","target":{"@type":"EntryPoint","urlTemplate":"https:\/\/ateliervae.fr\/?s={search_term_string}"},"query-input":{"@type":"PropertyValueSpecification","valueRequired":true,"valueName":"search_term_string"}}],"inLanguage":"fr-FR"},{"@type":"Organization","@id":"https:\/\/ateliervae.fr\/#organization","name":"ateliervae.fr","url":"https:\/\/ateliervae.fr\/","logo":{"@type":"ImageObject","inLanguage":"fr-FR","@id":"https:\/\/ateliervae.fr\/#\/schema\/logo\/image\/","url":"https:\/\/ateliervae.fr\/wp-content\/uploads\/2026\/04\/ChatGPT-Image-6-avr.-2026-11_58_22.png","contentUrl":"https:\/\/ateliervae.fr\/wp-content\/uploads\/2026\/04\/ChatGPT-Image-6-avr.-2026-11_58_22.png","width":1536,"height":1024,"caption":"ateliervae.fr"},"image":{"@id":"https:\/\/ateliervae.fr\/#\/schema\/logo\/image\/"}}]}},"_links":{"self":[{"href":"https:\/\/ateliervae.fr\/index.php?rest_route=\/wp\/v2\/product\/27590","targetHints":{"allow":["GET"]}}],"collection":[{"href":"https:\/\/ateliervae.fr\/index.php?rest_route=\/wp\/v2\/product"}],"about":[{"href":"https:\/\/ateliervae.fr\/index.php?rest_route=\/wp\/v2\/types\/product"}],"replies":[{"embeddable":true,"href":"https:\/\/ateliervae.fr\/index.php?rest_route=%2Fwp%2Fv2%2Fcomments&post=27590"}],"version-history":[{"count":2,"href":"https:\/\/ateliervae.fr\/index.php?rest_route=\/wp\/v2\/product\/27590\/revisions"}],"predecessor-version":[{"id":27600,"href":"https:\/\/ateliervae.fr\/index.php?rest_route=\/wp\/v2\/product\/27590\/revisions\/27600"}],"wp:featuredmedia":[{"embeddable":true,"href":"https:\/\/ateliervae.fr\/index.php?rest_route=\/wp\/v2\/media\/27534"}],"wp:attachment":[{"href":"https:\/\/ateliervae.fr\/index.php?rest_route=%2Fwp%2Fv2%2Fmedia&parent=27590"}],"wp:term":[{"taxonomy":"product_brand","embeddable":true,"href":"https:\/\/ateliervae.fr\/index.php?rest_route=%2Fwp%2Fv2%2Fproduct_brand&post=27590"},{"taxonomy":"product_cat","embeddable":true,"href":"https:\/\/ateliervae.fr\/index.php?rest_route=%2Fwp%2Fv2%2Fproduct_cat&post=27590"},{"taxonomy":"product_tag","embeddable":true,"href":"https:\/\/ateliervae.fr\/index.php?rest_route=%2Fwp%2Fv2%2Fproduct_tag&post=27590"}],"curies":[{"name":"wp","href":"https:\/\/api.w.org\/{rel}","templated":true}]}}