{"id":27510,"date":"2026-04-16T18:11:33","date_gmt":"2026-04-16T18:11:33","guid":{"rendered":"https:\/\/ateliervae.fr\/shop\/non%20class\u00e9\/phylion-xh370-13j-dolfijn-36v-15ah-vervangende-fietsaccu\/"},"modified":"2026-04-17T10:19:27","modified_gmt":"2026-04-17T10:19:27","slug":"phylion-xh370-13j-dolfijn-36v-15ah-vervangende-fietsaccu","status":"publish","type":"product","link":"https:\/\/ateliervae.fr\/?product=phylion-xh370-13j-dolfijn-36v-15ah-vervangende-fietsaccu","title":{"rendered":"Batterie pour velo Phylion XH370-13J Dolfijn 36V 15Ah \u2248 540Wh vervangende fietsaccu"},"content":{"rendered":"<h2 data-section-id=\"16sn4z7\" data-start=\"234\" data-end=\"272\">Description d\u00e9taill\u00e9e du produit<\/h2>\n<p>&nbsp;<\/p>\n<p data-start=\"274\" data-end=\"646\">La <strong data-start=\"277\" data-end=\"345\">batterie pour v\u00e9lo \u00e9lectrique Phylion XH370-13J Dolfijn 36V 15Ah<\/strong> est une solution de remplacement haut de gamme con\u00e7ue pour offrir une performance stable avec batterie v\u00e9lo longue dur\u00e9e, une grande autonomie et une excellente durabilit\u00e9. Bas\u00e9e sur la technologie <strong data-start=\"512\" data-end=\"527\">Lithium-ion<\/strong>, elle garantit un excellent rapport poids\/puissance et une efficacit\u00e9 \u00e9nerg\u00e9tique optimale pour tous types de trajets.<\/p>\n<p data-start=\"648\" data-end=\"965\">Cette <strong data-start=\"654\" data-end=\"684\">batterie v\u00e9lo longue dur\u00e9e<\/strong> est particuli\u00e8rement adapt\u00e9e aux utilisateurs de v\u00e9los \u00e9lectriques urbains, VTC et VTT \u00e9lectriques. Gr\u00e2ce \u00e0 sa capacit\u00e9 de 15Ah et son voltage de 36V, elle permet de parcourir de longues distances sans recharge fr\u00e9quente, id\u00e9ale pour les d\u00e9placements quotidiens ou les randonn\u00e9es.<\/p>\n<p data-start=\"967\" data-end=\"1188\">Elle int\u00e8gre un syst\u00e8me de gestion intelligent <strong data-start=\"1014\" data-end=\"1049\">BMS (Battery Management System)<\/strong> qui prot\u00e8ge contre la surcharge, la surchauffe et les courts-circuits, assurant ainsi une s\u00e9curit\u00e9 optimale et une dur\u00e9e de vie prolong\u00e9e.<\/p>\n<p data-start=\"1190\" data-end=\"1347\">\u2714 Autonomie am\u00e9lior\u00e9e pour trajets longue distance<br data-start=\"1240\" data-end=\"1243\" \/>\u2714 Compatibilit\u00e9 avec de nombreux moteurs e-bike 36V<br data-start=\"1294\" data-end=\"1297\" \/>\u2714 Batterie robuste et fiable pour usage intensif<\/p>\n<div><\/div>\n<h2 data-section-id=\"1kq4v9t\" data-start=\"1548\" data-end=\"1594\">4. Tableau technique complet de la batterie<\/h2>\n<div class=\"TyagGW_tableContainer\">\n<div class=\"group TyagGW_tableWrapper flex flex-col-reverse w-fit\" tabindex=\"-1\">\n<table class=\"w-fit min-w-(--thread-content-width)\" data-start=\"1596\" data-end=\"2268\">\n<thead data-start=\"1596\" data-end=\"1624\">\n<tr data-start=\"1596\" data-end=\"1624\">\n<th class=\"\" data-start=\"1596\" data-end=\"1614\" data-col-size=\"sm\">Caract\u00e9ristique<\/th>\n<th class=\"\" data-start=\"1614\" data-end=\"1624\" data-col-size=\"sm\">D\u00e9tail<\/th>\n<\/tr>\n<\/thead>\n<tbody data-start=\"1653\" data-end=\"2268\">\n<tr data-start=\"1653\" data-end=\"1713\">\n<td data-start=\"1653\" data-end=\"1672\" data-col-size=\"sm\">Type de batterie<\/td>\n<td data-start=\"1672\" data-end=\"1713\" data-col-size=\"sm\">Batterie v\u00e9lo \u00e9lectrique rechargeable<\/td>\n<\/tr>\n<tr data-start=\"1714\" data-end=\"1743\">\n<td data-start=\"1714\" data-end=\"1728\" data-col-size=\"sm\">Technologie<\/td>\n<td data-start=\"1728\" data-end=\"1743\" data-col-size=\"sm\">Lithium-ion<\/td>\n<\/tr>\n<tr data-start=\"1744\" data-end=\"1761\">\n<td data-start=\"1744\" data-end=\"1754\" data-col-size=\"sm\">Voltage<\/td>\n<td data-start=\"1754\" data-end=\"1761\" data-col-size=\"sm\">36V<\/td>\n<\/tr>\n<tr data-start=\"1762\" data-end=\"1791\">\n<td data-start=\"1762\" data-end=\"1773\" data-col-size=\"sm\">Capacit\u00e9<\/td>\n<td data-start=\"1773\" data-end=\"1791\" data-col-size=\"sm\">15Ah (\u2248 540Wh)<\/td>\n<\/tr>\n<tr data-start=\"1792\" data-end=\"1838\">\n<td data-start=\"1792\" data-end=\"1812\" data-col-size=\"sm\">Autonomie estim\u00e9e<\/td>\n<td data-start=\"1812\" data-end=\"1838\" data-col-size=\"sm\">60 \u00e0 90 km selon usage<\/td>\n<\/tr>\n<tr data-start=\"1839\" data-end=\"1873\">\n<td data-start=\"1839\" data-end=\"1857\" data-col-size=\"sm\">Temps de charge<\/td>\n<td data-start=\"1857\" data-end=\"1873\" data-col-size=\"sm\">5 \u00e0 7 heures<\/td>\n<\/tr>\n<tr data-start=\"1874\" data-end=\"1910\">\n<td data-start=\"1874\" data-end=\"1889\" data-col-size=\"sm\">Dur\u00e9e de vie<\/td>\n<td data-start=\"1889\" data-end=\"1910\" data-col-size=\"sm\">700 \u00e0 1000 cycles<\/td>\n<\/tr>\n<tr data-start=\"1911\" data-end=\"1967\">\n<td data-start=\"1911\" data-end=\"1927\" data-col-size=\"sm\">Compatibilit\u00e9<\/td>\n<td data-start=\"1927\" data-end=\"1967\" data-col-size=\"sm\">Moteurs 36V (Phylion, Dolfijn, etc.)<\/td>\n<\/tr>\n<tr data-start=\"1968\" data-end=\"2014\">\n<td data-start=\"1968\" data-end=\"1990\" data-col-size=\"sm\">Syst\u00e8me de fixation<\/td>\n<td data-start=\"1990\" data-end=\"2014\" data-col-size=\"sm\">Rail \/ support cadre<\/td>\n<\/tr>\n<tr data-start=\"2015\" data-end=\"2041\">\n<td data-start=\"2015\" data-end=\"2023\" data-col-size=\"sm\">Poids<\/td>\n<td data-start=\"2023\" data-end=\"2041\" data-col-size=\"sm\">Environ 3,5 kg<\/td>\n<\/tr>\n<tr data-start=\"2042\" data-end=\"2095\">\n<td data-start=\"2042\" data-end=\"2056\" data-col-size=\"sm\">Emplacement<\/td>\n<td data-start=\"2056\" data-end=\"2095\" data-col-size=\"sm\">Porte-bagages ou cadre selon mod\u00e8le<\/td>\n<\/tr>\n<tr data-start=\"2096\" data-end=\"2124\">\n<td data-start=\"2096\" data-end=\"2103\" data-col-size=\"sm\">Type<\/td>\n<td data-start=\"2103\" data-end=\"2124\" data-col-size=\"sm\">Batterie amovible<\/td>\n<\/tr>\n<tr data-start=\"2125\" data-end=\"2168\">\n<td data-start=\"2125\" data-end=\"2136\" data-col-size=\"sm\">S\u00e9curit\u00e9<\/td>\n<td data-start=\"2136\" data-end=\"2168\" data-col-size=\"sm\">BMS int\u00e9gr\u00e9 multi-protection<\/td>\n<\/tr>\n<tr data-start=\"2169\" data-end=\"2214\">\n<td data-start=\"2169\" data-end=\"2197\" data-col-size=\"sm\">Temp\u00e9rature d\u2019utilisation<\/td>\n<td data-start=\"2197\" data-end=\"2214\" data-col-size=\"sm\">-10\u00b0C \u00e0 +45\u00b0C<\/td>\n<\/tr>\n<tr data-start=\"2215\" data-end=\"2268\">\n<td data-start=\"2215\" data-end=\"2231\" data-col-size=\"sm\">Ann\u00e9e \/ gamme<\/td>\n<td data-start=\"2231\" data-end=\"2268\" data-col-size=\"sm\">G\u00e9n\u00e9ration r\u00e9cente e-bike premium<\/td>\n<\/tr>\n<\/tbody>\n<\/table>\n<\/div>\n<\/div>\n<div><\/div>\n<h2 data-section-id=\"aj7k93\" data-start=\"2369\" data-end=\"2409\">5. Tableau comparatif (2 concurrents)<\/h2>\n<div class=\"TyagGW_tableContainer\">\n<div class=\"group TyagGW_tableWrapper flex flex-col-reverse w-fit\" tabindex=\"-1\">\n<table class=\"w-fit min-w-(--thread-content-width)\" data-start=\"2411\" data-end=\"2918\">\n<thead data-start=\"2411\" data-end=\"2521\">\n<tr data-start=\"2411\" data-end=\"2521\">\n<th class=\"\" data-start=\"2411\" data-end=\"2420\" data-col-size=\"sm\">Mod\u00e8le<\/th>\n<th class=\"\" data-start=\"2420\" data-end=\"2439\" data-col-size=\"sm\">Type de batterie<\/th>\n<th class=\"\" data-start=\"2439\" data-end=\"2460\" data-col-size=\"sm\">Voltage \/ capacit\u00e9<\/th>\n<th class=\"\" data-start=\"2460\" data-end=\"2472\" data-col-size=\"sm\">Autonomie<\/th>\n<th class=\"\" data-start=\"2472\" data-end=\"2488\" data-col-size=\"sm\">Compatibilit\u00e9<\/th>\n<th class=\"\" data-start=\"2488\" data-end=\"2496\" data-col-size=\"sm\">Poids<\/th>\n<th class=\"\" data-start=\"2496\" data-end=\"2521\" data-col-size=\"sm\">Prix TTC constructeur<\/th>\n<\/tr>\n<\/thead>\n<tbody data-start=\"2633\" data-end=\"2918\">\n<tr data-start=\"2633\" data-end=\"2729\">\n<td data-start=\"2633\" data-end=\"2653\" data-col-size=\"sm\">Phylion XH370-13J<\/td>\n<td data-start=\"2653\" data-end=\"2667\" data-col-size=\"sm\">Lithium-ion<\/td>\n<td data-start=\"2667\" data-end=\"2680\" data-col-size=\"sm\">36V \/ 15Ah<\/td>\n<td data-start=\"2680\" data-end=\"2691\" data-col-size=\"sm\">60\u201390 km<\/td>\n<td data-start=\"2691\" data-end=\"2711\" data-col-size=\"sm\">VAE 36V universel<\/td>\n<td data-start=\"2711\" data-end=\"2720\" data-col-size=\"sm\">3,5 kg<\/td>\n<td data-start=\"2720\" data-end=\"2729\" data-col-size=\"sm\">449 \u20ac<\/td>\n<\/tr>\n<tr data-start=\"2730\" data-end=\"2826\">\n<td data-start=\"2730\" data-end=\"2752\" data-col-size=\"sm\"><a href=\"https:\/\/ateliervae.fr\/shop\/batteries-de-velos\/batterie-porte-bagage\/36v-batterie-porte-bagage\/10-15-ah-36v-batterie-porte-bagage\/360-540-wh-10-15-ah-36v-batterie-porte-bagage\/bosch-powerpack-500-smart-porte-bagages\/\">Bosch PowerPack 500<\/a><\/td>\n<td data-start=\"2752\" data-end=\"2766\" data-col-size=\"sm\">Lithium-ion<\/td>\n<td data-start=\"2766\" data-end=\"2781\" data-col-size=\"sm\">36V \/ 13,4Ah<\/td>\n<td data-start=\"2781\" data-end=\"2792\" data-col-size=\"sm\">50\u201380 km<\/td>\n<td data-start=\"2792\" data-end=\"2808\" data-col-size=\"sm\">Syst\u00e8me Bosch<\/td>\n<td data-start=\"2808\" data-end=\"2817\" data-col-size=\"sm\">2,8 kg<\/td>\n<td data-start=\"2817\" data-end=\"2826\" data-col-size=\"sm\">549 \u20ac<\/td>\n<\/tr>\n<tr data-start=\"2827\" data-end=\"2918\">\n<td data-start=\"2827\" data-end=\"2846\" data-col-size=\"sm\">Shimano BT-E8016<\/td>\n<td data-start=\"2846\" data-end=\"2860\" data-col-size=\"sm\">Lithium-ion<\/td>\n<td data-start=\"2860\" data-end=\"2873\" data-col-size=\"sm\">36V \/ 14Ah<\/td>\n<td data-start=\"2873\" data-end=\"2884\" data-col-size=\"sm\">55\u201385 km<\/td>\n<td data-start=\"2884\" data-end=\"2900\" data-col-size=\"sm\">Shimano Steps<\/td>\n<td data-start=\"2900\" data-end=\"2909\" data-col-size=\"sm\">3,2 kg<\/td>\n<td data-start=\"2909\" data-end=\"2918\" data-col-size=\"sm\">529 \u20ac<\/td>\n<\/tr>\n<\/tbody>\n<\/table>\n<\/div>\n<\/div>\n<p data-start=\"2920\" data-end=\"3093\">\u2714 La Phylion se distingue par un excellent rapport autonomie\/prix, id\u00e9al pour les utilisateurs recherchant une <strong data-start=\"3031\" data-end=\"3067\">batterie 36V 48V v\u00e9lo \u00e9lectrique<\/strong> performante sans surco\u00fbt.<\/p>\n<div><\/div>\n<h2 data-section-id=\"yeup86\" data-start=\"3281\" data-end=\"3316\">6. Conclusion<\/h2>\n<p data-start=\"3318\" data-end=\"3606\">La <strong data-start=\"3321\" data-end=\"3360\">batterie Phylion XH370-13J 36V 15Ah<\/strong> est un choix id\u00e9al pour tous ceux qui recherchent une <strong data-start=\"3415\" data-end=\"3445\">batterie v\u00e9lo longue dur\u00e9e<\/strong> fiable, performante et s\u00e9curis\u00e9e. Elle combine autonomie \u00e9lev\u00e9e, technologie Lithium-ion moderne et excellente compatibilit\u00e9 avec de nombreux v\u00e9los \u00e9lectriques.<\/p>\n<p data-start=\"3608\" data-end=\"3744\">Gr\u00e2ce \u00e0 sa capacit\u00e9 optimis\u00e9e et son syst\u00e8me de protection avanc\u00e9, elle garantit une exp\u00e9rience de conduite fluide et sans interruption.<\/p>\n<p data-start=\"3746\" data-end=\"3873\">\ud83d\udc49 Am\u00e9liorez d\u00e8s maintenant l\u2019autonomie de votre v\u00e9lo \u00e9lectrique et profitez de trajets plus longs sans contrainte de recharge.<\/p>\n<h2 data-section-id=\"xsfmkq\" data-start=\"3880\" data-end=\"3889\"><\/h2>\n<h2 data-section-id=\"xsfmkq\" data-start=\"3880\" data-end=\"3889\">7. FAQ<\/h2>\n<p data-start=\"3891\" data-end=\"3997\"><strong data-start=\"3891\" data-end=\"3933\">Quelle autonomie pour cette batterie ?<\/strong><br data-start=\"3933\" data-end=\"3936\" \/>Entre 60 et 90 km selon le terrain et le niveau d\u2019assistance.<\/p>\n<p data-start=\"3999\" data-end=\"4115\"><strong data-start=\"3999\" data-end=\"4038\">Est-elle compatible avec mon v\u00e9lo ?<\/strong><br data-start=\"4038\" data-end=\"4041\" \/>Oui, si votre v\u00e9lo utilise une batterie 36V compatible Phylion ou Dolfijn.<\/p>\n<p data-start=\"4117\" data-end=\"4203\"><strong data-start=\"4117\" data-end=\"4154\">Combien de temps dure la charge ?<\/strong><br data-start=\"4154\" data-end=\"4157\" \/>Environ 5 \u00e0 7 heures pour une charge compl\u00e8te.<\/p>\n<p data-start=\"4205\" data-end=\"4321\"><strong data-start=\"4205\" data-end=\"4250\">Peut-on remplacer une batterie ancienne ?<\/strong><br data-start=\"4250\" data-end=\"4253\" \/>Oui, elle est con\u00e7ue comme batterie de remplacement universelle 36V.<\/p>\n<p data-start=\"4323\" data-end=\"4397\"><strong data-start=\"4323\" data-end=\"4355\">Quelle est sa dur\u00e9e de vie ?<\/strong><br data-start=\"4355\" data-end=\"4358\" \/>En moyenne 700 \u00e0 1000 cycles de charge.<\/p>\n<p data-start=\"4399\" data-end=\"4491\"><strong data-start=\"4399\" data-end=\"4423\">Est-elle s\u00e9curis\u00e9e ?<\/strong><br data-start=\"4423\" data-end=\"4426\" \/>Oui, gr\u00e2ce au syst\u00e8me BMS int\u00e9gr\u00e9 contre surcharge et surchauffe.<\/p>\n","protected":false},"excerpt":{"rendered":"<ul>\n<li data-section-id=\"bq6p2p\" data-start=\"4524\" data-end=\"4589\"><span style=\"color: #99cc00;\">\ud83d\udd0b Puissance et autonomie \u00e9lev\u00e9e pour trajets longue distance<\/span><\/li>\n<li data-section-id=\"s4mykj\" data-start=\"4590\" data-end=\"4647\"><span style=\"color: #99cc00;\">\u2699\ufe0f Technologie Lithium-ion s\u00e9curis\u00e9e avec BMS int\u00e9gr\u00e9<\/span><\/li>\n<li data-section-id=\"1trtjsn\" data-start=\"4648\" data-end=\"4701\"><span style=\"color: #99cc00;\">\ud83d\udeb2 Compatibilit\u00e9 large avec v\u00e9los \u00e9lectriques 36V<\/span><\/li>\n<li data-section-id=\"j6eahz\" data-start=\"4702\" data-end=\"4784\"><span style=\"color: #99cc00;\">\u2b50 Excellent rapport qualit\u00e9\/prix pour une batterie v\u00e9lo \u00e9lectrique performante<\/span><\/li>\n<\/ul>\n<p data-start=\"3746\" data-end=\"3873\"><strong>\ud83d\udc49 Am\u00e9liorez d\u00e8s maintenant l\u2019autonomie de votre v\u00e9lo \u00e9lectrique et profitez de trajets plus longs sans contrainte de recharge.<\/strong><\/p>\n","protected":false},"featured_media":27509,"comment_status":"open","ping_status":"closed","template":"","meta":[],"product_brand":[86],"product_cat":[267,271,256,109,33],"product_tag":[478,480],"class_list":{"0":"post-27510","1":"product","2":"type-product","3":"status-publish","4":"has-post-thumbnail","6":"product_brand-phylion","7":"product_cat-10-15-ah-36v-batterie-porte-bagage","8":"product_cat-360-540-wh-10-15-ah-36v-batterie-porte-bagage","9":"product_cat-36v-batterie-porte-bagage","10":"product_cat-batterie-porte-bagage","11":"product_cat-batteries-de-velos","12":"product_tag-batterie-velo-electrique","13":"product_tag-batterie-velo-resistante","15":"first","16":"instock","17":"sale","18":"shipping-taxable","19":"purchasable","20":"product-type-simple"},"yoast_head":"<!-- This site is optimized with the Yoast SEO plugin v27.5 - https:\/\/yoast.com\/product\/yoast-seo-wordpress\/ -->\n<title>Batterie pour velo Phylion XH370-13J Dolfijn 36V 15Ah \u2248 540Wh vervangende fietsaccu - ateliervae.fr<\/title>\n<meta name=\"description\" content=\"Batterie v\u00e9lo longue dur\u00e9e Phylion 36V 15Ah, autonomie \u00e9lev\u00e9e ~80 km, id\u00e9ale pour v\u00e9lo \u00e9lectrique, performance fiable et recharge optimis\u00e9e.\" \/>\n<meta name=\"robots\" content=\"index, follow, max-snippet:-1, max-image-preview:large, max-video-preview:-1\" \/>\n<link rel=\"canonical\" href=\"https:\/\/ateliervae.fr\/?product=phylion-xh370-13j-dolfijn-36v-15ah-vervangende-fietsaccu\" \/>\n<meta property=\"og:locale\" content=\"fr_FR\" \/>\n<meta property=\"og:type\" content=\"article\" \/>\n<meta property=\"og:title\" content=\"Batterie pour velo Phylion XH370-13J Dolfijn 36V 15Ah \u2248 540Wh vervangende fietsaccu - ateliervae.fr\" \/>\n<meta property=\"og:description\" content=\"Batterie v\u00e9lo longue dur\u00e9e Phylion 36V 15Ah, autonomie \u00e9lev\u00e9e ~80 km, id\u00e9ale pour v\u00e9lo \u00e9lectrique, performance fiable et recharge optimis\u00e9e.\" \/>\n<meta property=\"og:url\" content=\"https:\/\/ateliervae.fr\/?product=phylion-xh370-13j-dolfijn-36v-15ah-vervangende-fietsaccu\" \/>\n<meta property=\"og:site_name\" content=\"ateliervae.fr\" \/>\n<meta property=\"article:modified_time\" content=\"2026-04-17T10:19:27+00:00\" \/>\n<meta property=\"og:image\" content=\"https:\/\/ateliervae.fr\/wp-content\/uploads\/2026\/04\/ebbe.ph_.016_bovenkant.jpg\" \/>\n\t<meta property=\"og:image:width\" content=\"360\" \/>\n\t<meta property=\"og:image:height\" content=\"360\" \/>\n\t<meta property=\"og:image:type\" content=\"image\/jpeg\" \/>\n<meta name=\"twitter:card\" content=\"summary_large_image\" \/>\n<meta name=\"twitter:label1\" content=\"Dur\u00e9e de lecture estim\u00e9e\" \/>\n\t<meta name=\"twitter:data1\" content=\"3 minutes\" \/>\n<script type=\"application\/ld+json\" class=\"yoast-schema-graph\">{\"@context\":\"https:\\\/\\\/schema.org\",\"@graph\":[{\"@type\":\"WebPage\",\"@id\":\"https:\\\/\\\/ateliervae.fr\\\/?product=phylion-xh370-13j-dolfijn-36v-15ah-vervangende-fietsaccu\",\"url\":\"https:\\\/\\\/ateliervae.fr\\\/?product=phylion-xh370-13j-dolfijn-36v-15ah-vervangende-fietsaccu\",\"name\":\"Batterie pour velo Phylion XH370-13J Dolfijn 36V 15Ah \u2248 540Wh vervangende fietsaccu - ateliervae.fr\",\"isPartOf\":{\"@id\":\"https:\\\/\\\/ateliervae.fr\\\/#website\"},\"primaryImageOfPage\":{\"@id\":\"https:\\\/\\\/ateliervae.fr\\\/?product=phylion-xh370-13j-dolfijn-36v-15ah-vervangende-fietsaccu#primaryimage\"},\"image\":{\"@id\":\"https:\\\/\\\/ateliervae.fr\\\/?product=phylion-xh370-13j-dolfijn-36v-15ah-vervangende-fietsaccu#primaryimage\"},\"thumbnailUrl\":\"https:\\\/\\\/ateliervae.fr\\\/wp-content\\\/uploads\\\/2026\\\/04\\\/ebbe.ph_.016_bovenkant.jpg\",\"datePublished\":\"2026-04-16T18:11:33+00:00\",\"dateModified\":\"2026-04-17T10:19:27+00:00\",\"description\":\"Batterie v\u00e9lo longue dur\u00e9e Phylion 36V 15Ah, autonomie \u00e9lev\u00e9e ~80 km, id\u00e9ale pour v\u00e9lo \u00e9lectrique, performance fiable et recharge optimis\u00e9e.\",\"breadcrumb\":{\"@id\":\"https:\\\/\\\/ateliervae.fr\\\/?product=phylion-xh370-13j-dolfijn-36v-15ah-vervangende-fietsaccu#breadcrumb\"},\"inLanguage\":\"fr-FR\",\"potentialAction\":[{\"@type\":\"ReadAction\",\"target\":[\"https:\\\/\\\/ateliervae.fr\\\/?product=phylion-xh370-13j-dolfijn-36v-15ah-vervangende-fietsaccu\"]}]},{\"@type\":\"ImageObject\",\"inLanguage\":\"fr-FR\",\"@id\":\"https:\\\/\\\/ateliervae.fr\\\/?product=phylion-xh370-13j-dolfijn-36v-15ah-vervangende-fietsaccu#primaryimage\",\"url\":\"https:\\\/\\\/ateliervae.fr\\\/wp-content\\\/uploads\\\/2026\\\/04\\\/ebbe.ph_.016_bovenkant.jpg\",\"contentUrl\":\"https:\\\/\\\/ateliervae.fr\\\/wp-content\\\/uploads\\\/2026\\\/04\\\/ebbe.ph_.016_bovenkant.jpg\",\"width\":360,\"height\":360,\"caption\":\"batterie v\u00e9lo longue dur\u00e9e\"},{\"@type\":\"BreadcrumbList\",\"@id\":\"https:\\\/\\\/ateliervae.fr\\\/?product=phylion-xh370-13j-dolfijn-36v-15ah-vervangende-fietsaccu#breadcrumb\",\"itemListElement\":[{\"@type\":\"ListItem\",\"position\":1,\"name\":\"Home\",\"item\":\"https:\\\/\\\/ateliervae.fr\\\/\"},{\"@type\":\"ListItem\",\"position\":2,\"name\":\"Produits\",\"item\":\"https:\\\/\\\/ateliervae.fr\\\/shop\\\/\"},{\"@type\":\"ListItem\",\"position\":3,\"name\":\"Batterie pour velo Phylion XH370-13J Dolfijn 36V 15Ah \u2248 540Wh vervangende fietsaccu\"}]},{\"@type\":\"WebSite\",\"@id\":\"https:\\\/\\\/ateliervae.fr\\\/#website\",\"url\":\"https:\\\/\\\/ateliervae.fr\\\/\",\"name\":\"ateliervae.fr\",\"description\":\"L\u2019\u00e9nergie au c\u0153ur de vos trajets\",\"publisher\":{\"@id\":\"https:\\\/\\\/ateliervae.fr\\\/#organization\"},\"potentialAction\":[{\"@type\":\"SearchAction\",\"target\":{\"@type\":\"EntryPoint\",\"urlTemplate\":\"https:\\\/\\\/ateliervae.fr\\\/?s={search_term_string}\"},\"query-input\":{\"@type\":\"PropertyValueSpecification\",\"valueRequired\":true,\"valueName\":\"search_term_string\"}}],\"inLanguage\":\"fr-FR\"},{\"@type\":\"Organization\",\"@id\":\"https:\\\/\\\/ateliervae.fr\\\/#organization\",\"name\":\"ateliervae.fr\",\"url\":\"https:\\\/\\\/ateliervae.fr\\\/\",\"logo\":{\"@type\":\"ImageObject\",\"inLanguage\":\"fr-FR\",\"@id\":\"https:\\\/\\\/ateliervae.fr\\\/#\\\/schema\\\/logo\\\/image\\\/\",\"url\":\"https:\\\/\\\/ateliervae.fr\\\/wp-content\\\/uploads\\\/2026\\\/04\\\/ChatGPT-Image-6-avr.-2026-11_58_22.png\",\"contentUrl\":\"https:\\\/\\\/ateliervae.fr\\\/wp-content\\\/uploads\\\/2026\\\/04\\\/ChatGPT-Image-6-avr.-2026-11_58_22.png\",\"width\":1536,\"height\":1024,\"caption\":\"ateliervae.fr\"},\"image\":{\"@id\":\"https:\\\/\\\/ateliervae.fr\\\/#\\\/schema\\\/logo\\\/image\\\/\"}}]}<\/script>\n<!-- \/ Yoast SEO plugin. -->","yoast_head_json":{"title":"Batterie pour velo Phylion XH370-13J Dolfijn 36V 15Ah \u2248 540Wh vervangende fietsaccu - ateliervae.fr","description":"Batterie v\u00e9lo longue dur\u00e9e Phylion 36V 15Ah, autonomie \u00e9lev\u00e9e ~80 km, id\u00e9ale pour v\u00e9lo \u00e9lectrique, performance fiable et recharge optimis\u00e9e.","robots":{"index":"index","follow":"follow","max-snippet":"max-snippet:-1","max-image-preview":"max-image-preview:large","max-video-preview":"max-video-preview:-1"},"canonical":"https:\/\/ateliervae.fr\/?product=phylion-xh370-13j-dolfijn-36v-15ah-vervangende-fietsaccu","og_locale":"fr_FR","og_type":"article","og_title":"Batterie pour velo Phylion XH370-13J Dolfijn 36V 15Ah \u2248 540Wh vervangende fietsaccu - ateliervae.fr","og_description":"Batterie v\u00e9lo longue dur\u00e9e Phylion 36V 15Ah, autonomie \u00e9lev\u00e9e ~80 km, id\u00e9ale pour v\u00e9lo \u00e9lectrique, performance fiable et recharge optimis\u00e9e.","og_url":"https:\/\/ateliervae.fr\/?product=phylion-xh370-13j-dolfijn-36v-15ah-vervangende-fietsaccu","og_site_name":"ateliervae.fr","article_modified_time":"2026-04-17T10:19:27+00:00","og_image":[{"width":360,"height":360,"url":"https:\/\/ateliervae.fr\/wp-content\/uploads\/2026\/04\/ebbe.ph_.016_bovenkant.jpg","type":"image\/jpeg"}],"twitter_card":"summary_large_image","twitter_misc":{"Dur\u00e9e de lecture estim\u00e9e":"3 minutes"},"schema":{"@context":"https:\/\/schema.org","@graph":[{"@type":"WebPage","@id":"https:\/\/ateliervae.fr\/?product=phylion-xh370-13j-dolfijn-36v-15ah-vervangende-fietsaccu","url":"https:\/\/ateliervae.fr\/?product=phylion-xh370-13j-dolfijn-36v-15ah-vervangende-fietsaccu","name":"Batterie pour velo Phylion XH370-13J Dolfijn 36V 15Ah \u2248 540Wh vervangende fietsaccu - ateliervae.fr","isPartOf":{"@id":"https:\/\/ateliervae.fr\/#website"},"primaryImageOfPage":{"@id":"https:\/\/ateliervae.fr\/?product=phylion-xh370-13j-dolfijn-36v-15ah-vervangende-fietsaccu#primaryimage"},"image":{"@id":"https:\/\/ateliervae.fr\/?product=phylion-xh370-13j-dolfijn-36v-15ah-vervangende-fietsaccu#primaryimage"},"thumbnailUrl":"https:\/\/ateliervae.fr\/wp-content\/uploads\/2026\/04\/ebbe.ph_.016_bovenkant.jpg","datePublished":"2026-04-16T18:11:33+00:00","dateModified":"2026-04-17T10:19:27+00:00","description":"Batterie v\u00e9lo longue dur\u00e9e Phylion 36V 15Ah, autonomie \u00e9lev\u00e9e ~80 km, id\u00e9ale pour v\u00e9lo \u00e9lectrique, performance fiable et recharge optimis\u00e9e.","breadcrumb":{"@id":"https:\/\/ateliervae.fr\/?product=phylion-xh370-13j-dolfijn-36v-15ah-vervangende-fietsaccu#breadcrumb"},"inLanguage":"fr-FR","potentialAction":[{"@type":"ReadAction","target":["https:\/\/ateliervae.fr\/?product=phylion-xh370-13j-dolfijn-36v-15ah-vervangende-fietsaccu"]}]},{"@type":"ImageObject","inLanguage":"fr-FR","@id":"https:\/\/ateliervae.fr\/?product=phylion-xh370-13j-dolfijn-36v-15ah-vervangende-fietsaccu#primaryimage","url":"https:\/\/ateliervae.fr\/wp-content\/uploads\/2026\/04\/ebbe.ph_.016_bovenkant.jpg","contentUrl":"https:\/\/ateliervae.fr\/wp-content\/uploads\/2026\/04\/ebbe.ph_.016_bovenkant.jpg","width":360,"height":360,"caption":"batterie v\u00e9lo longue dur\u00e9e"},{"@type":"BreadcrumbList","@id":"https:\/\/ateliervae.fr\/?product=phylion-xh370-13j-dolfijn-36v-15ah-vervangende-fietsaccu#breadcrumb","itemListElement":[{"@type":"ListItem","position":1,"name":"Home","item":"https:\/\/ateliervae.fr\/"},{"@type":"ListItem","position":2,"name":"Produits","item":"https:\/\/ateliervae.fr\/shop\/"},{"@type":"ListItem","position":3,"name":"Batterie pour velo Phylion XH370-13J Dolfijn 36V 15Ah \u2248 540Wh vervangende fietsaccu"}]},{"@type":"WebSite","@id":"https:\/\/ateliervae.fr\/#website","url":"https:\/\/ateliervae.fr\/","name":"ateliervae.fr","description":"L\u2019\u00e9nergie au c\u0153ur de vos trajets","publisher":{"@id":"https:\/\/ateliervae.fr\/#organization"},"potentialAction":[{"@type":"SearchAction","target":{"@type":"EntryPoint","urlTemplate":"https:\/\/ateliervae.fr\/?s={search_term_string}"},"query-input":{"@type":"PropertyValueSpecification","valueRequired":true,"valueName":"search_term_string"}}],"inLanguage":"fr-FR"},{"@type":"Organization","@id":"https:\/\/ateliervae.fr\/#organization","name":"ateliervae.fr","url":"https:\/\/ateliervae.fr\/","logo":{"@type":"ImageObject","inLanguage":"fr-FR","@id":"https:\/\/ateliervae.fr\/#\/schema\/logo\/image\/","url":"https:\/\/ateliervae.fr\/wp-content\/uploads\/2026\/04\/ChatGPT-Image-6-avr.-2026-11_58_22.png","contentUrl":"https:\/\/ateliervae.fr\/wp-content\/uploads\/2026\/04\/ChatGPT-Image-6-avr.-2026-11_58_22.png","width":1536,"height":1024,"caption":"ateliervae.fr"},"image":{"@id":"https:\/\/ateliervae.fr\/#\/schema\/logo\/image\/"}}]}},"_links":{"self":[{"href":"https:\/\/ateliervae.fr\/index.php?rest_route=\/wp\/v2\/product\/27510","targetHints":{"allow":["GET"]}}],"collection":[{"href":"https:\/\/ateliervae.fr\/index.php?rest_route=\/wp\/v2\/product"}],"about":[{"href":"https:\/\/ateliervae.fr\/index.php?rest_route=\/wp\/v2\/types\/product"}],"replies":[{"embeddable":true,"href":"https:\/\/ateliervae.fr\/index.php?rest_route=%2Fwp%2Fv2%2Fcomments&post=27510"}],"version-history":[{"count":2,"href":"https:\/\/ateliervae.fr\/index.php?rest_route=\/wp\/v2\/product\/27510\/revisions"}],"predecessor-version":[{"id":27585,"href":"https:\/\/ateliervae.fr\/index.php?rest_route=\/wp\/v2\/product\/27510\/revisions\/27585"}],"wp:featuredmedia":[{"embeddable":true,"href":"https:\/\/ateliervae.fr\/index.php?rest_route=\/wp\/v2\/media\/27509"}],"wp:attachment":[{"href":"https:\/\/ateliervae.fr\/index.php?rest_route=%2Fwp%2Fv2%2Fmedia&parent=27510"}],"wp:term":[{"taxonomy":"product_brand","embeddable":true,"href":"https:\/\/ateliervae.fr\/index.php?rest_route=%2Fwp%2Fv2%2Fproduct_brand&post=27510"},{"taxonomy":"product_cat","embeddable":true,"href":"https:\/\/ateliervae.fr\/index.php?rest_route=%2Fwp%2Fv2%2Fproduct_cat&post=27510"},{"taxonomy":"product_tag","embeddable":true,"href":"https:\/\/ateliervae.fr\/index.php?rest_route=%2Fwp%2Fv2%2Fproduct_tag&post=27510"}],"curies":[{"name":"wp","href":"https:\/\/api.w.org\/{rel}","templated":true}]}}