{"id":28926,"date":"2026-05-07T09:04:11","date_gmt":"2026-05-07T09:04:11","guid":{"rendered":"https:\/\/ateliervae.fr\/?page_id=28926"},"modified":"2026-05-07T09:24:23","modified_gmt":"2026-05-07T09:24:23","slug":"mentions-legales","status":"publish","type":"page","link":"https:\/\/ateliervae.fr\/?page_id=28926","title":{"rendered":"Mentions l\u00e9gales"},"content":{"rendered":"\t\t<div data-elementor-type=\"wp-page\" data-elementor-id=\"28926\" class=\"elementor elementor-28926\">\n\t\t\t\t<div class=\"elementor-element elementor-element-05a3e78 e-con-full e-flex e-con e-parent\" data-id=\"05a3e78\" data-element_type=\"container\" data-e-type=\"container\">\n\t\t<div class=\"wd-negative-gap elementor-element elementor-element-2cb2e9d e-flex e-con-boxed e-con e-child\" data-id=\"2cb2e9d\" data-element_type=\"container\" data-e-type=\"container\">\n\t\t\t\t\t<div class=\"e-con-inner\">\n\t\t\t\t<div class=\"elementor-element elementor-element-0ea572c color-scheme-inherit text-left elementor-widget elementor-widget-text-editor\" data-id=\"0ea572c\" data-element_type=\"widget\" data-e-type=\"widget\" data-widget_type=\"text-editor.default\">\n\t\t\t\t\t\t\t\t\t<p data-start=\"234\" data-end=\"249\"><strong data-start=\"234\" data-end=\"249\">Atelier VAE<\/strong><\/p><h2 data-section-id=\"mkenxo\" data-start=\"251\" data-end=\"291\">1. Informations sur l\u2019\u00e9diteur du site<\/h2><p data-start=\"293\" data-end=\"332\">Le site <strong data-start=\"301\" data-end=\"316\">Atelier VAE<\/strong> est \u00e9dit\u00e9 par :<\/p><p data-start=\"334\" data-end=\"609\"><strong data-start=\"334\" data-end=\"359\">Nom de l\u2019entreprise :<\/strong> Atelier VAE<br data-start=\"371\" data-end=\"374\" \/><strong data-start=\"374\" data-end=\"395\">Forme juridique :<\/strong> <em data-start=\"396\" data-end=\"443\">SAS<\/em><br data-start=\"443\" data-end=\"446\" \/><strong data-start=\"446\" data-end=\"466\">Capital social :<\/strong> 152 449,02<br data-start=\"484\" data-end=\"487\" \/><strong data-start=\"487\" data-end=\"516\">Adresse du si\u00e8ge social :<\/strong> 37 RUE DU GENERAL PATTON, 44110 CHATEAUBRIANT<br data-start=\"532\" data-end=\"535\" \/><strong data-start=\"535\" data-end=\"557\">Email de contact :<\/strong><strong>atelier@ateliervae.fr<\/strong><\/p><p data-start=\"334\" data-end=\"609\"><strong data-start=\"576\" data-end=\"591\">T\u00e9l\u00e9phone :<\/strong><strong>+33 099 321 312<\/strong><\/p><div class=\"whb-space-element \"><strong data-start=\"611\" data-end=\"644\">Directeur de la publication :<\/strong> <em data-start=\"645\" data-end=\"677\">lucas VIKOV<\/em><\/div><div>\u00a0<\/div><hr data-start=\"681\" data-end=\"684\" \/><h2 data-section-id=\"1jaxrbb\" data-start=\"686\" data-end=\"711\">2. H\u00e9bergement du site<\/h2><p data-start=\"713\" data-end=\"738\">Le site est h\u00e9berg\u00e9 par :<\/p><p data-start=\"740\" data-end=\"882\"><strong data-start=\"740\" data-end=\"755\">H\u00e9bergeur :<\/strong> <em data-start=\"756\" data-end=\"789\">\u00a0 Hostinger<\/em><br data-start=\"789\" data-end=\"792\" \/><strong data-start=\"792\" data-end=\"805\">Adresse :<\/strong> 37 RUE DU GENERAL PATTON, 44110 CHATEAUBRIANT<br data-start=\"839\" data-end=\"842\" \/><strong data-start=\"842\" data-end=\"856\">Site web :<\/strong><a href=\"https:\/\/ateliervae.fr\/\">https:\/\/ateliervae.fr\/\u00a0<\/a><\/p><h2 data-section-id=\"152pup1\" data-start=\"889\" data-end=\"903\">3. Activit\u00e9<\/h2><p data-start=\"905\" data-end=\"959\">Le site <strong data-start=\"913\" data-end=\"928\">Atelier VAE<\/strong> propose la vente en ligne de :<\/p><ul data-start=\"961\" data-end=\"1082\"><li data-section-id=\"174e24p\" data-start=\"961\" data-end=\"1004\">pi\u00e8ces d\u00e9tach\u00e9es pour v\u00e9los \u00e9lectriques<\/li><li data-section-id=\"1vrc553\" data-start=\"1005\" data-end=\"1043\">accessoires pour v\u00e9los \u00e9lectriques<\/li><li data-section-id=\"etohl2\" data-start=\"1044\" data-end=\"1082\">composants et \u00e9quipements pour VAE<\/li><\/ul><h2 data-section-id=\"uod61o\" data-start=\"1089\" data-end=\"1119\">4. Propri\u00e9t\u00e9 intellectuelle<\/h2><p data-start=\"1121\" data-end=\"1286\">L\u2019ensemble du contenu pr\u00e9sent sur le site <strong data-start=\"1163\" data-end=\"1178\">Atelier VAE<\/strong> (textes, images, logos, \u00e9l\u00e9ments graphiques, etc.) est prot\u00e9g\u00e9 par le droit de la propri\u00e9t\u00e9 intellectuelle.<\/p><p data-start=\"1288\" data-end=\"1378\">Toute reproduction, distribution ou utilisation sans autorisation pr\u00e9alable est interdite.<\/p><h2 data-section-id=\"npd6o2\" data-start=\"1385\" data-end=\"1411\">5. Donn\u00e9es personnelles<\/h2><p data-start=\"1413\" data-end=\"1507\">Les informations personnelles collect\u00e9es sur le site sont utilis\u00e9es uniquement dans le cadre :<\/p><ul data-start=\"1509\" data-end=\"1626\"><li data-section-id=\"s1zylz\" data-start=\"1509\" data-end=\"1540\">du traitement des commandes<\/li><li data-section-id=\"1dwioak\" data-start=\"1541\" data-end=\"1576\">de la gestion du service client<\/li><li data-section-id=\"gsog37\" data-start=\"1577\" data-end=\"1626\">de l\u2019am\u00e9lioration de l\u2019exp\u00e9rience utilisateur<\/li><\/ul><p data-start=\"1628\" data-end=\"1788\">Conform\u00e9ment au <strong data-start=\"1644\" data-end=\"1702\">R\u00e8glement G\u00e9n\u00e9ral sur la Protection des Donn\u00e9es (RGPD)<\/strong>, vous disposez d\u2019un droit d\u2019acc\u00e8s, de rectification et de suppression de vos donn\u00e9es.<\/p><p data-start=\"1790\" data-end=\"1838\">\ud83d\udc49 Pour toute demande : <em data-start=\"1814\" data-end=\"1838\">(ton email de contact)<\/em><\/p><h2 data-section-id=\"tydf3e\" data-start=\"1845\" data-end=\"1858\">6. Cookies<\/h2><p data-start=\"1860\" data-end=\"1903\">Le site peut utiliser des cookies afin de :<\/p><ul data-start=\"1905\" data-end=\"2005\"><li data-section-id=\"7o67t1\" data-start=\"1905\" data-end=\"1932\">am\u00e9liorer la navigation<\/li><li data-section-id=\"1lvgs5x\" data-start=\"1933\" data-end=\"1955\">analyser le trafic<\/li><li data-section-id=\"ljlxb1\" data-start=\"1956\" data-end=\"2005\">proposer une meilleure exp\u00e9rience utilisateur<\/li><\/ul><p data-start=\"2007\" data-end=\"2081\">Vous pouvez d\u00e9sactiver les cookies via les param\u00e8tres de votre navigateur.<\/p><h2 data-section-id=\"3mkz8o\" data-start=\"2088\" data-end=\"2108\">7. Responsabilit\u00e9<\/h2><p data-start=\"2110\" data-end=\"2191\">Le site <strong data-start=\"2118\" data-end=\"2133\">Atelier VAE<\/strong> s\u2019efforce de fournir des informations pr\u00e9cises et \u00e0 jour.<\/p><p data-start=\"2193\" data-end=\"2238\">Cependant, il ne peut \u00eatre tenu responsable :<\/p><ul data-start=\"2240\" data-end=\"2369\"><li data-section-id=\"1qcxgkk\" data-start=\"2240\" data-end=\"2268\">des erreurs ou omissions<\/li><li data-section-id=\"r15gyc\" data-start=\"2269\" data-end=\"2301\">de l\u2019indisponibilit\u00e9 du site<\/li><li data-section-id=\"570omc\" data-start=\"2302\" data-end=\"2369\">de dommages li\u00e9s \u00e0 l\u2019utilisation du site ou des produits vendus<\/li><\/ul><h2 data-section-id=\"1qwm4pm\" data-start=\"2376\" data-end=\"2398\">8. Droit applicable<\/h2><p data-start=\"2400\" data-end=\"2503\">Les pr\u00e9sentes mentions l\u00e9gales sont r\u00e9gies par le droit en vigueur dans le pays d\u2019exploitation du site.<\/p><p data-start=\"2505\" data-end=\"2591\">En cas de litige, une solution amiable sera privil\u00e9gi\u00e9e avant toute action judiciaire.<\/p><h2 data-section-id=\"1vqt0fm\" data-start=\"2598\" data-end=\"2611\">9. Contact<\/h2><p data-start=\"2613\" data-end=\"2668\">Pour toute question concernant le site ou son contenu :<\/p><p data-start=\"2670\" data-end=\"2729\">\ud83d\udce9 Email : <span style=\"color: #3366ff;\"><strong>atelier@ateliervae.fr\u00a0 \u00a0 \u00a0 \u00a0 \u00a0 <\/strong><\/span>\ud83c\udf10 Site : <a class=\"decorated-link\" href=\"https:\/\/ateliervae.fr\/\" target=\"_new\" rel=\"noopener\" data-start=\"2707\" data-end=\"2729\">https:\/\/ateliervae.fr\/<\/a><\/p>\t\t\t\t\t\t\t\t<\/div>\n\t\t\t\t\t<\/div>\n\t\t\t\t<\/div>\n\t\t\t\t<\/div>\n\t\t\t\t<\/div>\n\t\t","protected":false},"excerpt":{"rendered":"<p>Atelier VAE 1. Informations sur l\u2019\u00e9diteur du site Le site Atelier VAE est \u00e9dit\u00e9 par : Nom de l\u2019entreprise :<\/p>\n","protected":false},"author":1,"featured_media":28846,"parent":0,"menu_order":0,"comment_status":"closed","ping_status":"closed","template":"elementor_header_footer","meta":{"footnotes":""},"class_list":["post-28926","page","type-page","status-publish","has-post-thumbnail","hentry"],"yoast_head":"<!-- This site is optimized with the Yoast SEO plugin v27.5 - https:\/\/yoast.com\/product\/yoast-seo-wordpress\/ -->\n<title>Mentions l\u00e9gales - ateliervae.fr<\/title>\n<meta name=\"robots\" content=\"index, follow, max-snippet:-1, max-image-preview:large, max-video-preview:-1\" \/>\n<link rel=\"canonical\" href=\"https:\/\/ateliervae.fr\/?page_id=28926\" \/>\n<meta property=\"og:locale\" content=\"fr_FR\" \/>\n<meta property=\"og:type\" content=\"article\" \/>\n<meta property=\"og:title\" content=\"Mentions l\u00e9gales - ateliervae.fr\" \/>\n<meta property=\"og:description\" content=\"Atelier VAE 1. Informations sur l\u2019\u00e9diteur du site Le site Atelier VAE est \u00e9dit\u00e9 par : Nom de l\u2019entreprise :\" \/>\n<meta property=\"og:url\" content=\"https:\/\/ateliervae.fr\/?page_id=28926\" \/>\n<meta property=\"og:site_name\" content=\"ateliervae.fr\" \/>\n<meta property=\"article:modified_time\" content=\"2026-05-07T09:24:23+00:00\" \/>\n<meta property=\"og:image\" content=\"https:\/\/ateliervae.fr\/wp-content\/uploads\/2026\/05\/ChatGPT-Image-6-avr.-2026-12_05_48.png\" \/>\n\t<meta property=\"og:image:width\" content=\"1536\" \/>\n\t<meta property=\"og:image:height\" content=\"1024\" \/>\n\t<meta property=\"og:image:type\" content=\"image\/png\" \/>\n<meta name=\"twitter:card\" content=\"summary_large_image\" \/>\n<meta name=\"twitter:label1\" content=\"Dur\u00e9e de lecture estim\u00e9e\" \/>\n\t<meta name=\"twitter:data1\" content=\"2 minutes\" \/>\n<script type=\"application\/ld+json\" class=\"yoast-schema-graph\">{\"@context\":\"https:\\\/\\\/schema.org\",\"@graph\":[{\"@type\":\"WebPage\",\"@id\":\"https:\\\/\\\/ateliervae.fr\\\/?page_id=28926\",\"url\":\"https:\\\/\\\/ateliervae.fr\\\/?page_id=28926\",\"name\":\"Mentions l\u00e9gales - ateliervae.fr\",\"isPartOf\":{\"@id\":\"https:\\\/\\\/ateliervae.fr\\\/#website\"},\"primaryImageOfPage\":{\"@id\":\"https:\\\/\\\/ateliervae.fr\\\/?page_id=28926#primaryimage\"},\"image\":{\"@id\":\"https:\\\/\\\/ateliervae.fr\\\/?page_id=28926#primaryimage\"},\"thumbnailUrl\":\"https:\\\/\\\/ateliervae.fr\\\/wp-content\\\/uploads\\\/2026\\\/05\\\/ChatGPT-Image-6-avr.-2026-12_05_48.png\",\"datePublished\":\"2026-05-07T09:04:11+00:00\",\"dateModified\":\"2026-05-07T09:24:23+00:00\",\"breadcrumb\":{\"@id\":\"https:\\\/\\\/ateliervae.fr\\\/?page_id=28926#breadcrumb\"},\"inLanguage\":\"fr-FR\",\"potentialAction\":[{\"@type\":\"ReadAction\",\"target\":[\"https:\\\/\\\/ateliervae.fr\\\/?page_id=28926\"]}]},{\"@type\":\"ImageObject\",\"inLanguage\":\"fr-FR\",\"@id\":\"https:\\\/\\\/ateliervae.fr\\\/?page_id=28926#primaryimage\",\"url\":\"https:\\\/\\\/ateliervae.fr\\\/wp-content\\\/uploads\\\/2026\\\/05\\\/ChatGPT-Image-6-avr.-2026-12_05_48.png\",\"contentUrl\":\"https:\\\/\\\/ateliervae.fr\\\/wp-content\\\/uploads\\\/2026\\\/05\\\/ChatGPT-Image-6-avr.-2026-12_05_48.png\",\"width\":1536,\"height\":1024,\"caption\":\"boutique v\u00e9lo \u00e9lectrique France contact\"},{\"@type\":\"BreadcrumbList\",\"@id\":\"https:\\\/\\\/ateliervae.fr\\\/?page_id=28926#breadcrumb\",\"itemListElement\":[{\"@type\":\"ListItem\",\"position\":1,\"name\":\"Home\",\"item\":\"https:\\\/\\\/ateliervae.fr\\\/\"},{\"@type\":\"ListItem\",\"position\":2,\"name\":\"Mentions l\u00e9gales\"}]},{\"@type\":\"WebSite\",\"@id\":\"https:\\\/\\\/ateliervae.fr\\\/#website\",\"url\":\"https:\\\/\\\/ateliervae.fr\\\/\",\"name\":\"ateliervae.fr\",\"description\":\"L\u2019\u00e9nergie au c\u0153ur de vos trajets\",\"publisher\":{\"@id\":\"https:\\\/\\\/ateliervae.fr\\\/#organization\"},\"potentialAction\":[{\"@type\":\"SearchAction\",\"target\":{\"@type\":\"EntryPoint\",\"urlTemplate\":\"https:\\\/\\\/ateliervae.fr\\\/?s={search_term_string}\"},\"query-input\":{\"@type\":\"PropertyValueSpecification\",\"valueRequired\":true,\"valueName\":\"search_term_string\"}}],\"inLanguage\":\"fr-FR\"},{\"@type\":\"Organization\",\"@id\":\"https:\\\/\\\/ateliervae.fr\\\/#organization\",\"name\":\"ateliervae.fr\",\"url\":\"https:\\\/\\\/ateliervae.fr\\\/\",\"logo\":{\"@type\":\"ImageObject\",\"inLanguage\":\"fr-FR\",\"@id\":\"https:\\\/\\\/ateliervae.fr\\\/#\\\/schema\\\/logo\\\/image\\\/\",\"url\":\"https:\\\/\\\/ateliervae.fr\\\/wp-content\\\/uploads\\\/2026\\\/04\\\/ChatGPT-Image-6-avr.-2026-11_58_22.png\",\"contentUrl\":\"https:\\\/\\\/ateliervae.fr\\\/wp-content\\\/uploads\\\/2026\\\/04\\\/ChatGPT-Image-6-avr.-2026-11_58_22.png\",\"width\":1536,\"height\":1024,\"caption\":\"ateliervae.fr\"},\"image\":{\"@id\":\"https:\\\/\\\/ateliervae.fr\\\/#\\\/schema\\\/logo\\\/image\\\/\"}}]}<\/script>\n<!-- \/ Yoast SEO plugin. -->","yoast_head_json":{"title":"Mentions l\u00e9gales - ateliervae.fr","robots":{"index":"index","follow":"follow","max-snippet":"max-snippet:-1","max-image-preview":"max-image-preview:large","max-video-preview":"max-video-preview:-1"},"canonical":"https:\/\/ateliervae.fr\/?page_id=28926","og_locale":"fr_FR","og_type":"article","og_title":"Mentions l\u00e9gales - ateliervae.fr","og_description":"Atelier VAE 1. Informations sur l\u2019\u00e9diteur du site Le site Atelier VAE est \u00e9dit\u00e9 par : Nom de l\u2019entreprise :","og_url":"https:\/\/ateliervae.fr\/?page_id=28926","og_site_name":"ateliervae.fr","article_modified_time":"2026-05-07T09:24:23+00:00","og_image":[{"width":1536,"height":1024,"url":"https:\/\/ateliervae.fr\/wp-content\/uploads\/2026\/05\/ChatGPT-Image-6-avr.-2026-12_05_48.png","type":"image\/png"}],"twitter_card":"summary_large_image","twitter_misc":{"Dur\u00e9e de lecture estim\u00e9e":"2 minutes"},"schema":{"@context":"https:\/\/schema.org","@graph":[{"@type":"WebPage","@id":"https:\/\/ateliervae.fr\/?page_id=28926","url":"https:\/\/ateliervae.fr\/?page_id=28926","name":"Mentions l\u00e9gales - ateliervae.fr","isPartOf":{"@id":"https:\/\/ateliervae.fr\/#website"},"primaryImageOfPage":{"@id":"https:\/\/ateliervae.fr\/?page_id=28926#primaryimage"},"image":{"@id":"https:\/\/ateliervae.fr\/?page_id=28926#primaryimage"},"thumbnailUrl":"https:\/\/ateliervae.fr\/wp-content\/uploads\/2026\/05\/ChatGPT-Image-6-avr.-2026-12_05_48.png","datePublished":"2026-05-07T09:04:11+00:00","dateModified":"2026-05-07T09:24:23+00:00","breadcrumb":{"@id":"https:\/\/ateliervae.fr\/?page_id=28926#breadcrumb"},"inLanguage":"fr-FR","potentialAction":[{"@type":"ReadAction","target":["https:\/\/ateliervae.fr\/?page_id=28926"]}]},{"@type":"ImageObject","inLanguage":"fr-FR","@id":"https:\/\/ateliervae.fr\/?page_id=28926#primaryimage","url":"https:\/\/ateliervae.fr\/wp-content\/uploads\/2026\/05\/ChatGPT-Image-6-avr.-2026-12_05_48.png","contentUrl":"https:\/\/ateliervae.fr\/wp-content\/uploads\/2026\/05\/ChatGPT-Image-6-avr.-2026-12_05_48.png","width":1536,"height":1024,"caption":"boutique v\u00e9lo \u00e9lectrique France contact"},{"@type":"BreadcrumbList","@id":"https:\/\/ateliervae.fr\/?page_id=28926#breadcrumb","itemListElement":[{"@type":"ListItem","position":1,"name":"Home","item":"https:\/\/ateliervae.fr\/"},{"@type":"ListItem","position":2,"name":"Mentions l\u00e9gales"}]},{"@type":"WebSite","@id":"https:\/\/ateliervae.fr\/#website","url":"https:\/\/ateliervae.fr\/","name":"ateliervae.fr","description":"L\u2019\u00e9nergie au c\u0153ur de vos trajets","publisher":{"@id":"https:\/\/ateliervae.fr\/#organization"},"potentialAction":[{"@type":"SearchAction","target":{"@type":"EntryPoint","urlTemplate":"https:\/\/ateliervae.fr\/?s={search_term_string}"},"query-input":{"@type":"PropertyValueSpecification","valueRequired":true,"valueName":"search_term_string"}}],"inLanguage":"fr-FR"},{"@type":"Organization","@id":"https:\/\/ateliervae.fr\/#organization","name":"ateliervae.fr","url":"https:\/\/ateliervae.fr\/","logo":{"@type":"ImageObject","inLanguage":"fr-FR","@id":"https:\/\/ateliervae.fr\/#\/schema\/logo\/image\/","url":"https:\/\/ateliervae.fr\/wp-content\/uploads\/2026\/04\/ChatGPT-Image-6-avr.-2026-11_58_22.png","contentUrl":"https:\/\/ateliervae.fr\/wp-content\/uploads\/2026\/04\/ChatGPT-Image-6-avr.-2026-11_58_22.png","width":1536,"height":1024,"caption":"ateliervae.fr"},"image":{"@id":"https:\/\/ateliervae.fr\/#\/schema\/logo\/image\/"}}]}},"_links":{"self":[{"href":"https:\/\/ateliervae.fr\/index.php?rest_route=\/wp\/v2\/pages\/28926","targetHints":{"allow":["GET"]}}],"collection":[{"href":"https:\/\/ateliervae.fr\/index.php?rest_route=\/wp\/v2\/pages"}],"about":[{"href":"https:\/\/ateliervae.fr\/index.php?rest_route=\/wp\/v2\/types\/page"}],"author":[{"embeddable":true,"href":"https:\/\/ateliervae.fr\/index.php?rest_route=\/wp\/v2\/users\/1"}],"replies":[{"embeddable":true,"href":"https:\/\/ateliervae.fr\/index.php?rest_route=%2Fwp%2Fv2%2Fcomments&post=28926"}],"version-history":[{"count":4,"href":"https:\/\/ateliervae.fr\/index.php?rest_route=\/wp\/v2\/pages\/28926\/revisions"}],"predecessor-version":[{"id":28933,"href":"https:\/\/ateliervae.fr\/index.php?rest_route=\/wp\/v2\/pages\/28926\/revisions\/28933"}],"wp:featuredmedia":[{"embeddable":true,"href":"https:\/\/ateliervae.fr\/index.php?rest_route=\/wp\/v2\/media\/28846"}],"wp:attachment":[{"href":"https:\/\/ateliervae.fr\/index.php?rest_route=%2Fwp%2Fv2%2Fmedia&parent=28926"}],"curies":[{"name":"wp","href":"https:\/\/api.w.org\/{rel}","templated":true}]}}